Back to Multiple platform build/check report for BioC 3.19: simplified long |
|
This page was generated on 2024-03-28 11:37:27 -0400 (Thu, 28 Mar 2024).
Hostname | OS | Arch (*) | R version | Installed pkgs |
---|---|---|---|---|
nebbiolo1 | Linux (Ubuntu 22.04.3 LTS) | x86_64 | R Under development (unstable) (2024-03-18 r86148) -- "Unsuffered Consequences" | 4708 |
palomino3 | Windows Server 2022 Datacenter | x64 | R Under development (unstable) (2024-03-16 r86144 ucrt) -- "Unsuffered Consequences" | 4446 |
lconway | macOS 12.7.1 Monterey | x86_64 | R Under development (unstable) (2024-03-18 r86148) -- "Unsuffered Consequences" | 4471 |
kunpeng2 | Linux (openEuler 22.03 LTS-SP1) | aarch64 | R Under development (unstable) (2024-03-19 r86153) -- "Unsuffered Consequences" | 4426 |
Click on any hostname to see more info about the system (e.g. compilers) (*) as reported by 'uname -p', except on Windows and Mac OS X |
Package 293/2270 | Hostname | OS / Arch | INSTALL | BUILD | CHECK | BUILD BIN | ||||||||
CellaRepertorium 1.13.0 (landing page) Andrew McDavid
| nebbiolo1 | Linux (Ubuntu 22.04.3 LTS) / x86_64 | OK | ERROR | skipped | |||||||||
palomino3 | Windows Server 2022 Datacenter / x64 | OK | ERROR | skipped | skipped | |||||||||
lconway | macOS 12.7.1 Monterey / x86_64 | OK | ERROR | skipped | skipped | |||||||||
kunpeng2 | Linux (openEuler 22.03 LTS-SP1) / aarch64 | OK | ERROR | skipped | ||||||||||
To the developers/maintainers of the CellaRepertorium package: - Allow up to 24 hours (and sometimes 48 hours) for your latest push to git@git.bioconductor.org:packages/CellaRepertorium.git to reflect on this report. See Troubleshooting Build Report for more information. - Use the following Renviron settings to reproduce errors and warnings. - If 'R CMD check' started to fail recently on the Linux builder(s) over a missing dependency, add the missing dependency to 'Suggests:' in your DESCRIPTION file. See Renviron.bioc for more information. |
Package: CellaRepertorium |
Version: 1.13.0 |
Command: chmod a+r CellaRepertorium -R && F:\biocbuild\bbs-3.19-bioc\R\bin\R.exe CMD build --keep-empty-dirs --no-resave-data CellaRepertorium |
StartedAt: 2024-03-27 17:59:46 -0400 (Wed, 27 Mar 2024) |
EndedAt: 2024-03-27 18:01:50 -0400 (Wed, 27 Mar 2024) |
EllapsedTime: 124.3 seconds |
RetCode: 1 |
Status: ERROR |
PackageFile: None |
PackageFileSize: NA |
############################################################################## ############################################################################## ### ### Running command: ### ### chmod a+r CellaRepertorium -R && F:\biocbuild\bbs-3.19-bioc\R\bin\R.exe CMD build --keep-empty-dirs --no-resave-data CellaRepertorium ### ############################################################################## ############################################################################## * checking for file 'CellaRepertorium/DESCRIPTION' ... OK * preparing 'CellaRepertorium': * checking DESCRIPTION meta-information ... OK * cleaning src * installing the package to process help pages * creating vignettes ... ERROR --- re-building 'cdr3_clustering.Rmd' using rmarkdown Quitting from lines 202-208 [unnamed-chunk-17] (cdr3_clustering.Rmd) Error: processing vignette 'cdr3_clustering.Rmd' failed with diagnostics: ℹ In index: 1. ℹ With name: TRA. Caused by error in `.make_numeric_version()`: ! invalid non-character version specification 'x' (type: double) --- failed re-building 'cdr3_clustering.Rmd' --- re-building 'cr-overview.Rmd' using rmarkdown --- finished re-building 'cr-overview.Rmd' --- re-building 'mouse_tcell_qc.Rmd' using rmarkdown --- finished re-building 'mouse_tcell_qc.Rmd' --- re-building 'repertoire_and_expression.Rmd' using rmarkdown --- finished re-building 'repertoire_and_expression.Rmd' SUMMARY: processing the following file failed: 'cdr3_clustering.Rmd' Error: Vignette re-building failed. Execution halted