Back to Multiple platform build/check report for BioC 3.19: simplified long |
|
This page was generated on 2024-04-29 11:40:42 -0400 (Mon, 29 Apr 2024).
Hostname | OS | Arch (*) | R version | Installed pkgs |
---|---|---|---|---|
nebbiolo1 | Linux (Ubuntu 22.04.3 LTS) | x86_64 | 4.4.0 beta (2024-04-15 r86425) -- "Puppy Cup" | 4752 |
palomino3 | Windows Server 2022 Datacenter | x64 | 4.4.0 beta (2024-04-15 r86425 ucrt) -- "Puppy Cup" | 4486 |
lconway | macOS 12.7.1 Monterey | x86_64 | 4.4.0 beta (2024-04-14 r86421) -- "Puppy Cup" | 4518 |
kunpeng2 | Linux (openEuler 22.03 LTS-SP1) | aarch64 | 4.4.0 beta (2024-04-15 r86425) -- "Puppy Cup" | 4475 |
Click on any hostname to see more info about the system (e.g. compilers) (*) as reported by 'uname -p', except on Windows and Mac OS X |
Package 478/2300 | Hostname | OS / Arch | INSTALL | BUILD | CHECK | BUILD BIN | ||||||||
CTexploreR 0.99.5 (landing page) Axelle Loriot
| nebbiolo1 | Linux (Ubuntu 22.04.3 LTS) / x86_64 | OK | OK | OK | |||||||||
palomino3 | Windows Server 2022 Datacenter / x64 | OK | OK | OK | OK | |||||||||
lconway | macOS 12.7.1 Monterey / x86_64 | OK | OK | OK | OK | |||||||||
kunpeng2 | Linux (openEuler 22.03 LTS-SP1) / aarch64 | OK | ERROR | skipped | ||||||||||
kjohnson3 | macOS 13.6.5 Ventura / arm64 | see weekly results here | ||||||||||||
To the developers/maintainers of the CTexploreR package: - Allow up to 24 hours (and sometimes 48 hours) for your latest push to git@git.bioconductor.org:packages/CTexploreR.git to reflect on this report. See Troubleshooting Build Report for more information. - Use the following Renviron settings to reproduce errors and warnings. - If 'R CMD check' started to fail recently on the Linux builder(s) over a missing dependency, add the missing dependency to 'Suggests:' in your DESCRIPTION file. See Renviron.bioc for more information. - See Martin Grigorov's blog post for how to debug Linux ARM64 related issues on a x86_64 host. |
Package: CTexploreR |
Version: 0.99.5 |
Command: /home/biocbuild/R/R-beta-2024-04-15_r86425/bin/R CMD build --keep-empty-dirs --no-resave-data CTexploreR |
StartedAt: 2024-04-28 21:47:07 -0000 (Sun, 28 Apr 2024) |
EndedAt: 2024-04-28 21:59:43 -0000 (Sun, 28 Apr 2024) |
EllapsedTime: 756.0 seconds |
RetCode: 1 |
Status: ERROR |
PackageFile: None |
PackageFileSize: NA |
############################################################################## ############################################################################## ### ### Running command: ### ### /home/biocbuild/R/R-beta-2024-04-15_r86425/bin/R CMD build --keep-empty-dirs --no-resave-data CTexploreR ### ############################################################################## ############################################################################## * checking for file ‘CTexploreR/DESCRIPTION’ ... OK * preparing ‘CTexploreR’: * checking DESCRIPTION meta-information ... OK * installing the package to build vignettes * creating vignettes ... ERROR --- re-building ‘CTexploreR.Rmd’ using rmarkdown Warning: ggrepel: 157 unlabeled data points (too many overlaps). Consider increasing max.overlaps Quitting from lines at lines 387-391 [unnamed-chunk-9] (CTexploreR.Rmd) Error: processing vignette 'CTexploreR.Rmd' failed with diagnostics: failed to load resource name: EH7852 title: TCGA_TPM reason: error in evaluating the argument 'x' in selecting a method for function 'get': error reading from connection --- failed re-building ‘CTexploreR.Rmd’ SUMMARY: processing the following file failed: ‘CTexploreR.Rmd’ Error: Vignette re-building failed. Execution halted