Back to Multiple platform build/check report for BioC 3.17
A[B]CDEFGHIJKLMNOPQRSTUVWXYZ

This page was generated on 2023-02-02 11:09:30 -0500 (Thu, 02 Feb 2023).

HostnameOSArch (*)R versionInstalled pkgs
nebbiolo1Linux (Ubuntu 22.04.1 LTS)x86_64R Under development (unstable) (2023-01-10 r83596) -- "Unsuffered Consequences" 4483
palomino3Windows Server 2022 Datacenterx64R Under development (unstable) (2023-01-10 r83596 ucrt) -- "Unsuffered Consequences" 4249
merida1macOS 10.14.6 Mojavex86_64R Under development (unstable) (2023-01-10 r83596) -- "Unsuffered Consequences" 4272
Click on any hostname to see more info about the system (e.g. compilers)      (*) as reported by 'uname -p', except on Windows and Mac OS X

CHECK results for BSgenome on merida1


To the developers/maintainers of the BSgenome package:
- Please allow up to 24 hours (and sometimes 48 hours) for your latest push to git@git.bioconductor.org:packages/BSgenome.git to
reflect on this report. See How and When does the builder pull? When will my changes propagate? for more information.
- Make sure to use the following settings in order to reproduce any error or warning you see on this page.

raw results

Package 225/2164HostnameOS / ArchINSTALLBUILDCHECKBUILD BIN
BSgenome 1.67.3  (landing page)
Hervé Pagès
Snapshot Date: 2023-02-01 14:00:21 -0500 (Wed, 01 Feb 2023)
git_url: https://git.bioconductor.org/packages/BSgenome
git_branch: master
git_last_commit: 7a41173
git_last_commit_date: 2023-01-17 17:11:39 -0500 (Tue, 17 Jan 2023)
nebbiolo1Linux (Ubuntu 22.04.1 LTS) / x86_64  OK    OK    WARNINGS  UNNEEDED, same version is already published
palomino3Windows Server 2022 Datacenter / x64  OK    OK    WARNINGS    OK  UNNEEDED, same version is already published
merida1macOS 10.14.6 Mojave / x86_64  OK    OK    WARNINGS    OK  UNNEEDED, same version is already published

Summary

Package: BSgenome
Version: 1.67.3
Command: /Library/Frameworks/R.framework/Resources/bin/R CMD check --install=check:BSgenome.install-out.txt --library=/Library/Frameworks/R.framework/Resources/library --no-vignettes --timings BSgenome_1.67.3.tar.gz
StartedAt: 2023-02-01 23:06:14 -0500 (Wed, 01 Feb 2023)
EndedAt: 2023-02-01 23:19:28 -0500 (Wed, 01 Feb 2023)
EllapsedTime: 793.4 seconds
RetCode: 0
Status:   WARNINGS  
CheckDir: BSgenome.Rcheck
Warnings: 3

Command output

##############################################################################
##############################################################################
###
### Running command:
###
###   /Library/Frameworks/R.framework/Resources/bin/R CMD check --install=check:BSgenome.install-out.txt --library=/Library/Frameworks/R.framework/Resources/library --no-vignettes --timings BSgenome_1.67.3.tar.gz
###
##############################################################################
##############################################################################


* using log directory ‘/Users/biocbuild/bbs-3.17-bioc/meat/BSgenome.Rcheck’
* using R Under development (unstable) (2023-01-10 r83596)
* using platform: x86_64-apple-darwin17.0 (64-bit)
* R was compiled by
    Apple clang version 12.0.0 (clang-1200.0.32.29)
    GNU Fortran (GCC) 8.2.0
* running under: macOS Mojave 10.14.6
* using session charset: UTF-8
* using option ‘--no-vignettes’
* checking for file ‘BSgenome/DESCRIPTION’ ... OK
* this is package ‘BSgenome’ version ‘1.67.3’
* package encoding: UTF-8
* checking package namespace information ... OK
* checking package dependencies ... NOTE
Depends: includes the non-default packages:
  'BiocGenerics', 'S4Vectors', 'IRanges', 'GenomeInfoDb',
  'GenomicRanges', 'Biostrings', 'rtracklayer'
Adding so many packages to the search path is excessive and importing
selectively is preferable.
* checking if this is a source package ... OK
* checking if there is a namespace ... OK
* checking for hidden files and directories ... OK
* checking for portable file names ... NOTE
Found the following non-portable file path:
  BSgenome/inst/extdata/GentlemanLab/BSgenome.Gmellonella.NCBI.ASM364042v2-tools/fasta_to_sorted_2bit.R

Tarballs are only required to store paths of up to 100 bytes and cannot
store those of more than 256 bytes, with restrictions including to 100
bytes for the final component.
See section ‘Package structure’ in the ‘Writing R Extensions’ manual.
* checking for sufficient/correct file permissions ... OK
* checking whether package ‘BSgenome’ can be installed ... OK
* checking installed package size ... NOTE
  installed size is  7.8Mb
  sub-directories of 1Mb or more:
    R         1.7Mb
    extdata   5.9Mb
* checking package directory ... OK
* checking ‘build’ directory ... OK
* checking DESCRIPTION meta-information ... NOTE
Packages listed in more than one of Depends, Imports, Suggests, Enhances:
  ‘methods’ ‘BiocGenerics’ ‘S4Vectors’ ‘IRanges’ ‘GenomeInfoDb’ ‘GenomicRanges’ ‘Biostrings’ ‘rtracklayer’
A package should be listed in only one of these fields.
* checking top-level files ... OK
* checking for left-over files ... OK
* checking index information ... OK
* checking package subdirectories ... NOTE
Found the following CITATION file in a non-standard place:
  inst/extdata/GentlemanLab/BSgenome.Creinhardtii.JGI.v5.6-tools/CITATION
Most likely ‘inst/CITATION’ should be used instead.
* checking R files for non-ASCII characters ... OK
* checking R files for syntax errors ... OK
* checking whether the package can be loaded ... OK
* checking whether the package can be loaded with stated dependencies ... OK
* checking whether the package can be unloaded cleanly ... OK
* checking whether the namespace can be loaded with stated dependencies ... OK
* checking whether the namespace can be unloaded cleanly ... OK
* checking dependencies in R code ... NOTE
':::' calls which should be '::':
  ‘S4Vectors:::makeClassinfoRowForCompactPrinting’
  ‘S4Vectors:::makePrettyMatrixForCompactPrinting’
  See the note in ?`:::` about the use of this operator.
Unexported objects imported by ':::' calls:
  ‘Biostrings:::toSeqSnippet’ ‘rtracklayer:::.DNAString_to_twoBit’
  ‘rtracklayer:::.TwoBits_export’ ‘rtracklayer:::checkArgFormat’
  ‘rtracklayer:::twoBitPath’
  See the note in ?`:::` about the use of this operator.
* checking S3 generic/method consistency ... OK
* checking replacement functions ... OK
* checking foreign function calls ... OK
* checking R code for possible problems ... OK
* checking Rd files ... WARNING
checkRd: (5) BSgenomeViews-class.Rd:155-161: \item in \describe must have non-empty label
checkRd: (5) BSgenomeViews-class.Rd:162-165: \item in \describe must have non-empty label
checkRd: (5) BSgenomeViews-class.Rd:172-176: \item in \describe must have non-empty label
checkRd: (5) BSgenomeViews-class.Rd:177-181: \item in \describe must have non-empty label
checkRd: (5) BSgenomeViews-class.Rd:182-184: \item in \describe must have non-empty label
checkRd: (5) BSgenomeViews-class.Rd:185-187: \item in \describe must have non-empty label
checkRd: (5) BSgenomeViews-class.Rd:188-193: \item in \describe must have non-empty label
checkRd: (5) BSgenomeViews-class.Rd:194-197: \item in \describe must have non-empty label
checkRd: (5) BSgenomeViews-class.Rd:198-200: \item in \describe must have non-empty label
checkRd: (5) BSgenomeViews-class.Rd:201-206: \item in \describe must have non-empty label
checkRd: (5) BSgenomeViews-class.Rd:213-218: \item in \describe must have non-empty label
checkRd: (5) BSgenomeViews-class.Rd:219-222: \item in \describe must have non-empty label
checkRd: (5) BSgenomeViews-class.Rd:223-225: \item in \describe must have non-empty label
checkRd: (5) BSgenomeViews-class.Rd:231-233: \item in \describe must have non-empty label
checkRd: (5) BSgenomeViews-class.Rd:234-236: \item in \describe must have non-empty label
* checking Rd metadata ... OK
* checking Rd cross-references ... WARNING
Missing link or links in documentation object 'export-methods.Rd':
  ‘[rtracklayer]{export}’

See section 'Cross-references' in the 'Writing R Extensions' manual.
* checking for missing documentation entries ... WARNING
Undocumented code objects:
  ‘MaskedBSgenome’ ‘OnDiskLongTable’ ‘OnDiskLongTable_old’
  ‘as.data.frame.BSgenomeViews’ ‘batchsizes’ ‘blocksizes’ ‘breakpoints’
  ‘forgeMaskedBSgenomeDataPkg’
  ‘getBatchesByOverlapsFromOnDiskLongTable’
  ‘getBatchesBySeqnameFromOnDiskLongTable’
  ‘getBatchesFromOnDiskLongTable’ ‘getBatchesFromOnDiskLongTable_old’
  ‘getRowsByIdFromOnDiskLongTable’
  ‘getRowsByIndexFromOnDiskLongTable_old’ ‘getRowsFromOnDiskLongTable’
  ‘saveAsOnDiskLongTable_old’ ‘saveRowidsForOnDiskLongTable_old’
  ‘spatialIndex’ ‘writeOnDiskLongTable’ ‘writeOnDiskLongTableRowids’
Undocumented S4 classes:
  ‘OnDiskLongTable_old’ ‘GRanges_OR_NULL’ ‘MaskedBSgenome’
  ‘OnDiskLongTable’
Undocumented S4 methods:
  generic '[' and siglist 'XStringSet,GRangesList,ANY,ANY'
  generic '[' and siglist 'XStringSet,GenomicRanges,ANY,ANY'
  generic '[[' and siglist 'BSgenome,ANY,ANY'
  generic 'batchsizes' and siglist 'OnDiskLongTable'
  generic 'blocksizes' and siglist 'OnDiskLongTable_old'
  generic 'breakpoints' and siglist 'OnDiskLongTable'
  generic 'breakpoints' and siglist 'OnDiskLongTable_old'
  generic 'coerce' and siglist 'RdsCollection,RdsNamedSequences'
  generic 'dim' and siglist 'OnDiskLongTable'
  generic 'dim' and siglist 'OnDiskLongTable_old'
  generic 'dimnames' and siglist 'OnDiskLongTable'
  generic 'dimnames' and siglist 'OnDiskLongTable_old'
  generic 'dimnames' and siglist 'XtraSNPlocs'
  generic 'extractAt' and siglist 'BSgenome'
  generic 'forgeMaskedBSgenomeDataPkg' and siglist
    'MaskedBSgenomeDataPkgSeed'
  generic 'forgeMaskedBSgenomeDataPkg' and siglist 'character'
  generic 'forgeMaskedBSgenomeDataPkg' and siglist 'list'
  generic 'length' and siglist 'OnDiskNamedSequences'
  generic 'names' and siglist 'FastaNamedSequences'
  generic 'names' and siglist 'TwobitNamedSequences'
  generic 'seqinfo' and siglist 'FastaNamedSequences'
  generic 'seqinfo' and siglist 'RdaNamedSequences'
  generic 'seqinfo' and siglist 'RdsNamedSequences'
  generic 'seqinfo' and siglist 'TwobitNamedSequences'
  generic 'seqnames' and siglist 'OnDiskNamedSequences'
  generic 'show' and siglist 'OnDiskLongTable'
  generic 'show' and siglist 'OnDiskLongTable_old'
  generic 'show' and siglist 'OnDiskNamedSequences'
  generic 'spatialIndex' and siglist 'OnDiskLongTable'
All user-level objects in a package (including S4 classes and methods)
should have documentation entries.
See chapter ‘Writing R documentation files’ in the ‘Writing R
Extensions’ manual.
* checking for code/documentation mismatches ... OK
* checking Rd \usage sections ... OK
* checking Rd contents ... OK
* checking for unstated dependencies in examples ... OK
* checking sizes of PDF files under ‘inst/doc’ ... OK
* checking files in ‘vignettes’ ... OK
* checking examples ... OK
Examples with CPU (user + system) or elapsed time > 5s
                      user system elapsed
SNPlocs-class       84.746  3.773 116.156
BSgenomeViews-class 31.651  8.170  52.649
BSgenome-utils      30.287  0.465  39.851
BSgenome-class      16.860  0.683  22.916
XtraSNPlocs-class   11.869  0.520  17.511
injectSNPs           9.550  0.432  13.210
getSeq-methods       9.415  0.566  13.400
bsapply              8.713  0.441  12.468
export-methods       7.166  0.970  11.009
BSgenomeForge        6.806  0.127   8.951
* checking for unstated dependencies in vignettes ... OK
* checking package vignettes in ‘inst/doc’ ... OK
* checking running R code from vignettes ... SKIPPED
* checking re-building of vignette outputs ... SKIPPED
* checking PDF version of manual ... OK
* DONE

Status: 3 WARNINGs, 6 NOTEs
See
  ‘/Users/biocbuild/bbs-3.17-bioc/meat/BSgenome.Rcheck/00check.log’
for details.



Installation output

BSgenome.Rcheck/00install.out

##############################################################################
##############################################################################
###
### Running command:
###
###   /Library/Frameworks/R.framework/Resources/bin/R CMD INSTALL BSgenome
###
##############################################################################
##############################################################################


* installing to library ‘/Library/Frameworks/R.framework/Versions/4.3/Resources/library’
* installing *source* package ‘BSgenome’ ...
** using staged installation
** R
** inst
** byte-compile and prepare package for lazy loading
** help
*** installing help indices
** building package indices
** installing vignettes
** testing if installed package can be loaded from temporary location
** testing if installed package can be loaded from final location
** testing if installed package keeps a record of temporary installation path
* DONE (BSgenome)

Tests output


Example timings

BSgenome.Rcheck/BSgenome-Ex.timings

nameusersystemelapsed
BSgenome-class16.860 0.68322.916
BSgenome-utils30.287 0.46539.851
BSgenomeForge6.8060.1278.951
BSgenomeViews-class31.651 8.17052.649
SNPlocs-class 84.746 3.773116.156
XtraSNPlocs-class11.869 0.52017.511
available.genomes1.2790.1302.135
bsapply 8.713 0.44112.468
export-methods 7.166 0.97011.009
getSeq-methods 9.415 0.56613.400
injectSNPs 9.550 0.43213.210