Back to Multiple platform build/check report for BioC 3.17:   simplified   long
ABCDEFGHIJKLMNOPQ[R]STUVWXYZ

This page was generated on 2023-03-23 11:05:28 -0400 (Thu, 23 Mar 2023).

HostnameOSArch (*)R versionInstalled pkgs
nebbiolo1Linux (Ubuntu 22.04.1 LTS)x86_64R Under development (unstable) (2023-03-16 r83996) -- "Unsuffered Consequences" 4536
palomino3Windows Server 2022 Datacenterx64R Under development (unstable) (2023-03-15 r83984 ucrt) -- "Unsuffered Consequences" 4298
merida1macOS 10.14.6 Mojavex86_64R Under development (unstable) (2023-03-16 r83985) -- "Unsuffered Consequences" 4290
Click on any hostname to see more info about the system (e.g. compilers)      (*) as reported by 'uname -p', except on Windows and Mac OS X

CHECK results for rhdf5 on nebbiolo1


To the developers/maintainers of the rhdf5 package:
- Please allow up to 24 hours (and sometimes 48 hours) for your latest push to git@git.bioconductor.org:packages/rhdf5.git to
reflect on this report. See How and When does the builder pull? When will my changes propagate? for more information.
- Make sure to use the following settings in order to reproduce any error or warning you see on this page.

raw results

Package 1679/2189HostnameOS / ArchINSTALLBUILDCHECKBUILD BIN
rhdf5 2.43.1  (landing page)
Mike Smith
Snapshot Date: 2023-03-22 14:00:17 -0400 (Wed, 22 Mar 2023)
git_url: https://git.bioconductor.org/packages/rhdf5
git_branch: devel
git_last_commit: da93fe0
git_last_commit_date: 2022-12-01 08:15:09 -0400 (Thu, 01 Dec 2022)
nebbiolo1Linux (Ubuntu 22.04.1 LTS) / x86_64  OK    OK    WARNINGS  UNNEEDED, same version is already published
palomino3Windows Server 2022 Datacenter / x64  OK    OK    WARNINGS    OK  UNNEEDED, same version is already published
merida1macOS 10.14.6 Mojave / x86_64  OK    OK    WARNINGS    OK  UNNEEDED, same version is already published

Summary

Package: rhdf5
Version: 2.43.1
Command: /home/biocbuild/bbs-3.17-bioc/R/bin/R CMD check --install=check:rhdf5.install-out.txt --library=/home/biocbuild/bbs-3.17-bioc/R/site-library --timings rhdf5_2.43.1.tar.gz
StartedAt: 2023-03-22 23:36:45 -0400 (Wed, 22 Mar 2023)
EndedAt: 2023-03-22 23:50:13 -0400 (Wed, 22 Mar 2023)
EllapsedTime: 807.5 seconds
RetCode: 0
Status:   WARNINGS  
CheckDir: rhdf5.Rcheck
Warnings: 2

Command output

##############################################################################
##############################################################################
###
### Running command:
###
###   /home/biocbuild/bbs-3.17-bioc/R/bin/R CMD check --install=check:rhdf5.install-out.txt --library=/home/biocbuild/bbs-3.17-bioc/R/site-library --timings rhdf5_2.43.1.tar.gz
###
##############################################################################
##############################################################################


* using log directory ‘/home/biocbuild/bbs-3.17-bioc/meat/rhdf5.Rcheck’
* using R Under development (unstable) (2023-03-16 r83996)
* using platform: x86_64-pc-linux-gnu (64-bit)
* R was compiled by
    gcc (Ubuntu 11.3.0-1ubuntu1~22.04) 11.3.0
    GNU Fortran (Ubuntu 11.3.0-1ubuntu1~22.04) 11.3.0
* running under: Ubuntu 22.04.2 LTS
* using session charset: UTF-8
* checking for file ‘rhdf5/DESCRIPTION’ ... OK
* checking extension type ... Package
* this is package ‘rhdf5’ version ‘2.43.1’
* package encoding: UTF-8
* checking package namespace information ... OK
* checking package dependencies ... OK
* checking if this is a source package ... OK
* checking if there is a namespace ... OK
* checking for hidden files and directories ... OK
* checking for portable file names ... OK
* checking for sufficient/correct file permissions ... OK
* checking whether package ‘rhdf5’ can be installed ... OK
* used C compiler: ‘gcc (Ubuntu 11.3.0-1ubuntu1~22.04) 11.3.0’
* used C++ compiler: ‘g++ (Ubuntu 11.3.0-1ubuntu1~22.04) 11.3.0’
* checking installed package size ... NOTE
  installed size is  8.5Mb
  sub-directories of 1Mb or more:
    libs   7.6Mb
* checking package directory ... OK
* checking ‘build’ directory ... OK
* checking DESCRIPTION meta-information ... OK
* checking top-level files ... OK
* checking for left-over files ... OK
* checking index information ... OK
* checking package subdirectories ... OK
* checking R files for non-ASCII characters ... OK
* checking R files for syntax errors ... OK
* checking whether the package can be loaded ... OK
* checking whether the package can be loaded with stated dependencies ... OK
* checking whether the package can be unloaded cleanly ... OK
* checking whether the namespace can be loaded with stated dependencies ... OK
* checking whether the namespace can be unloaded cleanly ... OK
* checking loading without being on the library search path ... OK
* checking startup messages can be suppressed ... OK
* checking dependencies in R code ... OK
* checking S3 generic/method consistency ... OK
* checking replacement functions ... OK
* checking foreign function calls ... OK
* checking R code for possible problems ... OK
* checking Rd files ... OK
* checking Rd metadata ... OK
* checking Rd cross-references ... OK
* checking for missing documentation entries ... OK
* checking for code/documentation mismatches ... OK
* checking Rd \usage sections ... WARNING
Undocumented arguments in documentation object 'H5Dwrite'
  ‘h5type’

Functions with \usage entries need to have the appropriate \alias
entries, and all their arguments documented.
The \usage entries must correspond to syntactically valid R code.
See chapter ‘Writing R documentation files’ in the ‘Writing R
Extensions’ manual.
* checking Rd contents ... OK
* checking for unstated dependencies in examples ... OK
* checking line endings in shell scripts ... OK
* checking line endings in C/C++/Fortran sources/headers ... OK
* checking line endings in Makefiles ... OK
* checking compilation flags in Makevars ... OK
* checking for GNU extensions in Makefiles ... NOTE
GNU make is a SystemRequirements.
* checking for portable use of $(BLAS_LIBS) and $(LAPACK_LIBS) ... OK
* checking use of PKG_*FLAGS in Makefiles ... OK
* checking compiled code ... WARNING
Note: information on .o files is not available
File ‘/home/biocbuild/bbs-3.17-bioc/R/site-library/rhdf5/libs/rhdf5.so’:
  Found ‘__sprintf_chk’, possibly from ‘sprintf’ (C)
  Found ‘abort’, possibly from ‘abort’ (C)
  Found ‘rand_r’, possibly from ‘rand_r’ (C)
  Found ‘stderr’, possibly from ‘stderr’ (C)
  Found ‘stdout’, possibly from ‘stdout’ (C)

Compiled code should not call entry points which might terminate R nor
write to stdout/stderr instead of to the console, nor use Fortran I/O
nor system RNGs nor [v]sprintf. The detected symbols are linked into
the code but might come from libraries and not actually be called.

See ‘Writing portable packages’ in the ‘Writing R Extensions’ manual.
* checking files in ‘vignettes’ ... OK
* checking examples ... OK
* checking for unstated dependencies in ‘tests’ ... OK
* checking tests ...
  Running ‘testthat.R’
 OK
* checking for unstated dependencies in vignettes ... OK
* checking package vignettes in ‘inst/doc’ ... OK
* checking running R code from vignettes ...
  ‘practical_tips.Rmd’ using ‘UTF-8’... OK
  ‘rhdf5.Rmd’ using ‘UTF-8’... OK
  ‘rhdf5_cloud_reading.Rmd’ using ‘UTF-8’... OK
 NONE
* checking re-building of vignette outputs ... OK
* checking PDF version of manual ... OK
* DONE

Status: 2 WARNINGs, 2 NOTEs
See
  ‘/home/biocbuild/bbs-3.17-bioc/meat/rhdf5.Rcheck/00check.log’
for details.



Installation output

rhdf5.Rcheck/00install.out

##############################################################################
##############################################################################
###
### Running command:
###
###   /home/biocbuild/bbs-3.17-bioc/R/bin/R CMD INSTALL rhdf5
###
##############################################################################
##############################################################################


* installing to library ‘/home/biocbuild/bbs-3.17-bioc/R/site-library’
* installing *source* package ‘rhdf5’ ...
** using staged installation
configure: creating ./config.status
config.status: creating src/external_filters.h
** libs
using C compiler: ‘gcc (Ubuntu 11.3.0-1ubuntu1~22.04) 11.3.0’
using C++ compiler: ‘g++ (Ubuntu 11.3.0-1ubuntu1~22.04) 11.3.0’
gcc -I"/home/biocbuild/bbs-3.17-bioc/R/include" -DNDEBUG  -I'/home/biocbuild/bbs-3.17-bioc/R/site-library/Rhdf5lib/include' -I/usr/local/include    -fpic  -g -O2  -Wall -c H5.c -o H5.o
gcc -I"/home/biocbuild/bbs-3.17-bioc/R/include" -DNDEBUG  -I'/home/biocbuild/bbs-3.17-bioc/R/site-library/Rhdf5lib/include' -I/usr/local/include    -fpic  -g -O2  -Wall -c H5A.c -o H5A.o
gcc -I"/home/biocbuild/bbs-3.17-bioc/R/include" -DNDEBUG  -I'/home/biocbuild/bbs-3.17-bioc/R/site-library/Rhdf5lib/include' -I/usr/local/include    -fpic  -g -O2  -Wall -c H5D.c -o H5D.o
gcc -I"/home/biocbuild/bbs-3.17-bioc/R/include" -DNDEBUG  -I'/home/biocbuild/bbs-3.17-bioc/R/site-library/Rhdf5lib/include' -I/usr/local/include    -fpic  -g -O2  -Wall -c H5E.c -o H5E.o
gcc -I"/home/biocbuild/bbs-3.17-bioc/R/include" -DNDEBUG  -I'/home/biocbuild/bbs-3.17-bioc/R/site-library/Rhdf5lib/include' -I/usr/local/include    -fpic  -g -O2  -Wall -c H5F.c -o H5F.o
gcc -I"/home/biocbuild/bbs-3.17-bioc/R/include" -DNDEBUG  -I'/home/biocbuild/bbs-3.17-bioc/R/site-library/Rhdf5lib/include' -I/usr/local/include    -fpic  -g -O2  -Wall -c H5G.c -o H5G.o
gcc -I"/home/biocbuild/bbs-3.17-bioc/R/include" -DNDEBUG  -I'/home/biocbuild/bbs-3.17-bioc/R/site-library/Rhdf5lib/include' -I/usr/local/include    -fpic  -g -O2  -Wall -c H5I.c -o H5I.o
gcc -I"/home/biocbuild/bbs-3.17-bioc/R/include" -DNDEBUG  -I'/home/biocbuild/bbs-3.17-bioc/R/site-library/Rhdf5lib/include' -I/usr/local/include    -fpic  -g -O2  -Wall -c H5L.c -o H5L.o
gcc -I"/home/biocbuild/bbs-3.17-bioc/R/include" -DNDEBUG  -I'/home/biocbuild/bbs-3.17-bioc/R/site-library/Rhdf5lib/include' -I/usr/local/include    -fpic  -g -O2  -Wall -c H5O.c -o H5O.o
gcc -I"/home/biocbuild/bbs-3.17-bioc/R/include" -DNDEBUG  -I'/home/biocbuild/bbs-3.17-bioc/R/site-library/Rhdf5lib/include' -I/usr/local/include    -fpic  -g -O2  -Wall -c H5P.c -o H5P.o
gcc -I"/home/biocbuild/bbs-3.17-bioc/R/include" -DNDEBUG  -I'/home/biocbuild/bbs-3.17-bioc/R/site-library/Rhdf5lib/include' -I/usr/local/include    -fpic  -g -O2  -Wall -c H5R.c -o H5R.o
gcc -I"/home/biocbuild/bbs-3.17-bioc/R/include" -DNDEBUG  -I'/home/biocbuild/bbs-3.17-bioc/R/site-library/Rhdf5lib/include' -I/usr/local/include    -fpic  -g -O2  -Wall -c H5S.c -o H5S.o
gcc -I"/home/biocbuild/bbs-3.17-bioc/R/include" -DNDEBUG  -I'/home/biocbuild/bbs-3.17-bioc/R/site-library/Rhdf5lib/include' -I/usr/local/include    -fpic  -g -O2  -Wall -c H5S_extras.c -o H5S_extras.o
gcc -I"/home/biocbuild/bbs-3.17-bioc/R/include" -DNDEBUG  -I'/home/biocbuild/bbs-3.17-bioc/R/site-library/Rhdf5lib/include' -I/usr/local/include    -fpic  -g -O2  -Wall -c H5T.c -o H5T.o
gcc -I"/home/biocbuild/bbs-3.17-bioc/R/include" -DNDEBUG  -I'/home/biocbuild/bbs-3.17-bioc/R/site-library/Rhdf5lib/include' -I/usr/local/include    -fpic  -g -O2  -Wall -c H5Z.c -o H5Z.o
gcc -I"/home/biocbuild/bbs-3.17-bioc/R/include" -DNDEBUG  -I'/home/biocbuild/bbs-3.17-bioc/R/site-library/Rhdf5lib/include' -I/usr/local/include    -fpic  -g -O2  -Wall -c H5constants.c -o H5constants.o
g++ -std=gnu++17 -I"/home/biocbuild/bbs-3.17-bioc/R/include" -DNDEBUG  -I'/home/biocbuild/bbs-3.17-bioc/R/site-library/Rhdf5lib/include' -I/usr/local/include    -fpic  -g -O2  -Wall -c HandleList.cpp -o HandleList.o
gcc -I"/home/biocbuild/bbs-3.17-bioc/R/include" -DNDEBUG  -I'/home/biocbuild/bbs-3.17-bioc/R/site-library/Rhdf5lib/include' -I/usr/local/include    -fpic  -g -O2  -Wall -c HandleListWrap.c -o HandleListWrap.o
gcc -I"/home/biocbuild/bbs-3.17-bioc/R/include" -DNDEBUG  -I'/home/biocbuild/bbs-3.17-bioc/R/site-library/Rhdf5lib/include' -I/usr/local/include    -fpic  -g -O2  -Wall -c bit64conversion.c -o bit64conversion.o
gcc -I"/home/biocbuild/bbs-3.17-bioc/R/include" -DNDEBUG  -I'/home/biocbuild/bbs-3.17-bioc/R/site-library/Rhdf5lib/include' -I/usr/local/include    -fpic  -g -O2  -Wall -c external_filters.c -o external_filters.o
gcc -I"/home/biocbuild/bbs-3.17-bioc/R/include" -DNDEBUG  -I'/home/biocbuild/bbs-3.17-bioc/R/site-library/Rhdf5lib/include' -I/usr/local/include    -fpic  -g -O2  -Wall -c h5dump.c -o h5dump.o
gcc -I"/home/biocbuild/bbs-3.17-bioc/R/include" -DNDEBUG  -I'/home/biocbuild/bbs-3.17-bioc/R/site-library/Rhdf5lib/include' -I/usr/local/include    -fpic  -g -O2  -Wall -c h5ls.c -o h5ls.o
gcc -I"/home/biocbuild/bbs-3.17-bioc/R/include" -DNDEBUG  -I'/home/biocbuild/bbs-3.17-bioc/R/site-library/Rhdf5lib/include' -I/usr/local/include    -fpic  -g -O2  -Wall -c h5testLock.c -o h5testLock.o
gcc -I"/home/biocbuild/bbs-3.17-bioc/R/include" -DNDEBUG  -I'/home/biocbuild/bbs-3.17-bioc/R/site-library/Rhdf5lib/include' -I/usr/local/include    -fpic  -g -O2  -Wall -c h5writeDataFrame.c -o h5writeDataFrame.o
gcc -I"/home/biocbuild/bbs-3.17-bioc/R/include" -DNDEBUG  -I'/home/biocbuild/bbs-3.17-bioc/R/site-library/Rhdf5lib/include' -I/usr/local/include    -fpic  -g -O2  -Wall -c printdatatype.c -o printdatatype.o
gcc -I"/home/biocbuild/bbs-3.17-bioc/R/include" -DNDEBUG  -I'/home/biocbuild/bbs-3.17-bioc/R/site-library/Rhdf5lib/include' -I/usr/local/include    -fpic  -g -O2  -Wall -c utils.c -o utils.o
gcc -I"/home/biocbuild/bbs-3.17-bioc/R/include" -DNDEBUG  -I'/home/biocbuild/bbs-3.17-bioc/R/site-library/Rhdf5lib/include' -I/usr/local/include    -fpic  -g -O2  -Wall -c wrap.c -o wrap.o
g++ -std=gnu++17 -shared -L/home/biocbuild/bbs-3.17-bioc/R/lib -L/usr/local/lib -o rhdf5.so H5.o H5A.o H5D.o H5E.o H5F.o H5G.o H5I.o H5L.o H5O.o H5P.o H5R.o H5S.o H5S_extras.o H5T.o H5Z.o H5constants.o HandleList.o HandleListWrap.o bit64conversion.o external_filters.o h5dump.o h5ls.o h5testLock.o h5writeDataFrame.o printdatatype.o utils.o wrap.o /home/biocbuild/bbs-3.17-bioc/R/site-library/Rhdf5lib/lib/libhdf5.a -lcrypto -lcurl -lsz -laec -lz -ldl -lm -L/home/biocbuild/bbs-3.17-bioc/R/lib -lR
installing to /home/biocbuild/bbs-3.17-bioc/R/site-library/00LOCK-rhdf5/00new/rhdf5/libs
** R
** inst
** byte-compile and prepare package for lazy loading
** help
*** installing help indices
*** copying figures
** building package indices
** installing vignettes
** testing if installed package can be loaded from temporary location
** checking absolute paths in shared objects and dynamic libraries
** testing if installed package can be loaded from final location
** testing if installed package keeps a record of temporary installation path
* DONE (rhdf5)

Tests output

rhdf5.Rcheck/tests/testthat.Rout


R Under development (unstable) (2023-03-16 r83996) -- "Unsuffered Consequences"
Copyright (C) 2023 The R Foundation for Statistical Computing
Platform: x86_64-pc-linux-gnu (64-bit)

R is free software and comes with ABSOLUTELY NO WARRANTY.
You are welcome to redistribute it under certain conditions.
Type 'license()' or 'licence()' for distribution details.

R is a collaborative project with many contributors.
Type 'contributors()' for more information and
'citation()' on how to cite R or R packages in publications.

Type 'demo()' for some demos, 'help()' for on-line help, or
'help.start()' for an HTML browser interface to help.
Type 'q()' to quit R.

> library(testthat)
> library(rhdf5)
> 
> test_check("rhdf5")
[ FAIL 0 | WARN 0 | SKIP 2 | PASS 1023 ]

══ Skipped tests ═══════════════════════════════════════════════════════════════
• On CRAN (2)

[ FAIL 0 | WARN 0 | SKIP 2 | PASS 1023 ]
> 
> proc.time()
   user  system elapsed 
  6.643   2.248   8.884 

Example timings

rhdf5.Rcheck/rhdf5-Ex.timings

nameusersystemelapsed
H5Dopen0.0100.0040.015
H5Fget_name0.0090.0000.010
H5Gget_info0.0080.0010.008
H5Iget_type0.0020.0000.002
H5Iis_valid0.0020.0000.002
H5Lcreate_external0.0070.0000.007
H5Ldelete0.0050.0000.005
H5Lmove0.0210.0040.025
H5Ocopy0.0130.0000.013
H5Olink0.0050.0000.005
H5Oopen0.0090.0040.013
H5P_create_intermediate_group0.0010.0000.001
H5Pset_fapl_ros3000
H5R0.0160.0000.017
H5Scombine_hyperslab0.0000.0020.002
H5Scombine_select0.0020.0000.002
H5Sselect_hyperslab0.0010.0000.001
H5Sselect_index0.0010.0000.001
H5T_enum000
H5functions000
h5_FileLocking0.0010.0000.001
h5_createAttribute0.010.000.01
h5_createDataset0.1080.0000.111
h5_createFile0.0070.0030.010
h5_createGroup0.0060.0000.007
h5_dump0.0150.0000.015
h5_errorHandling0.0000.0000.001
h5_read0.0230.0080.031
h5_save0.0260.0030.030
h5_set_extent0.0100.0010.011
h5_write0.0180.0000.018
h5closeAll0.0070.0000.008
h5constants000
h5listObjects0.0040.0000.003
h5ls0.0160.0000.015
h5version0.0030.0000.002