Back to Multiple platform build/check report for BioC 3.17:   simplified   long
ABCDEF[G]HIJKLMNOPQRSTUVWXYZ

This page was generated on 2023-03-22 11:05:52 -0400 (Wed, 22 Mar 2023).

HostnameOSArch (*)R versionInstalled pkgs
nebbiolo1Linux (Ubuntu 22.04.1 LTS)x86_64R Under development (unstable) (2023-03-16 r83996) -- "Unsuffered Consequences" 4508
palomino3Windows Server 2022 Datacenterx64R Under development (unstable) (2023-03-15 r83984 ucrt) -- "Unsuffered Consequences" 4293
merida1macOS 10.14.6 Mojavex86_64R Under development (unstable) (2023-03-16 r83985) -- "Unsuffered Consequences" 4290
Click on any hostname to see more info about the system (e.g. compilers)      (*) as reported by 'uname -p', except on Windows and Mac OS X

CHECK results for genotypeeval on palomino3


To the developers/maintainers of the genotypeeval package:
- Please allow up to 24 hours (and sometimes 48 hours) for your latest push to git@git.bioconductor.org:packages/genotypeeval.git to
reflect on this report. See How and When does the builder pull? When will my changes propagate? for more information.
- Make sure to use the following settings in order to reproduce any error or warning you see on this page.

raw results

Package 800/2189HostnameOS / ArchINSTALLBUILDCHECKBUILD BIN
genotypeeval 1.31.1  (landing page)
Jennifer Tom
Snapshot Date: 2023-03-21 14:00:22 -0400 (Tue, 21 Mar 2023)
git_url: https://git.bioconductor.org/packages/genotypeeval
git_branch: master
git_last_commit: 579bec6
git_last_commit_date: 2023-02-08 10:31:28 -0400 (Wed, 08 Feb 2023)
nebbiolo1Linux (Ubuntu 22.04.1 LTS) / x86_64  OK    OK    ERROR  
palomino3Windows Server 2022 Datacenter / x64  OK    OK    ERROR    OK  
merida1macOS 10.14.6 Mojave / x86_64  OK    OK    ERROR    OK  

Summary

Package: genotypeeval
Version: 1.31.1
Command: F:\biocbuild\bbs-3.17-bioc\R\bin\R.exe CMD check --no-multiarch --install=check:genotypeeval.install-out.txt --library=F:\biocbuild\bbs-3.17-bioc\R\library --no-vignettes --timings genotypeeval_1.31.1.tar.gz
StartedAt: 2023-03-22 02:24:51 -0400 (Wed, 22 Mar 2023)
EndedAt: 2023-03-22 02:24:55 -0400 (Wed, 22 Mar 2023)
EllapsedTime: 4.0 seconds
RetCode: 1
Status:   ERROR  
CheckDir: genotypeeval.Rcheck
Warnings: NA

Command output

##############################################################################
##############################################################################
###
### Running command:
###
###   F:\biocbuild\bbs-3.17-bioc\R\bin\R.exe CMD check --no-multiarch --install=check:genotypeeval.install-out.txt --library=F:\biocbuild\bbs-3.17-bioc\R\library --no-vignettes --timings genotypeeval_1.31.1.tar.gz
###
##############################################################################
##############################################################################


* using log directory 'F:/biocbuild/bbs-3.17-bioc/meat/genotypeeval.Rcheck'
* using R Under development (unstable) (2023-03-15 r83984 ucrt)
* using platform: x86_64-w64-mingw32 (64-bit)
* R was compiled by
    gcc.exe (GCC) 12.2.0
    GNU Fortran (GCC) 12.2.0
* running under: Windows Server 2022 x64 (build 20348)
* using session charset: UTF-8
* using option '--no-vignettes'
* checking for file 'genotypeeval/DESCRIPTION' ... OK
* this is package 'genotypeeval' version '1.31.1'
* checking package namespace information ... OK
* checking package dependencies ... ERROR
Package suggested but not available: 'SNPlocs.Hsapiens.dbSNP141.GRCh38'

The suggested packages are required for a complete check.
Checking can be attempted without them by setting the environment
variable _R_CHECK_FORCE_SUGGESTS_ to a false value.

See section 'The DESCRIPTION file' in the 'Writing R Extensions'
manual.
* DONE

Status: 1 ERROR
See
  'F:/biocbuild/bbs-3.17-bioc/meat/genotypeeval.Rcheck/00check.log'
for details.


Installation output


Tests output


Example timings