Back to Multiple platform build/check report for BioC 3.17:   simplified   long
ABCDEFGHIJKLMN[O]PQRSTUVWXYZ

This page was generated on 2023-03-29 11:06:28 -0400 (Wed, 29 Mar 2023).

HostnameOSArch (*)R versionInstalled pkgs
nebbiolo1Linux (Ubuntu 22.04.1 LTS)x86_64R Under development (unstable) (2023-03-16 r83996) -- "Unsuffered Consequences" 4547
palomino3Windows Server 2022 Datacenterx64R Under development (unstable) (2023-03-15 r83984 ucrt) -- "Unsuffered Consequences" 4308
merida1macOS 10.14.6 Mojavex86_64R Under development (unstable) (2023-03-16 r83985) -- "Unsuffered Consequences" 4301
Click on any hostname to see more info about the system (e.g. compilers)      (*) as reported by 'uname -p', except on Windows and Mac OS X

BUILD results for ORFik on merida1


To the developers/maintainers of the ORFik package:
- Please allow up to 24 hours (and sometimes 48 hours) for your latest push to git@git.bioconductor.org:packages/ORFik.git to
reflect on this report. See How and When does the builder pull? When will my changes propagate? for more information.
- Make sure to use the following settings in order to reproduce any error or warning you see on this page.

raw results

Package 1427/2195HostnameOS / ArchINSTALLBUILDCHECKBUILD BIN
ORFik 1.19.8  (landing page)
Haakon Tjeldnes
Snapshot Date: 2023-03-28 14:00:22 -0400 (Tue, 28 Mar 2023)
git_url: https://git.bioconductor.org/packages/ORFik
git_branch: devel
git_last_commit: 7d13ceb
git_last_commit_date: 2023-03-23 10:21:25 -0400 (Thu, 23 Mar 2023)
nebbiolo1Linux (Ubuntu 22.04.1 LTS) / x86_64  OK    ERROR  skipped
palomino3Windows Server 2022 Datacenter / x64  OK    ERROR  skippedskipped
merida1macOS 10.14.6 Mojave / x86_64  OK    ERROR  skippedskipped

Summary

Package: ORFik
Version: 1.19.8
Command: /Library/Frameworks/R.framework/Resources/bin/R CMD build --keep-empty-dirs --no-resave-data ORFik
StartedAt: 2023-03-28 19:15:36 -0400 (Tue, 28 Mar 2023)
EndedAt: 2023-03-28 19:26:20 -0400 (Tue, 28 Mar 2023)
EllapsedTime: 644.1 seconds
RetCode: 1
Status:   ERROR  
PackageFile: None
PackageFileSize: NA

Command output

##############################################################################
##############################################################################
###
### Running command:
###
###   /Library/Frameworks/R.framework/Resources/bin/R CMD build --keep-empty-dirs --no-resave-data ORFik
###
##############################################################################
##############################################################################


* checking for file ‘ORFik/DESCRIPTION’ ... OK
* preparing ‘ORFik’:
* checking DESCRIPTION meta-information ... OK
* cleaning src
* installing the package to build vignettes
* creating vignettes ... ERROR
--- re-building ‘Annotation_Alignment.Rmd’ using rmarkdown
--- finished re-building ‘Annotation_Alignment.Rmd’

--- re-building ‘Importing_Data.Rmd’ using rmarkdown
Quitting from lines 244-245 (Importing_Data.Rmd) 
Error: processing vignette 'Importing_Data.Rmd' failed with diagnostics:
No transcript has leaders and trailers of specified minFiveUTR minCDS, minThreeUTR, create pseudo-UTRs, see annotation vignette!
--- failed re-building ‘Importing_Data.Rmd’

--- re-building ‘ORFikExperiment.Rmd’ using rmarkdown
--- finished re-building ‘ORFikExperiment.Rmd’

--- re-building ‘ORFikOverview.Rmd’ using rmarkdown
--- finished re-building ‘ORFikOverview.Rmd’

--- re-building ‘Ribo-seq_pipeline.Rmd’ using rmarkdown
--- finished re-building ‘Ribo-seq_pipeline.Rmd’

--- re-building ‘Working_with_transcripts.Rmd’ using rmarkdown
Quitting from lines 123-128 (Working_with_transcripts.Rmd) 
Error: processing vignette 'Working_with_transcripts.Rmd' failed with diagnostics:
could not find function "startRegionCoverage"
--- failed re-building ‘Working_with_transcripts.Rmd’

SUMMARY: processing the following files failed:
  ‘Importing_Data.Rmd’ ‘Working_with_transcripts.Rmd’

Error: Vignette re-building failed.
Execution halted