Back to Multiple platform build/check report for BioC 3.17: simplified long |
|
This page was generated on 2023-06-08 11:06:14 -0400 (Thu, 08 Jun 2023).
Hostname | OS | Arch (*) | R version | Installed pkgs |
---|---|---|---|---|
nebbiolo1 | Linux (Ubuntu 22.04.2 LTS) | x86_64 | 4.3.0 RC (2023-04-13 r84269) -- "Already Tomorrow" | 4628 |
palomino3 | Windows Server 2022 Datacenter | x64 | 4.3.0 RC (2023-04-13 r84269 ucrt) -- "Already Tomorrow" | 4379 |
merida1 | macOS 12.6.4 Monterey | x86_64 | 4.3.0 RC (2023-04-13 r84257) -- "Already Tomorrow" | 4385 |
Click on any hostname to see more info about the system (e.g. compilers) (*) as reported by 'uname -p', except on Windows and Mac OS X |
To the developers/maintainers of the GRaNIE package: - Allow up to 24 hours (and sometimes 48 hours) for your latest push to git@git.bioconductor.org:packages/GRaNIE.git to reflect on this report. See Troubleshooting Build Report for more information. - Use the following Renviron settings to reproduce errors and warnings. - If 'R CMD check' started to fail recently on the Linux builder(s) over a missing dependency, add the missing dependency to 'Suggests:' in your DESCRIPTION file. See Renviron.bioc for more information. |
Package 872/2229 | Hostname | OS / Arch | INSTALL | BUILD | CHECK | BUILD BIN | ||||||||
GRaNIE 1.4.0 (landing page) Christian Arnold
| nebbiolo1 | Linux (Ubuntu 22.04.2 LTS) / x86_64 | OK | OK | WARNINGS | ![]() | ||||||||
palomino3 | Windows Server 2022 Datacenter / x64 | OK | OK | WARNINGS | OK | ![]() | ||||||||
merida1 | macOS 12.6.4 Monterey / x86_64 | OK | OK | WARNINGS | OK | ![]() | ||||||||
Package: GRaNIE |
Version: 1.4.0 |
Command: F:\biocbuild\bbs-3.17-bioc\R\bin\R.exe CMD check --no-multiarch --install=check:GRaNIE.install-out.txt --library=F:\biocbuild\bbs-3.17-bioc\R\library --no-vignettes --timings GRaNIE_1.4.0.tar.gz |
StartedAt: 2023-06-08 03:00:12 -0400 (Thu, 08 Jun 2023) |
EndedAt: 2023-06-08 03:05:20 -0400 (Thu, 08 Jun 2023) |
EllapsedTime: 307.9 seconds |
RetCode: 0 |
Status: WARNINGS |
CheckDir: GRaNIE.Rcheck |
Warnings: 2 |
############################################################################## ############################################################################## ### ### Running command: ### ### F:\biocbuild\bbs-3.17-bioc\R\bin\R.exe CMD check --no-multiarch --install=check:GRaNIE.install-out.txt --library=F:\biocbuild\bbs-3.17-bioc\R\library --no-vignettes --timings GRaNIE_1.4.0.tar.gz ### ############################################################################## ############################################################################## * using log directory 'F:/biocbuild/bbs-3.17-bioc/meat/GRaNIE.Rcheck' * using R version 4.3.0 RC (2023-04-13 r84269 ucrt) * using platform: x86_64-w64-mingw32 (64-bit) * R was compiled by gcc.exe (GCC) 12.2.0 GNU Fortran (GCC) 12.2.0 * running under: Windows Server 2022 x64 (build 20348) * using session charset: UTF-8 * using option '--no-vignettes' * checking for file 'GRaNIE/DESCRIPTION' ... OK * this is package 'GRaNIE' version '1.4.0' * package encoding: UTF-8 * checking package namespace information ... OK * checking package dependencies ... OK * checking if this is a source package ... OK * checking if there is a namespace ... OK * checking for hidden files and directories ... OK * checking for portable file names ... OK * checking whether package 'GRaNIE' can be installed ... WARNING Found the following significant warnings: Warning: replacing previous import 'GenomicRanges::windows' by 'grDevices::windows' when loading 'GRaNIE' See 'F:/biocbuild/bbs-3.17-bioc/meat/GRaNIE.Rcheck/00install.out' for details. * checking installed package size ... OK * checking package directory ... OK * checking 'build' directory ... OK * checking DESCRIPTION meta-information ... OK * checking top-level files ... OK * checking for left-over files ... OK * checking index information ... OK * checking package subdirectories ... OK * checking R files for non-ASCII characters ... OK * checking R files for syntax errors ... OK * checking whether the package can be loaded ... OK * checking whether the package can be loaded with stated dependencies ... OK * checking whether the package can be unloaded cleanly ... OK * checking whether the namespace can be loaded with stated dependencies ... OK * checking whether the namespace can be unloaded cleanly ... OK * checking startup messages can be suppressed ... OK * checking dependencies in R code ... OK * checking S3 generic/method consistency ... OK * checking replacement functions ... OK * checking foreign function calls ... OK * checking R code for possible problems ... NOTE .getFinalListOfTFs: no visible binding for global variable 'external_gene_name' .getFinalListOfTFs: no visible binding for global variable 'ensembl_gene_id' .getFinalListOfTFs: no visible binding for global variable 'SYMBOL' .makeObjectCompatible: no visible binding for global variable 'TF.name' .performIHW: no visible binding for global variable 'adj_pvalue' .printGene: no visible binding for global variable 'gene.ENSEMBL' .printTF: no visible binding for global variable 'TF.ID' getGRNSummary: no visible binding for global variable 'pval' Undefined global functions or variables: SYMBOL TF.ID TF.name adj_pvalue ensembl_gene_id external_gene_name gene.ENSEMBL pval * checking Rd files ... OK * checking Rd metadata ... OK * checking Rd cross-references ... OK * checking for missing documentation entries ... OK * checking for code/documentation mismatches ... OK * checking Rd \usage sections ... WARNING Documented arguments not in \usage in documentation object 'plotCorrelations': 'peak_gene_max_adjP' Functions with \usage entries need to have the appropriate \alias entries, and all their arguments documented. The \usage entries must correspond to syntactically valid R code. See chapter 'Writing R documentation files' in the 'Writing R Extensions' manual. * checking Rd contents ... OK * checking for unstated dependencies in examples ... OK * checking files in 'vignettes' ... OK * checking examples ... OK Examples with CPU (user + system) or elapsed time > 5s user system elapsed generateStatsSummary 6.69 0.35 7.47 addConnections_TF_peak 4.81 1.53 7.43 plotDiagnosticPlots_peakGene 4.70 0.27 5.39 * checking for unstated dependencies in vignettes ... OK * checking package vignettes in 'inst/doc' ... OK * checking running R code from vignettes ... SKIPPED * checking re-building of vignette outputs ... SKIPPED * checking PDF version of manual ... OK * DONE Status: 2 WARNINGs, 1 NOTE See 'F:/biocbuild/bbs-3.17-bioc/meat/GRaNIE.Rcheck/00check.log' for details.
GRaNIE.Rcheck/00install.out
############################################################################## ############################################################################## ### ### Running command: ### ### F:\biocbuild\bbs-3.17-bioc\R\bin\R.exe CMD INSTALL GRaNIE ### ############################################################################## ############################################################################## * installing to library 'F:/biocbuild/bbs-3.17-bioc/R/library' * installing *source* package 'GRaNIE' ... ** using staged installation ** R ** byte-compile and prepare package for lazy loading Warning: replacing previous import 'GenomicRanges::windows' by 'grDevices::windows' when loading 'GRaNIE' ** help *** installing help indices ** building package indices ** installing vignettes ** testing if installed package can be loaded from temporary location Warning: replacing previous import 'GenomicRanges::windows' by 'grDevices::windows' when loading 'GRaNIE' ** testing if installed package can be loaded from final location Warning: replacing previous import 'GenomicRanges::windows' by 'grDevices::windows' when loading 'GRaNIE' ** testing if installed package keeps a record of temporary installation path * DONE (GRaNIE)
GRaNIE.Rcheck/GRaNIE-Ex.timings
name | user | system | elapsed | |
AR_classification_wrapper | 0 | 0 | 0 | |
addConnections_TF_peak | 4.81 | 1.53 | 7.43 | |
addConnections_peak_gene | 2.10 | 0.05 | 2.58 | |
addData | 0 | 0 | 0 | |
addTFBS | 0 | 0 | 0 | |
add_TF_gene_correlation | 1.51 | 0.04 | 1.99 | |
add_featureVariation | 0 | 0 | 0 | |
build_eGRN_graph | 1.49 | 0.05 | 1.95 | |
calculateCommunitiesEnrichment | 2.92 | 0.12 | 3.48 | |
calculateCommunitiesStats | 1.47 | 0.13 | 2.00 | |
calculateGeneralEnrichment | 1.86 | 0.08 | 2.40 | |
calculateTFEnrichment | 2.43 | 0.12 | 2.96 | |
changeOutputDirectory | 1.39 | 0.13 | 1.96 | |
deleteIntermediateData | 1.58 | 0.09 | 2.87 | |
filterData | 1.97 | 0.05 | 2.42 | |
filterGRNAndConnectGenes | 2.33 | 0.05 | 2.83 | |
generateStatsSummary | 6.69 | 0.35 | 7.47 | |
getCounts | 2.20 | 0.13 | 2.81 | |
getGRNConnections | 1.53 | 0.11 | 2.10 | |
getGRNSummary | 2.16 | 0.06 | 2.65 | |
getParameters | 1.56 | 0.10 | 2.09 | |
getTopNodes | 2.19 | 0.07 | 2.69 | |
initializeGRN | 0.02 | 0.00 | 0.01 | |
loadExampleObject | 1.51 | 0.08 | 2.02 | |
nGenes | 1.46 | 0.06 | 1.95 | |
nPeaks | 1.56 | 0.07 | 2.06 | |
nTFs | 1.41 | 0.07 | 1.96 | |
overlapPeaksAndTFBS | 1.42 | 0.18 | 2.01 | |
performAllNetworkAnalyses | 0 | 0 | 0 | |
plotCommunitiesEnrichment | 3.22 | 0.12 | 3.80 | |
plotCommunitiesStats | 2.71 | 0.16 | 3.31 | |
plotCorrelations | 2.61 | 0.06 | 3.14 | |
plotDiagnosticPlots_TFPeaks | 3.21 | 0.13 | 3.80 | |
plotDiagnosticPlots_peakGene | 4.70 | 0.27 | 5.39 | |
plotGeneralEnrichment | 1.91 | 0.11 | 2.49 | |
plotGeneralGraphStats | 3.34 | 0.03 | 3.84 | |
plotPCA_all | 2.88 | 0.17 | 3.50 | |
plotTFEnrichment | 2.34 | 0.08 | 2.89 | |
plot_stats_connectionSummary | 2.80 | 0.15 | 3.43 | |
visualizeGRN | 2.40 | 0.13 | 2.97 | |