Back to Multiple platform build/check report for BioC 3.17:   simplified   long
AB[C]DEFGHIJKLMNOPQRSTUVWXYZ

This page was generated on 2023-03-27 11:06:29 -0400 (Mon, 27 Mar 2023).

HostnameOSArch (*)R versionInstalled pkgs
nebbiolo1Linux (Ubuntu 22.04.1 LTS)x86_64R Under development (unstable) (2023-03-16 r83996) -- "Unsuffered Consequences" 4547
palomino3Windows Server 2022 Datacenterx64R Under development (unstable) (2023-03-15 r83984 ucrt) -- "Unsuffered Consequences" 4308
merida1macOS 10.14.6 Mojavex86_64R Under development (unstable) (2023-03-16 r83985) -- "Unsuffered Consequences" 4300
Click on any hostname to see more info about the system (e.g. compilers)      (*) as reported by 'uname -p', except on Windows and Mac OS X

CHECK results for CoreGx on merida1


To the developers/maintainers of the CoreGx package:
- Please allow up to 24 hours (and sometimes 48 hours) for your latest push to git@git.bioconductor.org:packages/CoreGx.git to
reflect on this report. See How and When does the builder pull? When will my changes propagate? for more information.
- Make sure to use the following settings in order to reproduce any error or warning you see on this page.

raw results

Package 426/2195HostnameOS / ArchINSTALLBUILDCHECKBUILD BIN
CoreGx 2.3.4  (landing page)
Benjamin Haibe-Kains
Snapshot Date: 2023-03-26 14:00:09 -0400 (Sun, 26 Mar 2023)
git_url: https://git.bioconductor.org/packages/CoreGx
git_branch: devel
git_last_commit: d35bb2f
git_last_commit_date: 2023-03-06 16:01:51 -0400 (Mon, 06 Mar 2023)
nebbiolo1Linux (Ubuntu 22.04.1 LTS) / x86_64  OK    OK    WARNINGS  UNNEEDED, same version is already published
palomino3Windows Server 2022 Datacenter / x64  OK    OK    WARNINGS    OK  UNNEEDED, same version is already published
merida1macOS 10.14.6 Mojave / x86_64  OK    OK    WARNINGS    OK  UNNEEDED, same version is already published

Summary

Package: CoreGx
Version: 2.3.4
Command: /Library/Frameworks/R.framework/Resources/bin/R CMD check --install=check:CoreGx.install-out.txt --library=/Library/Frameworks/R.framework/Resources/library --no-vignettes --timings CoreGx_2.3.4.tar.gz
StartedAt: 2023-03-27 00:05:36 -0400 (Mon, 27 Mar 2023)
EndedAt: 2023-03-27 00:19:29 -0400 (Mon, 27 Mar 2023)
EllapsedTime: 833.5 seconds
RetCode: 0
Status:   WARNINGS  
CheckDir: CoreGx.Rcheck
Warnings: 1

Command output

##############################################################################
##############################################################################
###
### Running command:
###
###   /Library/Frameworks/R.framework/Resources/bin/R CMD check --install=check:CoreGx.install-out.txt --library=/Library/Frameworks/R.framework/Resources/library --no-vignettes --timings CoreGx_2.3.4.tar.gz
###
##############################################################################
##############################################################################


* using log directory ‘/Users/biocbuild/bbs-3.17-bioc/meat/CoreGx.Rcheck’
* using R Under development (unstable) (2023-03-16 r83985)
* using platform: x86_64-apple-darwin17.0 (64-bit)
* R was compiled by
    Apple clang version 12.0.0 (clang-1200.0.32.29)
    GNU Fortran (GCC) 8.2.0
* running under: macOS Mojave 10.14.6
* using session charset: UTF-8
* using option ‘--no-vignettes’
* checking for file ‘CoreGx/DESCRIPTION’ ... OK
* checking extension type ... Package
* this is package ‘CoreGx’ version ‘2.3.4’
* package encoding: UTF-8
* checking package namespace information ... OK
* checking package dependencies ... OK
* checking if this is a source package ... OK
* checking if there is a namespace ... OK
* checking for hidden files and directories ... OK
* checking for portable file names ... OK
* checking for sufficient/correct file permissions ... OK
* checking whether package ‘CoreGx’ can be installed ... OK
* checking installed package size ... OK
* checking package directory ... OK
* checking ‘build’ directory ... OK
* checking DESCRIPTION meta-information ... OK
* checking top-level files ... OK
* checking for left-over files ... OK
* checking index information ... OK
* checking package subdirectories ... OK
* checking R files for non-ASCII characters ... OK
* checking R files for syntax errors ... OK
* checking whether the package can be loaded ... OK
* checking whether the package can be loaded with stated dependencies ... OK
* checking whether the package can be unloaded cleanly ... OK
* checking whether the namespace can be loaded with stated dependencies ... OK
* checking whether the namespace can be unloaded cleanly ... OK
* checking dependencies in R code ... NOTE
There are ::: calls to the package's namespace in its code. A package
  almost never needs to use ::: for its own objects:
  ‘.LongTable’ ‘.parseToRoxygen’ ‘.sensitivityToTRE’
* checking S3 generic/method consistency ... WARNING
as.data.table:
  function(x, keep.rownames, ...)
as.data.table.long.table:
  function(from)
See section ‘Generic functions and methods’ in the ‘Writing R
Extensions’ manual.
* checking replacement functions ... OK
* checking foreign function calls ... OK
* checking R code for possible problems ... NOTE
.meshEval2: no visible binding for global variable ‘n’
.meshEval2: no visible binding for global variable ‘family’
.rebuildInfo: no visible global function definition for ‘patterns’
.rebuildInfo: no visible binding for global variable ‘..keepCols’
.rebuildInfo: no visible binding for global variable ‘replicate_id’
.rebuildInfo: no visible binding for global variable ‘treatment1id’
.rebuildInfo: no visible binding for global variable ‘sampleid’
.rebuildInfo: no visible binding for global variable ‘treatmentid’
.rebuildInfo: no visible binding for global variable ‘treatment_uid’
.rebuildInfo: no visible binding for global variable ‘..rowIDcols’
.rebuildInfo: no visible binding for global variable ‘sample_uid’
.rebuildInfo: no visible binding for global variable ‘..colIDcols’
.rebuildInfo: no visible binding for global variable ‘exp_id’
.rebuildProfiles: no visible binding for global variable
  ‘treatment_uid’
.rebuildProfiles: no visible binding for global variable ‘sample_uid’
.rebuildProfiles: no visible binding for global variable ‘exp_id’
.rebuildProfiles: no visible binding for global variable ‘N’
.rebuildRaw: no visible binding for global variable ‘.NATURAL’
.rebuildRaw: no visible binding for global variable ‘sampleid’
.rebuildRaw: no visible binding for global variable ‘exp_id’
.rebuildRaw: no visible binding for global variable ‘treatment1id’
.rebuildRaw: no visible binding for global variable ‘row_ids’
.rebuildRaw: no visible binding for global variable ‘col_ids’
.rebuildRaw: no visible binding for global variable ‘dose’
.rebuildRaw: no visible global function definition for ‘patterns’
.rebuildSensNumber: no visible global function definition for
  ‘patterns’
.rebuildSensNumber: no visible binding for global variable
  ‘.treatmentCombo’
.rebuildSensNumber: no visible binding for global variable
  ‘.sampleCombo’
.sensitivityToTRE: no visible binding for global variable ‘dose’
.sensitivityToTRE: no visible binding for global variable ‘viability’
.sensitivityToTRE: no visible binding for global variable
  ‘replicate_id’
.sensitivityToTRE: no visible binding for global variable ‘rn’
.sensitivityToTRE: no visible binding for global variable ‘treatmentid’
.sensitivityToTRE: no visible binding for global variable ‘sampleid’
.update_dimData: no visible binding for global variable ‘N’
.update_dimData: no visible binding for global variable ‘.NATURAL’
.update_dimData: no visible binding for global variable ‘.rownames’
CoreSet: no visible binding for global variable ‘cell’
CoreSet: no visible binding for global variable ‘drug’
aggregate2: no visible binding for global variable ‘group_id’
aggregate2: no visible binding for global variable ‘split_id’
cardinality: no visible binding for global variable ‘N’
checkColumnCardinality: no visible binding for global variable ‘N’
optimizeCoreGx: no visible binding for global variable ‘nthread’
optimizeCoreGx: no visible binding for global variable ‘total_time’
optimizeCoreGx: no visible binding for global variable ‘mem_alloc’
optimizeCoreGx: no visible binding for global variable ‘itr/sec’
optimizeCoreGx: no visible binding for global variable ‘gc/sec’
optimizeCoreGx: no visible binding for global variable ‘median_sec’
optimizeCoreGx: no visible binding for global variable ‘N’
buildComboProfiles,LongTable: no visible binding for global variable
  ‘treatment2dose’
buildComboProfiles,LongTable: no visible binding for global variable
  ‘treatment1dose’
coerce,SummarizedExperiment-data.table: no visible binding for global
  variable ‘.sample’
coerce,SummarizedExperiment-data.table: no visible binding for global
  variable ‘.feature’
reindex,LongTable: no visible binding for global variable ‘.rowKey’
reindex,LongTable: no visible binding for global variable ‘.colKey’
sensitivityRaw<-,CoreSet-array: no visible binding for global variable
  ‘V2’
sensitivityRaw<-,CoreSet-array: no visible binding for global variable
  ‘V1’
sensitivityRaw<-,CoreSet-array: no visible binding for global variable
  ‘rn’
treatmentResponse<-,CoreSet-list_OR_LongTable: no visible binding for
  global variable ‘funContext’
updateObject,CoreSet: no visible global function definition for
  ‘isValid’
updateObject,LongTable: no visible global function definition for
  ‘isValid’
Undefined global functions or variables:
  ..colIDcols ..keepCols ..rowIDcols .NATURAL .colKey .feature .rowKey
  .rownames .sample .sampleCombo .treatmentCombo N V1 V2 cell col_ids
  dose drug exp_id family funContext gc/sec group_id isValid itr/sec
  median_sec mem_alloc n nthread patterns replicate_id rn row_ids
  sample_uid sampleid split_id total_time treatment1dose treatment1id
  treatment2dose treatment_uid treatmentid viability
Consider adding
  importFrom("stats", "family")
to your NAMESPACE file.
* checking Rd files ... OK
* checking Rd metadata ... OK
* checking Rd cross-references ... OK
* checking for missing documentation entries ... OK
* checking for code/documentation mismatches ... OK
* checking Rd \usage sections ... NOTE
S3 methods shown with full name in documentation object 'setOps-immutable':
  ‘subset.immutable’

The \usage entries for S3 methods should use the \method markup and not
their full name.
See chapter ‘Writing R documentation files’ in the ‘Writing R
Extensions’ manual.
* checking Rd contents ... OK
* checking for unstated dependencies in examples ... OK
* checking contents of ‘data’ directory ... OK
* checking data for non-ASCII characters ... NOTE
  Note: found 99 marked UTF-8 strings
* checking LazyData ... OK
* checking data for ASCII and uncompressed saves ... OK
* checking files in ‘vignettes’ ... OK
* checking examples ... OK
Examples with CPU (user + system) or elapsed time > 5s
      user system elapsed
amcc 3.173  0.128   7.683
mcc  0.027  0.035   6.424
* checking for unstated dependencies in ‘tests’ ... OK
* checking tests ...
  Running ‘testthat.R’
 OK
* checking for unstated dependencies in vignettes ... OK
* checking package vignettes in ‘inst/doc’ ... OK
* checking running R code from vignettes ... SKIPPED
* checking re-building of vignette outputs ... SKIPPED
* checking PDF version of manual ... OK
* DONE

Status: 1 WARNING, 4 NOTEs
See
  ‘/Users/biocbuild/bbs-3.17-bioc/meat/CoreGx.Rcheck/00check.log’
for details.



Installation output

CoreGx.Rcheck/00install.out

##############################################################################
##############################################################################
###
### Running command:
###
###   /Library/Frameworks/R.framework/Resources/bin/R CMD INSTALL CoreGx
###
##############################################################################
##############################################################################


* installing to library ‘/Library/Frameworks/R.framework/Versions/4.3/Resources/library’
* installing *source* package ‘CoreGx’ ...
** using staged installation
** R
** data
*** moving datasets to lazyload DB
** inst
** byte-compile and prepare package for lazy loading
** help
*** installing help indices
** building package indices
** installing vignettes
** testing if installed package can be loaded from temporary location
** testing if installed package can be loaded from final location
** testing if installed package keeps a record of temporary installation path
* DONE (CoreGx)

Tests output

CoreGx.Rcheck/tests/testthat.Rout


R Under development (unstable) (2023-03-16 r83985) -- "Unsuffered Consequences"
Copyright (C) 2023 The R Foundation for Statistical Computing
Platform: x86_64-apple-darwin17.0 (64-bit)

R is free software and comes with ABSOLUTELY NO WARRANTY.
You are welcome to redistribute it under certain conditions.
Type 'license()' or 'licence()' for distribution details.

R is a collaborative project with many contributors.
Type 'contributors()' for more information and
'citation()' on how to cite R or R packages in publications.

Type 'demo()' for some demos, 'help()' for on-line help, or
'help.start()' for an HTML browser interface to help.
Type 'q()' to quit R.

> library(testthat)
> library(CoreGx)
Loading required package: BiocGenerics

Attaching package: 'BiocGenerics'

The following objects are masked from 'package:stats':

    IQR, mad, sd, var, xtabs

The following objects are masked from 'package:base':

    Filter, Find, Map, Position, Reduce, anyDuplicated, aperm, append,
    as.data.frame, basename, cbind, colnames, dirname, do.call,
    duplicated, eval, evalq, get, grep, grepl, intersect, is.unsorted,
    lapply, mapply, match, mget, order, paste, pmax, pmax.int, pmin,
    pmin.int, rank, rbind, rownames, sapply, setdiff, sort, table,
    tapply, union, unique, unsplit, which.max, which.min

Loading required package: SummarizedExperiment
Loading required package: MatrixGenerics
Loading required package: matrixStats

Attaching package: 'MatrixGenerics'

The following objects are masked from 'package:matrixStats':

    colAlls, colAnyNAs, colAnys, colAvgsPerRowSet, colCollapse,
    colCounts, colCummaxs, colCummins, colCumprods, colCumsums,
    colDiffs, colIQRDiffs, colIQRs, colLogSumExps, colMadDiffs,
    colMads, colMaxs, colMeans2, colMedians, colMins, colOrderStats,
    colProds, colQuantiles, colRanges, colRanks, colSdDiffs, colSds,
    colSums2, colTabulates, colVarDiffs, colVars, colWeightedMads,
    colWeightedMeans, colWeightedMedians, colWeightedSds,
    colWeightedVars, rowAlls, rowAnyNAs, rowAnys, rowAvgsPerColSet,
    rowCollapse, rowCounts, rowCummaxs, rowCummins, rowCumprods,
    rowCumsums, rowDiffs, rowIQRDiffs, rowIQRs, rowLogSumExps,
    rowMadDiffs, rowMads, rowMaxs, rowMeans2, rowMedians, rowMins,
    rowOrderStats, rowProds, rowQuantiles, rowRanges, rowRanks,
    rowSdDiffs, rowSds, rowSums2, rowTabulates, rowVarDiffs, rowVars,
    rowWeightedMads, rowWeightedMeans, rowWeightedMedians,
    rowWeightedSds, rowWeightedVars

Loading required package: GenomicRanges
Loading required package: stats4
Loading required package: S4Vectors

Attaching package: 'S4Vectors'

The following objects are masked from 'package:base':

    I, expand.grid, unname

Loading required package: IRanges
Loading required package: GenomeInfoDb
Loading required package: Biobase
Welcome to Bioconductor

    Vignettes contain introductory material; view with
    'browseVignettes()'. To cite Bioconductor, see
    'citation("Biobase")', and for packages 'citation("pkgname")'.


Attaching package: 'Biobase'

The following object is masked from 'package:MatrixGenerics':

    rowMedians

The following objects are masked from 'package:matrixStats':

    anyMissing, rowMedians

> 
> test_check("CoreGx")

Attaching package: 'data.table'

The following object is masked from 'package:SummarizedExperiment':

    shift

The following object is masked from 'package:GenomicRanges':

    shift

The following object is masked from 'package:IRanges':

    shift

The following objects are masked from 'package:S4Vectors':

    first, second


  |                                                                            
  |                                                                      |   0%
  |                                                                            
  |===================================                                   |  50%
  |                                                                            
  |======================================================================| 100%

[ FAIL 0 | WARN 0 | SKIP 1 | PASS 131 ]

══ Skipped tests ═══════════════════════════════════════════════════════════════
• empty test (1)

[ FAIL 0 | WARN 0 | SKIP 1 | PASS 131 ]
> 
> proc.time()
   user  system elapsed 
176.343   2.412 247.683 

Example timings

CoreGx.Rcheck/CoreGx-Ex.timings

nameusersystemelapsed
CoreSet-accessors2.8570.0443.950
CoreSet-utils0.7710.0061.077
CoreSet0.0320.0030.057
CoreSet20.0330.0030.045
LongTable-accessors0.0010.0020.008
LongTable-class1.0310.0241.501
LongTable0.0010.0000.008
LongTableDataMapper-accessors0.0050.0010.005
LongTableDataMapper-class0.0100.0000.013
LongTableDataMapper0.0100.0020.021
TREDataMapper-accessors0.1660.0010.234
amcc3.1730.1287.683
as2.9070.9671.855
as.long.table0.1760.0180.269
assayCols0.0000.0010.001
assayIndex0.0010.0000.001
assayKeys0.0000.0000.001
assignment-immutable0.0040.0010.009
buildComboProfiles-LongTable-method0.0010.0010.001
buildComboProfiles0.0000.0000.001
buildLongTable-list-method0.0000.0000.002
buildLongTable000
callingWaterfall000
cash-LongTable-method0.0270.0030.043
cash-set-LongTable-method0.1360.0110.203
checkColumnCardinality0.0070.0010.013
checkCsetStructure0.0630.0060.097
colIDs0.0010.0010.001
colMeta0.0010.0000.000
connectivityScore0.1830.1420.326
cosinePerm0.1340.1200.245
dot-0.0000.0000.001
dot-distancePointLine0.0010.0000.001
dot-distancePointSegment0.0000.0000.001
dot-fitCurve20.0010.0010.000
dot-intersectList0.0000.0030.003
dot-symSetDiffList0.0010.0000.001
dot-unionList0.0000.0010.000
endoaggregate0.0010.0000.000
getIntern-set0.0000.0000.001
getIntern0.0000.0000.001
guessMapping-LongTableDataMapper-method0.0190.0070.026
guessMapping000
gwc0.0590.0250.475
idCols0.0000.0060.006
immutable0.0040.0330.036
is.items0.0000.0010.001
mcc0.0270.0356.424
mergeAssays0.0010.0010.001
metaConstruct4.2280.7480.318
mutable0.0010.0000.001
optimizeCoreGx000
reindex0.0000.0000.001
rowIDs000
rowMeta0.0000.0000.001
sensitivityInfo-set0.0010.0000.001
sensitivityInfo0.0000.0000.001
sensitivityMeasures-set0.0000.0010.000
sensitivityMeasures0.0290.0030.043
sensitivityProfiles0.0010.0000.000
sensitivityRaw000
sensitivitySlotToLongTable0.0000.0010.000
setOps-immutable0.0010.0000.001
show-CoreSet-method0.0150.0020.023
show-LongTable-method0.0130.0020.020
showSigAnnot0.0000.0010.000
sub-LongTable-ANY-ANY-ANY-method0.6980.0631.022
sub-subset-LongTable-ANY-ANY-method0.1340.0100.202
subset-LongTable-method0.3610.0320.543
subsetTo0.0000.0000.001
summarizeMolecularProfiles000
summarizeSensitivityProfiles0.0000.0000.001
updateSampleId0.3380.0360.514
updateTreatmentId0.0140.0020.024