Back to Multiple platform build/check report for BioC 3.17: simplified long |
|
This page was generated on 2023-03-31 11:02:38 -0400 (Fri, 31 Mar 2023).
Hostname | OS | Arch (*) | R version | Installed pkgs |
---|---|---|---|---|
nebbiolo1 | Linux (Ubuntu 22.04.1 LTS) | x86_64 | R Under development (unstable) (2023-03-16 r83996) -- "Unsuffered Consequences" | 4547 |
palomino3 | Windows Server 2022 Datacenter | x64 | R Under development (unstable) (2023-03-15 r83984 ucrt) -- "Unsuffered Consequences" | 4308 |
Click on any hostname to see more info about the system (e.g. compilers) (*) as reported by 'uname -p', except on Windows and Mac OS X |
To the developers/maintainers of the CNVRanger package: - Allow up to 24 hours (and sometimes 48 hours) for your latest push to git@git.bioconductor.org:packages/CNVRanger.git to reflect on this report. See Troubleshooting Build Report for more information. - Use the following Renviron settings to reproduce errors and warnings. Note: If "R CMD check" recently failed on the Linux builder over a missing dependency, add the missing dependency to "Suggests" in your DESCRIPTION file. See the Renviron.bioc for details. |
Package 384/2195 | Hostname | OS / Arch | INSTALL | BUILD | CHECK | BUILD BIN | ||||||||
CNVRanger 1.15.1 (landing page) Ludwig Geistlinger
| nebbiolo1 | Linux (Ubuntu 22.04.1 LTS) / x86_64 | OK | OK | ERROR | |||||||||
palomino3 | Windows Server 2022 Datacenter / x64 | OK | OK | OK | OK | ![]() | ||||||||
Package: CNVRanger |
Version: 1.15.1 |
Command: /home/biocbuild/bbs-3.17-bioc/R/bin/R CMD check --install=check:CNVRanger.install-out.txt --library=/home/biocbuild/bbs-3.17-bioc/R/site-library --timings CNVRanger_1.15.1.tar.gz |
StartedAt: 2023-03-30 19:27:53 -0400 (Thu, 30 Mar 2023) |
EndedAt: 2023-03-30 19:33:02 -0400 (Thu, 30 Mar 2023) |
EllapsedTime: 309.5 seconds |
RetCode: 1 |
Status: ERROR |
CheckDir: CNVRanger.Rcheck |
Warnings: NA |
############################################################################## ############################################################################## ### ### Running command: ### ### /home/biocbuild/bbs-3.17-bioc/R/bin/R CMD check --install=check:CNVRanger.install-out.txt --library=/home/biocbuild/bbs-3.17-bioc/R/site-library --timings CNVRanger_1.15.1.tar.gz ### ############################################################################## ############################################################################## * using log directory ‘/home/biocbuild/bbs-3.17-bioc/meat/CNVRanger.Rcheck’ * using R Under development (unstable) (2023-03-16 r83996) * using platform: x86_64-pc-linux-gnu (64-bit) * R was compiled by gcc (Ubuntu 11.3.0-1ubuntu1~22.04) 11.3.0 GNU Fortran (Ubuntu 11.3.0-1ubuntu1~22.04) 11.3.0 * running under: Ubuntu 22.04.2 LTS * using session charset: UTF-8 * checking for file ‘CNVRanger/DESCRIPTION’ ... OK * this is package ‘CNVRanger’ version ‘1.15.1’ * package encoding: UTF-8 * checking package namespace information ... OK * checking package dependencies ... OK * checking if this is a source package ... OK * checking if there is a namespace ... OK * checking for hidden files and directories ... OK * checking for portable file names ... OK * checking for sufficient/correct file permissions ... OK * checking whether package ‘CNVRanger’ can be installed ... OK * checking installed package size ... OK * checking package directory ... OK * checking ‘build’ directory ... OK * checking DESCRIPTION meta-information ... OK * checking top-level files ... OK * checking for left-over files ... OK * checking index information ... OK * checking package subdirectories ... OK * checking R files for non-ASCII characters ... OK * checking R files for syntax errors ... OK * checking whether the package can be loaded ... OK * checking whether the package can be loaded with stated dependencies ... OK * checking whether the package can be unloaded cleanly ... OK * checking whether the namespace can be loaded with stated dependencies ... OK * checking whether the namespace can be unloaded cleanly ... OK * checking loading without being on the library search path ... OK * checking dependencies in R code ... NOTE Unexported object imported by a ':::' call: 'rappdirs:::get_os' See the note in ?`:::` about the use of this operator. * checking S3 generic/method consistency ... OK * checking replacement functions ... OK * checking foreign function calls ... OK * checking R code for possible problems ... NOTE plotRecurrentRegions: no visible binding for global variable ‘type’ plotRecurrentRegions: no visible binding for global variable ‘pvalue’ Undefined global functions or variables: pvalue type * checking Rd files ... OK * checking Rd metadata ... OK * checking Rd cross-references ... OK * checking for missing documentation entries ... OK * checking for code/documentation mismatches ... OK * checking Rd \usage sections ... OK * checking Rd contents ... OK * checking for unstated dependencies in examples ... OK * checking files in ‘vignettes’ ... OK * checking examples ... OK Examples with CPU (user + system) or elapsed time > 5s user system elapsed plotEQTL 19.331 1.313 28.489 plotRecurrentRegions 16.229 0.747 20.537 plotManhattan 7.003 0.512 7.515 cnvGWAS 6.393 0.447 6.842 * checking for unstated dependencies in vignettes ... OK * checking package vignettes in ‘inst/doc’ ... OK * checking running R code from vignettes ... ‘CNVRanger.Rmd’ using ‘UTF-8’... OK NONE * checking re-building of vignette outputs ... ERROR Error(s) in re-building vignettes: ... --- re-building ‘CNVRanger.Rmd’ using rmarkdown The magick package is required to crop "/home/biocbuild/bbs-3.17-bioc/meat/CNVRanger.Rcheck/vign_test/CNVRanger/vignettes/CNVRanger_files/figure-html/recurrViz-1.png" but not available. The magick package is required to crop "/home/biocbuild/bbs-3.17-bioc/meat/CNVRanger.Rcheck/vign_test/CNVRanger/vignettes/CNVRanger_files/figure-html/vizOlaps-1.png" but not available. The magick package is required to crop "/home/biocbuild/bbs-3.17-bioc/meat/CNVRanger.Rcheck/vign_test/CNVRanger/vignettes/CNVRanger_files/figure-html/vizPermTest-1.png" but not available. Quitting from lines 605-607 (CNVRanger.Rmd) Error: processing vignette 'CNVRanger.Rmd' failed with diagnostics: statmod package required but is not installed --- failed re-building ‘CNVRanger.Rmd’ SUMMARY: processing the following file failed: ‘CNVRanger.Rmd’ Error: Vignette re-building failed. Execution halted * checking PDF version of manual ... OK * DONE Status: 1 ERROR, 2 NOTEs See ‘/home/biocbuild/bbs-3.17-bioc/meat/CNVRanger.Rcheck/00check.log’ for details.
CNVRanger.Rcheck/00install.out
############################################################################## ############################################################################## ### ### Running command: ### ### /home/biocbuild/bbs-3.17-bioc/R/bin/R CMD INSTALL CNVRanger ### ############################################################################## ############################################################################## * installing to library ‘/home/biocbuild/bbs-3.17-bioc/R/site-library’ * installing *source* package ‘CNVRanger’ ... ** using staged installation ** R ** inst ** byte-compile and prepare package for lazy loading ** help *** installing help indices ** building package indices ** installing vignettes ** testing if installed package can be loaded from temporary location ** testing if installed package can be loaded from final location ** testing if installed package keeps a record of temporary installation path * DONE (CNVRanger)
CNVRanger.Rcheck/CNVRanger-Ex.timings
name | user | system | elapsed | |
cnvEQTL | 2.945 | 0.125 | 3.069 | |
cnvGWAS | 6.393 | 0.447 | 6.842 | |
cnvOncoPrint | 1.612 | 0.072 | 1.684 | |
generateGDS | 1.614 | 0.080 | 1.695 | |
importLrrBaf | 0.782 | 0.000 | 0.782 | |
plotEQTL | 19.331 | 1.313 | 28.489 | |
plotManhattan | 7.003 | 0.512 | 7.515 | |
plotRecurrentRegions | 16.229 | 0.747 | 20.537 | |
populationRanges | 1.539 | 0.144 | 1.682 | |
setupCnvGWAS | 0.002 | 0.008 | 0.010 | |