Back to Multiple platform build/check report for BioC 3.17:   simplified   long
A[B]CDEFGHIJKLMNOPQRSTUVWXYZ

This page was generated on 2023-03-21 11:05:47 -0400 (Tue, 21 Mar 2023).

HostnameOSArch (*)R versionInstalled pkgs
nebbiolo1Linux (Ubuntu 22.04.1 LTS)x86_64R Under development (unstable) (2023-03-16 r83996) -- "Unsuffered Consequences" 4305
palomino3Windows Server 2022 Datacenterx64R Under development (unstable) (2023-03-15 r83984 ucrt) -- "Unsuffered Consequences" 4287
merida1macOS 10.14.6 Mojavex86_64R Under development (unstable) (2023-03-16 r83985) -- "Unsuffered Consequences" 4286
Click on any hostname to see more info about the system (e.g. compilers)      (*) as reported by 'uname -p', except on Windows and Mac OS X

CHECK results for BiocPkgTools on palomino3


To the developers/maintainers of the BiocPkgTools package:
- Please allow up to 24 hours (and sometimes 48 hours) for your latest push to git@git.bioconductor.org:packages/BiocPkgTools.git to
reflect on this report. See How and When does the builder pull? When will my changes propagate? for more information.
- Make sure to use the following settings in order to reproduce any error or warning you see on this page.

raw results

Package 183/2189HostnameOS / ArchINSTALLBUILDCHECKBUILD BIN
BiocPkgTools 1.17.10  (landing page)
Sean Davis
Snapshot Date: 2023-03-20 14:00:22 -0400 (Mon, 20 Mar 2023)
git_url: https://git.bioconductor.org/packages/BiocPkgTools
git_branch: master
git_last_commit: 8d1470a
git_last_commit_date: 2023-02-16 12:53:15 -0400 (Thu, 16 Feb 2023)
nebbiolo1Linux (Ubuntu 22.04.1 LTS) / x86_64  OK    OK    WARNINGS  UNNEEDED, same version is already published
palomino3Windows Server 2022 Datacenter / x64  OK    OK    WARNINGS    OK  UNNEEDED, same version is already published
merida1macOS 10.14.6 Mojave / x86_64  OK    OK    WARNINGS    OK  UNNEEDED, same version is already published

Summary

Package: BiocPkgTools
Version: 1.17.10
Command: F:\biocbuild\bbs-3.17-bioc\R\bin\R.exe CMD check --no-multiarch --install=check:BiocPkgTools.install-out.txt --library=F:\biocbuild\bbs-3.17-bioc\R\library --no-vignettes --timings BiocPkgTools_1.17.10.tar.gz
StartedAt: 2023-03-20 23:43:18 -0400 (Mon, 20 Mar 2023)
EndedAt: 2023-03-20 23:52:08 -0400 (Mon, 20 Mar 2023)
EllapsedTime: 530.1 seconds
RetCode: 0
Status:   WARNINGS  
CheckDir: BiocPkgTools.Rcheck
Warnings: 1

Command output

##############################################################################
##############################################################################
###
### Running command:
###
###   F:\biocbuild\bbs-3.17-bioc\R\bin\R.exe CMD check --no-multiarch --install=check:BiocPkgTools.install-out.txt --library=F:\biocbuild\bbs-3.17-bioc\R\library --no-vignettes --timings BiocPkgTools_1.17.10.tar.gz
###
##############################################################################
##############################################################################


* using log directory 'F:/biocbuild/bbs-3.17-bioc/meat/BiocPkgTools.Rcheck'
* using R Under development (unstable) (2023-03-15 r83984 ucrt)
* using platform: x86_64-w64-mingw32 (64-bit)
* R was compiled by
    gcc.exe (GCC) 12.2.0
    GNU Fortran (GCC) 12.2.0
* running under: Windows Server 2022 x64 (build 20348)
* using session charset: UTF-8
* using option '--no-vignettes'
* checking for file 'BiocPkgTools/DESCRIPTION' ... OK
* checking extension type ... Package
* this is package 'BiocPkgTools' version '1.17.10'
* package encoding: UTF-8
* checking package namespace information ... OK
* checking package dependencies ... OK
* checking if this is a source package ... OK
* checking if there is a namespace ... OK
* checking for hidden files and directories ... OK
* checking for portable file names ... OK
* checking whether package 'BiocPkgTools' can be installed ... OK
* checking installed package size ... OK
* checking package directory ... OK
* checking 'build' directory ... OK
* checking DESCRIPTION meta-information ... OK
* checking top-level files ... OK
* checking for left-over files ... OK
* checking index information ... OK
* checking package subdirectories ... OK
* checking R files for non-ASCII characters ... OK
* checking R files for syntax errors ... OK
* checking whether the package can be loaded ... OK
* checking whether the package can be loaded with stated dependencies ... OK
* checking whether the package can be unloaded cleanly ... OK
* checking whether the namespace can be loaded with stated dependencies ... OK
* checking whether the namespace can be unloaded cleanly ... OK
* checking dependencies in R code ... NOTE
Unexported objects imported by ':::' calls:
  'BiocManager:::.repositories' 'BiocManager:::.repositories_bioc'
  'BiocManager:::.repository_container_version'
  'BiocManager:::.version_bioc'
  See the note in ?`:::` about the use of this operator.
* checking S3 generic/method consistency ... OK
* checking replacement functions ... OK
* checking foreign function calls ... OK
* checking R code for possible problems ... OK
* checking Rd files ... OK
* checking Rd metadata ... OK
* checking Rd cross-references ... OK
* checking for missing documentation entries ... OK
* checking for code/documentation mismatches ... OK
* checking Rd \usage sections ... OK
* checking Rd contents ... OK
* checking for unstated dependencies in examples ... OK
* checking files in 'vignettes' ... OK
* checking examples ... WARNING
Found the following significant warnings:

  Warning: 'biocLastBuildDate' is deprecated.
Deprecated functions may be defunct as soon as of the next release of
R.
See ?Deprecated.
Examples with CPU (user + system) or elapsed time > 5s
                       user system elapsed
get_bioc_data         13.17   0.56   14.04
firstInBioc           12.02   0.47   12.53
biocDownloadStats     10.15   0.55   11.37
pkgDepMetrics          6.28   0.52    6.82
pkgCombDependencyGain  6.12   0.56    6.72
biocBuildReport        2.91   3.33  135.33
class-dependencies     5.36   0.21    5.58
githubDetails          1.35   0.12    7.72
* checking for unstated dependencies in 'tests' ... OK
* checking tests ...
  Running 'testthat.R'
 OK
* checking for unstated dependencies in vignettes ... OK
* checking package vignettes in 'inst/doc' ... OK
* checking running R code from vignettes ... SKIPPED
* checking re-building of vignette outputs ... SKIPPED
* checking PDF version of manual ... OK
* DONE

Status: 1 WARNING, 1 NOTE
See
  'F:/biocbuild/bbs-3.17-bioc/meat/BiocPkgTools.Rcheck/00check.log'
for details.



Installation output

BiocPkgTools.Rcheck/00install.out

##############################################################################
##############################################################################
###
### Running command:
###
###   F:\biocbuild\bbs-3.17-bioc\R\bin\R.exe CMD INSTALL BiocPkgTools
###
##############################################################################
##############################################################################


* installing to library 'F:/biocbuild/bbs-3.17-bioc/R/library'
* installing *source* package 'BiocPkgTools' ...
** using staged installation
** R
** inst
** byte-compile and prepare package for lazy loading
** help
*** installing help indices
** building package indices
** installing vignettes
** testing if installed package can be loaded from temporary location
** testing if installed package can be loaded from final location
** testing if installed package keeps a record of temporary installation path
* DONE (BiocPkgTools)

Tests output

BiocPkgTools.Rcheck/tests/testthat.Rout


R Under development (unstable) (2023-03-15 r83984 ucrt) -- "Unsuffered Consequences"
Copyright (C) 2023 The R Foundation for Statistical Computing
Platform: x86_64-w64-mingw32/x64 (64-bit)

R is free software and comes with ABSOLUTELY NO WARRANTY.
You are welcome to redistribute it under certain conditions.
Type 'license()' or 'licence()' for distribution details.

R is a collaborative project with many contributors.
Type 'contributors()' for more information and
'citation()' on how to cite R or R packages in publications.

Type 'demo()' for some demos, 'help()' for on-line help, or
'help.start()' for an HTML browser interface to help.
Type 'q()' to quit R.

> library(testthat)
> library(BiocPkgTools)
Loading required package: htmlwidgets
> 
> test_check("BiocPkgTools")
trying URL 'https://bioconductor.org/packages/3.17/bioc/vignettes/a4/inst/doc/a4vignette.pdf'
Content type 'application/pdf' length 1304018 bytes (1.2 MB)
==================================================
downloaded 1.2 MB

[ FAIL 0 | WARN 6 | SKIP 0 | PASS 30 ]

[ FAIL 0 | WARN 6 | SKIP 0 | PASS 30 ]
> 
> proc.time()
   user  system elapsed 
  26.89    4.26  162.96 

Example timings

BiocPkgTools.Rcheck/BiocPkgTools-Ex.timings

nameusersystemelapsed
BiocPkgTools-deprecated0.200.020.30
activitySince000
anacondaDownloadStats1.750.012.17
biocBuildReport 2.91 3.33135.33
biocDownloadStats10.15 0.5511.37
biocMaintained1.600.081.72
biocPkgList1.260.141.42
biocPkgRanges000
biocRevDepEmail1.250.091.85
buildPkgDependencyDataFrame2.600.192.81
buildPkgDependencyIgraph1.120.081.22
class-dependencies5.360.215.58
firstInBioc12.02 0.4712.53
generateBiocPkgDOI000
getBiocVignette1.120.081.25
get_bioc_data13.17 0.5614.04
get_cre_orcids0.000.020.02
githubDetails1.350.127.72
githubURLParts1.250.051.42
inducedSubgraphByPkgs1.140.051.27
latestPkgStats000
orcid_table000
pkgBiocDeps0.110.000.16
pkgCombDependencyGain6.120.566.72
pkgDepImports0.220.000.22
pkgDepMetrics6.280.526.82
pkgDownloadRank0.970.111.32
pkgDownloadStats0.080.000.09
problemPage000
repositoryStats0.080.000.09
subgraphByDegree1.110.031.16