Back to Multiple platform build/check report for BioC 3.17:   simplified   long
A[B]CDEFGHIJKLMNOPQRSTUVWXYZ

This page was generated on 2023-03-24 11:06:36 -0400 (Fri, 24 Mar 2023).

HostnameOSArch (*)R versionInstalled pkgs
nebbiolo1Linux (Ubuntu 22.04.1 LTS)x86_64R Under development (unstable) (2023-03-16 r83996) -- "Unsuffered Consequences" 4546
palomino3Windows Server 2022 Datacenterx64R Under development (unstable) (2023-03-15 r83984 ucrt) -- "Unsuffered Consequences" 4307
merida1macOS 10.14.6 Mojavex86_64R Under development (unstable) (2023-03-16 r83985) -- "Unsuffered Consequences" 4299
Click on any hostname to see more info about the system (e.g. compilers)      (*) as reported by 'uname -p', except on Windows and Mac OS X

CHECK results for BiocPkgTools on merida1


To the developers/maintainers of the BiocPkgTools package:
- Please allow up to 24 hours (and sometimes 48 hours) for your latest push to git@git.bioconductor.org:packages/BiocPkgTools.git to
reflect on this report. See How and When does the builder pull? When will my changes propagate? for more information.
- Make sure to use the following settings in order to reproduce any error or warning you see on this page.

raw results

Package 183/2195HostnameOS / ArchINSTALLBUILDCHECKBUILD BIN
BiocPkgTools 1.17.10  (landing page)
Sean Davis
Snapshot Date: 2023-03-23 14:00:15 -0400 (Thu, 23 Mar 2023)
git_url: https://git.bioconductor.org/packages/BiocPkgTools
git_branch: devel
git_last_commit: 8d1470a
git_last_commit_date: 2023-02-16 12:53:15 -0400 (Thu, 16 Feb 2023)
nebbiolo1Linux (Ubuntu 22.04.1 LTS) / x86_64  OK    OK    WARNINGS  UNNEEDED, same version is already published
palomino3Windows Server 2022 Datacenter / x64  OK    OK    WARNINGS    OK  UNNEEDED, same version is already published
merida1macOS 10.14.6 Mojave / x86_64  OK    OK    WARNINGS    OK  UNNEEDED, same version is already published

Summary

Package: BiocPkgTools
Version: 1.17.10
Command: /Library/Frameworks/R.framework/Resources/bin/R CMD check --install=check:BiocPkgTools.install-out.txt --library=/Library/Frameworks/R.framework/Resources/library --no-vignettes --timings BiocPkgTools_1.17.10.tar.gz
StartedAt: 2023-03-23 22:54:00 -0400 (Thu, 23 Mar 2023)
EndedAt: 2023-03-23 23:03:15 -0400 (Thu, 23 Mar 2023)
EllapsedTime: 554.5 seconds
RetCode: 0
Status:   WARNINGS  
CheckDir: BiocPkgTools.Rcheck
Warnings: 1

Command output

##############################################################################
##############################################################################
###
### Running command:
###
###   /Library/Frameworks/R.framework/Resources/bin/R CMD check --install=check:BiocPkgTools.install-out.txt --library=/Library/Frameworks/R.framework/Resources/library --no-vignettes --timings BiocPkgTools_1.17.10.tar.gz
###
##############################################################################
##############################################################################


* using log directory ‘/Users/biocbuild/bbs-3.17-bioc/meat/BiocPkgTools.Rcheck’
* using R Under development (unstable) (2023-03-16 r83985)
* using platform: x86_64-apple-darwin17.0 (64-bit)
* R was compiled by
    Apple clang version 12.0.0 (clang-1200.0.32.29)
    GNU Fortran (GCC) 8.2.0
* running under: macOS Mojave 10.14.6
* using session charset: UTF-8
* using option ‘--no-vignettes’
* checking for file ‘BiocPkgTools/DESCRIPTION’ ... OK
* checking extension type ... Package
* this is package ‘BiocPkgTools’ version ‘1.17.10’
* package encoding: UTF-8
* checking package namespace information ... OK
* checking package dependencies ... OK
* checking if this is a source package ... OK
* checking if there is a namespace ... OK
* checking for hidden files and directories ... OK
* checking for portable file names ... OK
* checking for sufficient/correct file permissions ... OK
* checking whether package ‘BiocPkgTools’ can be installed ... OK
* checking installed package size ... OK
* checking package directory ... OK
* checking ‘build’ directory ... OK
* checking DESCRIPTION meta-information ... OK
* checking top-level files ... OK
* checking for left-over files ... OK
* checking index information ... OK
* checking package subdirectories ... OK
* checking R files for non-ASCII characters ... OK
* checking R files for syntax errors ... OK
* checking whether the package can be loaded ... OK
* checking whether the package can be loaded with stated dependencies ... OK
* checking whether the package can be unloaded cleanly ... OK
* checking whether the namespace can be loaded with stated dependencies ... OK
* checking whether the namespace can be unloaded cleanly ... OK
* checking dependencies in R code ... NOTE
Unexported objects imported by ':::' calls:
  ‘BiocManager:::.repositories’ ‘BiocManager:::.repositories_bioc’
  ‘BiocManager:::.repository_container_version’
  ‘BiocManager:::.version_bioc’
  See the note in ?`:::` about the use of this operator.
* checking S3 generic/method consistency ... OK
* checking replacement functions ... OK
* checking foreign function calls ... OK
* checking R code for possible problems ... OK
* checking Rd files ... OK
* checking Rd metadata ... OK
* checking Rd cross-references ... OK
* checking for missing documentation entries ... OK
* checking for code/documentation mismatches ... OK
* checking Rd \usage sections ... OK
* checking Rd contents ... OK
* checking for unstated dependencies in examples ... OK
* checking files in ‘vignettes’ ... OK
* checking examples ... WARNING
Found the following significant warnings:

  Warning: 'biocLastBuildDate' is deprecated.
Deprecated functions may be defunct as soon as of the next release of
R.
See ?Deprecated.
Examples with CPU (user + system) or elapsed time > 5s
                              user system elapsed
biocBuildReport              7.252 20.527  37.033
get_bioc_data               17.571  0.528  26.685
firstInBioc                 14.596  0.395  20.153
pkgCombDependencyGain       14.217  0.482  22.061
pkgDepMetrics               12.904  0.349  18.561
biocDownloadStats           11.979  0.334  16.282
class-dependencies          10.018  0.195  13.355
buildPkgDependencyDataFrame  5.086  0.134   6.948
subgraphByDegree             3.483  0.092   5.282
githubDetails                3.196  0.300   5.826
anacondaDownloadStats        3.175  0.051   5.119
* checking for unstated dependencies in ‘tests’ ... OK
* checking tests ...
  Running ‘testthat.R’
 OK
* checking for unstated dependencies in vignettes ... OK
* checking package vignettes in ‘inst/doc’ ... OK
* checking running R code from vignettes ... SKIPPED
* checking re-building of vignette outputs ... SKIPPED
* checking PDF version of manual ... OK
* DONE

Status: 1 WARNING, 1 NOTE
See
  ‘/Users/biocbuild/bbs-3.17-bioc/meat/BiocPkgTools.Rcheck/00check.log’
for details.



Installation output

BiocPkgTools.Rcheck/00install.out

##############################################################################
##############################################################################
###
### Running command:
###
###   /Library/Frameworks/R.framework/Resources/bin/R CMD INSTALL BiocPkgTools
###
##############################################################################
##############################################################################


* installing to library ‘/Library/Frameworks/R.framework/Versions/4.3/Resources/library’
* installing *source* package ‘BiocPkgTools’ ...
** using staged installation
** R
** inst
** byte-compile and prepare package for lazy loading
** help
*** installing help indices
** building package indices
** installing vignettes
** testing if installed package can be loaded from temporary location
** testing if installed package can be loaded from final location
** testing if installed package keeps a record of temporary installation path
* DONE (BiocPkgTools)

Tests output

BiocPkgTools.Rcheck/tests/testthat.Rout


R Under development (unstable) (2023-03-16 r83985) -- "Unsuffered Consequences"
Copyright (C) 2023 The R Foundation for Statistical Computing
Platform: x86_64-apple-darwin17.0 (64-bit)

R is free software and comes with ABSOLUTELY NO WARRANTY.
You are welcome to redistribute it under certain conditions.
Type 'license()' or 'licence()' for distribution details.

R is a collaborative project with many contributors.
Type 'contributors()' for more information and
'citation()' on how to cite R or R packages in publications.

Type 'demo()' for some demos, 'help()' for on-line help, or
'help.start()' for an HTML browser interface to help.
Type 'q()' to quit R.

> library(testthat)
> library(BiocPkgTools)
Loading required package: htmlwidgets
> 
> test_check("BiocPkgTools")
trying URL 'https://bioconductor.org/packages/3.17/bioc/vignettes/a4/inst/doc/a4vignette.pdf'
Content type 'application/pdf' length 1304018 bytes (1.2 MB)
==================================================
downloaded 3730 bytes

[ FAIL 0 | WARN 4 | SKIP 0 | PASS 30 ]

[ FAIL 0 | WARN 4 | SKIP 0 | PASS 30 ]
> 
> proc.time()
   user  system elapsed 
 63.372  30.906 158.867 

Example timings

BiocPkgTools.Rcheck/BiocPkgTools-Ex.timings

nameusersystemelapsed
BiocPkgTools-deprecated0.5280.0170.750
activitySince0.0010.0000.000
anacondaDownloadStats3.1750.0515.119
biocBuildReport 7.25220.52737.033
biocDownloadStats11.979 0.33416.282
biocMaintained2.8540.1024.114
biocPkgList2.5780.0793.801
biocPkgRanges000
biocRevDepEmail2.4630.0833.807
buildPkgDependencyDataFrame5.0860.1346.948
buildPkgDependencyIgraph2.5510.0653.830
class-dependencies10.018 0.19513.355
firstInBioc14.596 0.39520.153
generateBiocPkgDOI000
getBiocVignette2.3770.1073.593
get_bioc_data17.571 0.52826.685
get_cre_orcids0.0130.0010.017
githubDetails3.1960.3005.826
githubURLParts2.3490.0743.434
inducedSubgraphByPkgs2.6330.0893.914
latestPkgStats000
orcid_table0.0000.0000.001
pkgBiocDeps0.2320.0080.407
pkgCombDependencyGain14.217 0.48222.061
pkgDepImports0.3760.0020.477
pkgDepMetrics12.904 0.34918.561
pkgDownloadRank1.6910.0562.318
pkgDownloadStats0.0430.0010.189
problemPage000
repositoryStats0.1520.0050.321
subgraphByDegree3.4830.0925.282