Back to Multiple platform build/check report for BioC 3.17:   simplified   long
A[B]CDEFGHIJKLMNOPQRSTUVWXYZ

This page was generated on 2023-03-27 11:04:56 -0400 (Mon, 27 Mar 2023).

HostnameOSArch (*)R versionInstalled pkgs
nebbiolo1Linux (Ubuntu 22.04.1 LTS)x86_64R Under development (unstable) (2023-03-16 r83996) -- "Unsuffered Consequences" 4547
palomino3Windows Server 2022 Datacenterx64R Under development (unstable) (2023-03-15 r83984 ucrt) -- "Unsuffered Consequences" 4308
merida1macOS 10.14.6 Mojavex86_64R Under development (unstable) (2023-03-16 r83985) -- "Unsuffered Consequences" 4300
Click on any hostname to see more info about the system (e.g. compilers)      (*) as reported by 'uname -p', except on Windows and Mac OS X

CHECK results for BRGenomics on nebbiolo1


To the developers/maintainers of the BRGenomics package:
- Please allow up to 24 hours (and sometimes 48 hours) for your latest push to git@git.bioconductor.org:packages/BRGenomics.git to
reflect on this report. See How and When does the builder pull? When will my changes propagate? for more information.
- Make sure to use the following settings in order to reproduce any error or warning you see on this page.

raw results

Package 236/2195HostnameOS / ArchINSTALLBUILDCHECKBUILD BIN
BRGenomics 1.11.0  (landing page)
Mike DeBerardine
Snapshot Date: 2023-03-26 14:00:09 -0400 (Sun, 26 Mar 2023)
git_url: https://git.bioconductor.org/packages/BRGenomics
git_branch: devel
git_last_commit: 7287b3d
git_last_commit_date: 2022-11-01 11:21:40 -0400 (Tue, 01 Nov 2022)
nebbiolo1Linux (Ubuntu 22.04.1 LTS) / x86_64  OK    OK    WARNINGS  UNNEEDED, same version is already published
palomino3Windows Server 2022 Datacenter / x64  OK    OK    WARNINGS    OK  UNNEEDED, same version is already published
merida1macOS 10.14.6 Mojave / x86_64  OK    OK    WARNINGS    OK  UNNEEDED, same version is already published

Summary

Package: BRGenomics
Version: 1.11.0
Command: /home/biocbuild/bbs-3.17-bioc/R/bin/R CMD check --install=check:BRGenomics.install-out.txt --library=/home/biocbuild/bbs-3.17-bioc/R/site-library --timings BRGenomics_1.11.0.tar.gz
StartedAt: 2023-03-26 19:13:58 -0400 (Sun, 26 Mar 2023)
EndedAt: 2023-03-26 19:22:36 -0400 (Sun, 26 Mar 2023)
EllapsedTime: 518.0 seconds
RetCode: 0
Status:   WARNINGS  
CheckDir: BRGenomics.Rcheck
Warnings: 1

Command output

##############################################################################
##############################################################################
###
### Running command:
###
###   /home/biocbuild/bbs-3.17-bioc/R/bin/R CMD check --install=check:BRGenomics.install-out.txt --library=/home/biocbuild/bbs-3.17-bioc/R/site-library --timings BRGenomics_1.11.0.tar.gz
###
##############################################################################
##############################################################################


* using log directory ‘/home/biocbuild/bbs-3.17-bioc/meat/BRGenomics.Rcheck’
* using R Under development (unstable) (2023-03-16 r83996)
* using platform: x86_64-pc-linux-gnu (64-bit)
* R was compiled by
    gcc (Ubuntu 11.3.0-1ubuntu1~22.04) 11.3.0
    GNU Fortran (Ubuntu 11.3.0-1ubuntu1~22.04) 11.3.0
* running under: Ubuntu 22.04.2 LTS
* using session charset: UTF-8
* checking for file ‘BRGenomics/DESCRIPTION’ ... OK
* checking extension type ... Package
* this is package ‘BRGenomics’ version ‘1.11.0’
* package encoding: UTF-8
* checking package namespace information ... OK
* checking package dependencies ... OK
* checking if this is a source package ... OK
* checking if there is a namespace ... OK
* checking for hidden files and directories ... OK
* checking for portable file names ... OK
* checking for sufficient/correct file permissions ... OK
* checking whether package ‘BRGenomics’ can be installed ... OK
* checking installed package size ... OK
* checking package directory ... OK
* checking ‘build’ directory ... OK
* checking DESCRIPTION meta-information ... OK
* checking top-level files ... OK
* checking for left-over files ... OK
* checking index information ... OK
* checking package subdirectories ... OK
* checking R files for non-ASCII characters ... OK
* checking R files for syntax errors ... OK
* checking whether the package can be loaded ... OK
* checking whether the package can be loaded with stated dependencies ... OK
* checking whether the package can be unloaded cleanly ... OK
* checking whether the namespace can be loaded with stated dependencies ... OK
* checking whether the namespace can be unloaded cleanly ... OK
* checking loading without being on the library search path ... OK
* checking dependencies in R code ... OK
* checking S3 generic/method consistency ... OK
* checking replacement functions ... OK
* checking foreign function calls ... OK
* checking R code for possible problems ... OK
* checking Rd files ... OK
* checking Rd metadata ... OK
* checking Rd cross-references ... WARNING
Missing link or links in documentation object 'getCountsByRegions.Rd':
  ‘[rtracklayer:export]{rtracklayer::import.bw}’

Missing link or links in documentation object 'import-functions.Rd':
  ‘[rtracklayer:export]{rtracklayer::import}’

See section 'Cross-references' in the 'Writing R Extensions' manual.
* checking for missing documentation entries ... OK
* checking for code/documentation mismatches ... OK
* checking Rd \usage sections ... OK
* checking Rd contents ... OK
* checking for unstated dependencies in examples ... OK
* checking contents of ‘data’ directory ... OK
* checking data for non-ASCII characters ... OK
* checking data for ASCII and uncompressed saves ... OK
* checking files in ‘vignettes’ ... OK
* checking examples ... OK
Examples with CPU (user + system) or elapsed time > 5s
                  user system elapsed
getDESeqResults 10.587  0.084  10.672
* checking for unstated dependencies in ‘tests’ ... OK
* checking tests ...
  Running ‘testthat.R’
 OK
* checking for unstated dependencies in vignettes ... OK
* checking package vignettes in ‘inst/doc’ ... OK
* checking running R code from vignettes ...
  ‘AnalyzingMultipleDatasets.Rmd’ using ‘UTF-8’... OK
  ‘DESeq2WithGlobalPerturbations.Rmd’ using ‘UTF-8’... OK
  ‘GettingStarted.Rmd’ using ‘UTF-8’... OK
  ‘ImportingModifyingAnnotations.Rmd’ using ‘UTF-8’... OK
  ‘ImportingProcessingData.Rmd’ using ‘UTF-8’... OK
  ‘Overview.Rmd’ using ‘UTF-8’... OK
  ‘ProfilePlotsAndBootstrapping.Rmd’ using ‘UTF-8’... OK
  ‘SequenceExtraction.Rmd’ using ‘UTF-8’... OK
  ‘SignalCounting.Rmd’ using ‘UTF-8’... OK
  ‘SpikeInNormalization.Rmd’ using ‘UTF-8’... OK
 NONE
* checking re-building of vignette outputs ... OK
* checking PDF version of manual ... OK
* DONE

Status: 1 WARNING
See
  ‘/home/biocbuild/bbs-3.17-bioc/meat/BRGenomics.Rcheck/00check.log’
for details.



Installation output

BRGenomics.Rcheck/00install.out

##############################################################################
##############################################################################
###
### Running command:
###
###   /home/biocbuild/bbs-3.17-bioc/R/bin/R CMD INSTALL BRGenomics
###
##############################################################################
##############################################################################


* installing to library ‘/home/biocbuild/bbs-3.17-bioc/R/site-library’
* installing *source* package ‘BRGenomics’ ...
** using staged installation
** R
** data
** inst
** byte-compile and prepare package for lazy loading
** help
*** installing help indices
** building package indices
** installing vignettes
** testing if installed package can be loaded from temporary location
** testing if installed package can be loaded from final location
** testing if installed package keeps a record of temporary installation path
* DONE (BRGenomics)

Tests output

BRGenomics.Rcheck/tests/testthat.Rout


R Under development (unstable) (2023-03-16 r83996) -- "Unsuffered Consequences"
Copyright (C) 2023 The R Foundation for Statistical Computing
Platform: x86_64-pc-linux-gnu (64-bit)

R is free software and comes with ABSOLUTELY NO WARRANTY.
You are welcome to redistribute it under certain conditions.
Type 'license()' or 'licence()' for distribution details.

R is a collaborative project with many contributors.
Type 'contributors()' for more information and
'citation()' on how to cite R or R packages in publications.

Type 'demo()' for some demos, 'help()' for on-line help, or
'help.start()' for an HTML browser interface to help.
Type 'q()' to quit R.

> Sys.setenv("R_TESTS" = "")
> library(testthat)
> library(BRGenomics)
Loading required package: rtracklayer
Loading required package: GenomicRanges
Loading required package: stats4
Loading required package: BiocGenerics

Attaching package: 'BiocGenerics'

The following objects are masked from 'package:stats':

    IQR, mad, sd, var, xtabs

The following objects are masked from 'package:base':

    Filter, Find, Map, Position, Reduce, anyDuplicated, aperm, append,
    as.data.frame, basename, cbind, colnames, dirname, do.call,
    duplicated, eval, evalq, get, grep, grepl, intersect, is.unsorted,
    lapply, mapply, match, mget, order, paste, pmax, pmax.int, pmin,
    pmin.int, rank, rbind, rownames, sapply, setdiff, sort, table,
    tapply, union, unique, unsplit, which.max, which.min

Loading required package: S4Vectors

Attaching package: 'S4Vectors'

The following objects are masked from 'package:base':

    I, expand.grid, unname

Loading required package: IRanges
Loading required package: GenomeInfoDb
> 
> test_check("BRGenomics")
[ FAIL 0 | WARN 0 | SKIP 0 | PASS 576 ]
> 
> proc.time()
   user  system elapsed 
121.291   8.396 128.009 

Example timings

BRGenomics.Rcheck/BRGenomics-Ex.timings

nameusersystemelapsed
applyNFsGRanges0.2260.0010.226
binNDimensions0.3840.0080.392
bootstrap-signal-by-position0.3350.0080.344
genebodies0.1560.0070.165
getCountsByPositions0.4430.0000.442
getCountsByRegions0.2190.0120.231
getDESeqDataSet1.2820.0071.290
getDESeqResults10.587 0.08410.672
getMaxPositionsBySignal0.2800.0040.284
getPausingIndices0.5660.0120.578
getSpikeInCounts0.2600.2650.375
getSpikeInNFs0.5080.2290.567
getStrandedCoverage0.9570.0471.004
import-functions0.8550.0400.896
import_bam0.6610.0120.673
intersectByGene0.9840.0201.004
makeGRangesBRG0.3560.0000.357
mergeGRangesData1.0200.0201.039
mergeReplicates0.6170.0160.633
subsampleBySpikeIn0.7290.3790.901
subsampleGRanges0.0750.0080.084
subsetRegionsBySignal0.6860.0790.765
tidyChromosomes0.6560.1000.757