Back to Multiple platform build/check report for BioC 3.16:   simplified   long
ABCDEFGHIJK[L]MNOPQRSTUVWXYZ

This page was generated on 2023-03-17 11:06:02 -0400 (Fri, 17 Mar 2023).

HostnameOSArch (*)R versionInstalled pkgs
nebbiolo2Linux (Ubuntu 20.04.5 LTS)x86_644.2.2 (2022-10-31) -- "Innocent and Trusting" 4516
palomino4Windows Server 2022 Datacenterx644.2.2 (2022-10-31 ucrt) -- "Innocent and Trusting" 4295
lconwaymacOS 12.5.1 Montereyx86_644.2.2 (2022-10-31) -- "Innocent and Trusting" 4324
Click on any hostname to see more info about the system (e.g. compilers)      (*) as reported by 'uname -p', except on Windows and Mac OS X

CHECK results for lumi on palomino4


To the developers/maintainers of the lumi package:
- Please allow up to 24 hours (and sometimes 48 hours) for your latest push to git@git.bioconductor.org:packages/lumi.git to
reflect on this report. See How and When does the builder pull? When will my changes propagate? for more information.
- Make sure to use the following settings in order to reproduce any error or warning you see on this page.

raw results

Package 1065/2183HostnameOS / ArchINSTALLBUILDCHECKBUILD BIN
lumi 2.50.0  (landing page)
Lei Huang
Snapshot Date: 2023-03-15 14:00:04 -0400 (Wed, 15 Mar 2023)
git_url: https://git.bioconductor.org/packages/lumi
git_branch: RELEASE_3_16
git_last_commit: 8711b77
git_last_commit_date: 2022-11-01 10:42:41 -0400 (Tue, 01 Nov 2022)
nebbiolo2Linux (Ubuntu 20.04.5 LTS) / x86_64  OK    OK    WARNINGS  UNNEEDED, same version is already published
palomino4Windows Server 2022 Datacenter / x64  OK    OK    WARNINGS    OK  UNNEEDED, same version is already published
lconwaymacOS 12.5.1 Monterey / x86_64  OK    OK    WARNINGS    OK  UNNEEDED, same version is already published

Summary

Package: lumi
Version: 2.50.0
Command: F:\biocbuild\bbs-3.16-bioc\R\bin\R.exe CMD check --no-multiarch --install=check:lumi.install-out.txt --library=F:\biocbuild\bbs-3.16-bioc\R\library --no-vignettes --timings lumi_2.50.0.tar.gz
StartedAt: 2023-03-16 02:51:24 -0400 (Thu, 16 Mar 2023)
EndedAt: 2023-03-16 02:58:33 -0400 (Thu, 16 Mar 2023)
EllapsedTime: 428.3 seconds
RetCode: 0
Status:   WARNINGS  
CheckDir: lumi.Rcheck
Warnings: 3

Command output

##############################################################################
##############################################################################
###
### Running command:
###
###   F:\biocbuild\bbs-3.16-bioc\R\bin\R.exe CMD check --no-multiarch --install=check:lumi.install-out.txt --library=F:\biocbuild\bbs-3.16-bioc\R\library --no-vignettes --timings lumi_2.50.0.tar.gz
###
##############################################################################
##############################################################################


* using log directory 'F:/biocbuild/bbs-3.16-bioc/meat/lumi.Rcheck'
* using R version 4.2.2 (2022-10-31 ucrt)
* using platform: x86_64-w64-mingw32 (64-bit)
* using session charset: UTF-8
* using option '--no-vignettes'
* checking for file 'lumi/DESCRIPTION' ... OK
* checking extension type ... Package
* this is package 'lumi' version '2.50.0'
* checking package namespace information ... OK
* checking package dependencies ... OK
* checking if this is a source package ... OK
* checking if there is a namespace ... OK
* checking for hidden files and directories ... OK
* checking for portable file names ... OK
* checking whether package 'lumi' can be installed ... OK
* checking installed package size ... OK
* checking package directory ... OK
* checking DESCRIPTION meta-information ... OK
* checking top-level files ... OK
* checking for left-over files ... OK
* checking index information ... OK
* checking package subdirectories ... OK
* checking R files for non-ASCII characters ... OK
* checking R files for syntax errors ... OK
* checking whether the package can be loaded ... OK
* checking whether the package can be loaded with stated dependencies ... OK
* checking whether the package can be unloaded cleanly ... OK
* checking whether the namespace can be loaded with stated dependencies ... OK
* checking whether the namespace can be unloaded cleanly ... OK
* checking dependencies in R code ... WARNING
'::' or ':::' imports not declared from:
  'IRanges' 'bigmemoryExtras'
* checking S3 generic/method consistency ... OK
* checking replacement functions ... OK
* checking foreign function calls ... OK
* checking R code for possible problems ... OK
* checking Rd files ... OK
* checking Rd metadata ... OK
* checking Rd cross-references ... WARNING
Unknown package 'bigmemoryExtras' in Rd xrefs
Missing link or links in documentation object 'lumiN.Rd':
  '[vsn]{vsn}'

See section 'Cross-references' in the 'Writing R Extensions' manual.
* checking for missing documentation entries ... OK
* checking for code/documentation mismatches ... OK
* checking Rd \usage sections ... OK
* checking Rd contents ... OK
* checking for unstated dependencies in examples ... OK
* checking contents of 'data' directory ... OK
* checking data for non-ASCII characters ... OK
* checking data for ASCII and uncompressed saves ... OK
* checking files in 'vignettes' ... WARNING
Files in the 'vignettes' directory but no files in 'inst/doc':
  'IlluminaAnnotation.R', 'IlluminaAnnotation.pdf', 'lumi.R',
    'lumi.pdf', 'lumi_VST_evaluation.R', 'lumi_VST_evaluation.pdf',
    'methylationAnalysis.R', 'methylationAnalysis.pdf'
Package has no Sweave vignette sources and no VignetteBuilder field.
* checking examples ... OK
Examples with CPU (user + system) or elapsed time > 5s
                 user system elapsed
lumiMethyStatus 46.22   6.84   53.06
getChipInfo      4.95   0.33    6.94
* checking PDF version of manual ... OK
* DONE

Status: 3 WARNINGs
See
  'F:/biocbuild/bbs-3.16-bioc/meat/lumi.Rcheck/00check.log'
for details.



Installation output

lumi.Rcheck/00install.out

##############################################################################
##############################################################################
###
### Running command:
###
###   F:\biocbuild\bbs-3.16-bioc\R\bin\R.exe CMD INSTALL lumi
###
##############################################################################
##############################################################################


* installing to library 'F:/biocbuild/bbs-3.16-bioc/R/library'
* installing *source* package 'lumi' ...
** using staged installation
** R
** data
** inst
** byte-compile and prepare package for lazy loading
No methods found in package 'RSQLite' for request: 'dbListFields' when loading 'lumi'
** help
*** installing help indices
** building package indices
** installing vignettes
** testing if installed package can be loaded from temporary location
No methods found in package 'RSQLite' for request: 'dbListFields' when loading 'lumi'
** testing if installed package can be loaded from final location
No methods found in package 'RSQLite' for request: 'dbListFields' when loading 'lumi'
** testing if installed package keeps a record of temporary installation path
* DONE (lumi)

Tests output


Example timings

lumi.Rcheck/lumi-Ex.timings

nameusersystemelapsed
LumiBatch-class1.170.111.28
MAplot-methods4.400.054.46
addAnnotationInfo0.050.000.05
addControlData2lumi000
addNuID2lumi000
adjColorBias.quantile0.600.030.64
adjColorBias.ssn0.350.010.36
bgAdjust0.060.000.06
bgAdjustMethylation0.110.020.13
boxplot-MethyLumiM-methods0.470.000.47
boxplot-methods0.060.020.07
boxplotColorBias1.060.011.08
density-methods0.080.000.08
detectOutlier0.080.030.11
detectionCall0.130.000.12
estimateBeta0.120.000.13
estimateIntensity0.160.010.17
estimateLumiCV0.070.000.08
estimateM0.470.020.48
estimateMethylationBG0.100.010.11
example.lumi0.040.020.06
example.lumiMethy0.050.000.05
example.methyTitration0.160.000.16
gammaFitEM2.610.362.96
getChipInfo4.950.336.94
getControlData000
getControlProbe000
getControlType000
getNuIDMappingInfo0.780.080.91
hist-methods0.110.000.11
id2seq000
inverseVST0.470.030.50
is.nuID000
lumiB0.080.000.08
lumiExpresso0.220.000.22
lumiMethyB0.030.020.05
lumiMethyC0.790.080.92
lumiMethyN0.080.000.08
lumiMethyStatus46.22 6.8453.06
lumiN0.390.080.47
lumiQ0.240.000.24
lumiR000
lumiR.batch000
lumiT0.310.000.32
methylationCall2.660.433.07
normalizeMethylation.quantile0.160.000.16
normalizeMethylation.ssn0.140.010.16
nuID2EntrezID0.540.000.54
nuID2IlluminaID3.220.023.24
nuID2RefSeqID0.640.000.64
nuID2probeID3.030.013.05
nuID2targetID3.630.023.64
pairs-methods0.690.030.71
plot-methods1.530.001.54
plotCDF0.120.000.12
plotColorBias1D0.180.000.17
plotColorBias2D0.180.000.19
plotControlData000
plotDensity0.170.020.19
plotGammaFit3.080.103.19
plotHousekeepingGene000
plotSampleRelation0.360.050.40
plotStringencyGene000
plotVST0.270.050.31
probeID2nuID3.030.003.04
produceGEOPlatformFile000
produceGEOSubmissionFile000
produceMethylationGEOSubmissionFile000
seq2id000
targetID2nuID3.090.013.10
vst0.160.000.16