Back to Multiple platform build/check report for BioC 3.16: simplified long |
|
This page was generated on 2023-03-17 11:05:29 -0400 (Fri, 17 Mar 2023).
Hostname | OS | Arch (*) | R version | Installed pkgs |
---|---|---|---|---|
nebbiolo2 | Linux (Ubuntu 20.04.5 LTS) | x86_64 | 4.2.2 (2022-10-31) -- "Innocent and Trusting" | 4516 |
palomino4 | Windows Server 2022 Datacenter | x64 | 4.2.2 (2022-10-31 ucrt) -- "Innocent and Trusting" | 4295 |
lconway | macOS 12.5.1 Monterey | x86_64 | 4.2.2 (2022-10-31) -- "Innocent and Trusting" | 4324 |
Click on any hostname to see more info about the system (e.g. compilers) (*) as reported by 'uname -p', except on Windows and Mac OS X |
To the developers/maintainers of the lumi package: - Please allow up to 24 hours (and sometimes 48 hours) for your latest push to git@git.bioconductor.org:packages/lumi.git to reflect on this report. See How and When does the builder pull? When will my changes propagate? for more information. - Make sure to use the following settings in order to reproduce any error or warning you see on this page. |
Package 1065/2183 | Hostname | OS / Arch | INSTALL | BUILD | CHECK | BUILD BIN | ||||||||
lumi 2.50.0 (landing page) Lei Huang
| nebbiolo2 | Linux (Ubuntu 20.04.5 LTS) / x86_64 | OK | OK | WARNINGS | ![]() | ||||||||
palomino4 | Windows Server 2022 Datacenter / x64 | OK | OK | WARNINGS | OK | ![]() | ||||||||
lconway | macOS 12.5.1 Monterey / x86_64 | OK | OK | WARNINGS | OK | ![]() | ||||||||
Package: lumi |
Version: 2.50.0 |
Command: /home/biocbuild/bbs-3.16-bioc/R/bin/R CMD check --install=check:lumi.install-out.txt --library=/home/biocbuild/bbs-3.16-bioc/R/library --timings lumi_2.50.0.tar.gz |
StartedAt: 2023-03-15 21:29:12 -0400 (Wed, 15 Mar 2023) |
EndedAt: 2023-03-15 21:36:03 -0400 (Wed, 15 Mar 2023) |
EllapsedTime: 411.2 seconds |
RetCode: 0 |
Status: WARNINGS |
CheckDir: lumi.Rcheck |
Warnings: 3 |
############################################################################## ############################################################################## ### ### Running command: ### ### /home/biocbuild/bbs-3.16-bioc/R/bin/R CMD check --install=check:lumi.install-out.txt --library=/home/biocbuild/bbs-3.16-bioc/R/library --timings lumi_2.50.0.tar.gz ### ############################################################################## ############################################################################## * using log directory ‘/home/biocbuild/bbs-3.16-bioc/meat/lumi.Rcheck’ * using R version 4.2.2 (2022-10-31) * using platform: x86_64-pc-linux-gnu (64-bit) * using session charset: UTF-8 * checking for file ‘lumi/DESCRIPTION’ ... OK * checking extension type ... Package * this is package ‘lumi’ version ‘2.50.0’ * checking package namespace information ... OK * checking package dependencies ... OK * checking if this is a source package ... OK * checking if there is a namespace ... OK * checking for hidden files and directories ... OK * checking for portable file names ... OK * checking for sufficient/correct file permissions ... OK * checking whether package ‘lumi’ can be installed ... OK * checking installed package size ... OK * checking package directory ... OK * checking DESCRIPTION meta-information ... OK * checking top-level files ... OK * checking for left-over files ... OK * checking index information ... OK * checking package subdirectories ... OK * checking R files for non-ASCII characters ... OK * checking R files for syntax errors ... OK * checking whether the package can be loaded ... OK * checking whether the package can be loaded with stated dependencies ... OK * checking whether the package can be unloaded cleanly ... OK * checking whether the namespace can be loaded with stated dependencies ... OK * checking whether the namespace can be unloaded cleanly ... OK * checking dependencies in R code ... WARNING '::' or ':::' imports not declared from: ‘IRanges’ ‘bigmemoryExtras’ * checking S3 generic/method consistency ... OK * checking replacement functions ... OK * checking foreign function calls ... OK * checking R code for possible problems ... OK * checking Rd files ... OK * checking Rd metadata ... OK * checking Rd cross-references ... WARNING Unknown package ‘bigmemoryExtras’ in Rd xrefs Missing link or links in documentation object 'lumiN.Rd': ‘[vsn]{vsn}’ See section 'Cross-references' in the 'Writing R Extensions' manual. * checking for missing documentation entries ... OK * checking for code/documentation mismatches ... OK * checking Rd \usage sections ... OK * checking Rd contents ... OK * checking for unstated dependencies in examples ... OK * checking contents of ‘data’ directory ... OK * checking data for non-ASCII characters ... OK * checking data for ASCII and uncompressed saves ... OK * checking files in ‘vignettes’ ... WARNING Files in the 'vignettes' directory but no files in 'inst/doc': ‘IlluminaAnnotation.R’, ‘IlluminaAnnotation.pdf’, ‘lumi.R’, ‘lumi.pdf’, ‘lumi_VST_evaluation.R’, ‘lumi_VST_evaluation.pdf’, ‘methylationAnalysis.R’, ‘methylationAnalysis.pdf’ Package has no Sweave vignette sources and no VignetteBuilder field. * checking examples ... OK Examples with CPU (user + system) or elapsed time > 5s user system elapsed lumiMethyStatus 38.746 0.480 39.227 MAplot-methods 5.739 0.164 5.902 * checking PDF version of manual ... OK * DONE Status: 3 WARNINGs See ‘/home/biocbuild/bbs-3.16-bioc/meat/lumi.Rcheck/00check.log’ for details.
lumi.Rcheck/00install.out
############################################################################## ############################################################################## ### ### Running command: ### ### /home/biocbuild/bbs-3.16-bioc/R/bin/R CMD INSTALL lumi ### ############################################################################## ############################################################################## * installing to library ‘/home/biocbuild/bbs-3.16-bioc/R/library’ * installing *source* package ‘lumi’ ... ** using staged installation ** R ** data ** inst ** byte-compile and prepare package for lazy loading No methods found in package ‘RSQLite’ for request: ‘dbListFields’ when loading ‘lumi’ ** help *** installing help indices ** building package indices ** installing vignettes ** testing if installed package can be loaded from temporary location No methods found in package ‘RSQLite’ for request: ‘dbListFields’ when loading ‘lumi’ ** testing if installed package can be loaded from final location No methods found in package ‘RSQLite’ for request: ‘dbListFields’ when loading ‘lumi’ ** testing if installed package keeps a record of temporary installation path * DONE (lumi)
lumi.Rcheck/lumi-Ex.timings
name | user | system | elapsed | |
LumiBatch-class | 1.077 | 0.040 | 1.117 | |
MAplot-methods | 5.739 | 0.164 | 5.902 | |
addAnnotationInfo | 0.059 | 0.012 | 0.071 | |
addControlData2lumi | 0 | 0 | 0 | |
addNuID2lumi | 0 | 0 | 0 | |
adjColorBias.quantile | 0.695 | 0.007 | 0.703 | |
adjColorBias.ssn | 1.504 | 0.132 | 1.636 | |
bgAdjust | 0.08 | 0.00 | 0.08 | |
bgAdjustMethylation | 0.149 | 0.004 | 0.153 | |
boxplot-MethyLumiM-methods | 0.416 | 0.000 | 0.416 | |
boxplot-methods | 0.083 | 0.004 | 0.087 | |
boxplotColorBias | 0.119 | 0.003 | 0.124 | |
density-methods | 0.077 | 0.004 | 0.082 | |
detectOutlier | 0.080 | 0.000 | 0.081 | |
detectionCall | 0.135 | 0.004 | 0.140 | |
estimateBeta | 0.149 | 0.000 | 0.148 | |
estimateIntensity | 0.160 | 0.000 | 0.159 | |
estimateLumiCV | 0.083 | 0.008 | 0.091 | |
estimateM | 0.396 | 0.000 | 0.396 | |
estimateMethylationBG | 0.108 | 0.000 | 0.109 | |
example.lumi | 0.071 | 0.000 | 0.071 | |
example.lumiMethy | 0.051 | 0.000 | 0.051 | |
example.methyTitration | 0.173 | 0.000 | 0.174 | |
gammaFitEM | 2.070 | 0.047 | 2.118 | |
getChipInfo | 3.581 | 0.153 | 3.739 | |
getControlData | 0.001 | 0.000 | 0.001 | |
getControlProbe | 0.000 | 0.000 | 0.001 | |
getControlType | 0.000 | 0.000 | 0.001 | |
getNuIDMappingInfo | 0.794 | 0.044 | 0.839 | |
hist-methods | 0.108 | 0.004 | 0.112 | |
id2seq | 0.001 | 0.000 | 0.000 | |
inverseVST | 0.490 | 0.016 | 0.506 | |
is.nuID | 0.001 | 0.000 | 0.000 | |
lumiB | 0.076 | 0.004 | 0.079 | |
lumiExpresso | 0.219 | 0.004 | 0.222 | |
lumiMethyB | 0.049 | 0.000 | 0.049 | |
lumiMethyC | 0.775 | 0.008 | 0.783 | |
lumiMethyN | 0.116 | 0.008 | 0.125 | |
lumiMethyStatus | 38.746 | 0.480 | 39.227 | |
lumiN | 0.389 | 0.024 | 0.413 | |
lumiQ | 0.242 | 0.004 | 0.246 | |
lumiR | 0 | 0 | 0 | |
lumiR.batch | 0 | 0 | 0 | |
lumiT | 0.318 | 0.008 | 0.327 | |
methylationCall | 2.143 | 0.008 | 2.151 | |
normalizeMethylation.quantile | 0.145 | 0.004 | 0.149 | |
normalizeMethylation.ssn | 0.113 | 0.000 | 0.113 | |
nuID2EntrezID | 0.611 | 0.004 | 0.616 | |
nuID2IlluminaID | 4.268 | 0.112 | 4.380 | |
nuID2RefSeqID | 0.665 | 0.000 | 0.665 | |
nuID2probeID | 2.829 | 0.040 | 2.870 | |
nuID2targetID | 2.753 | 0.012 | 2.765 | |
pairs-methods | 0.715 | 0.020 | 0.736 | |
plot-methods | 1.766 | 0.012 | 1.778 | |
plotCDF | 0.137 | 0.000 | 0.137 | |
plotColorBias1D | 0.169 | 0.004 | 0.173 | |
plotColorBias2D | 0.15 | 0.00 | 0.15 | |
plotControlData | 0.000 | 0.000 | 0.001 | |
plotDensity | 0.109 | 0.000 | 0.110 | |
plotGammaFit | 2.600 | 0.016 | 2.617 | |
plotHousekeepingGene | 0.001 | 0.000 | 0.000 | |
plotSampleRelation | 0.384 | 0.008 | 0.391 | |
plotStringencyGene | 0.001 | 0.000 | 0.001 | |
plotVST | 0.295 | 0.004 | 0.298 | |
probeID2nuID | 3.073 | 0.012 | 3.085 | |
produceGEOPlatformFile | 0 | 0 | 0 | |
produceGEOSubmissionFile | 0 | 0 | 0 | |
produceMethylationGEOSubmissionFile | 0 | 0 | 0 | |
seq2id | 0 | 0 | 0 | |
targetID2nuID | 2.855 | 0.016 | 2.872 | |
vst | 0.157 | 0.000 | 0.157 | |