Back to Multiple platform build/check report for BioC 3.16: simplified long |
|
This page was generated on 2023-03-17 11:06:40 -0400 (Fri, 17 Mar 2023).
Hostname | OS | Arch (*) | R version | Installed pkgs |
---|---|---|---|---|
nebbiolo2 | Linux (Ubuntu 20.04.5 LTS) | x86_64 | 4.2.2 (2022-10-31) -- "Innocent and Trusting" | 4516 |
palomino4 | Windows Server 2022 Datacenter | x64 | 4.2.2 (2022-10-31 ucrt) -- "Innocent and Trusting" | 4295 |
lconway | macOS 12.5.1 Monterey | x86_64 | 4.2.2 (2022-10-31) -- "Innocent and Trusting" | 4324 |
Click on any hostname to see more info about the system (e.g. compilers) (*) as reported by 'uname -p', except on Windows and Mac OS X |
To the developers/maintainers of the lumi package: - Please allow up to 24 hours (and sometimes 48 hours) for your latest push to git@git.bioconductor.org:packages/lumi.git to reflect on this report. See How and When does the builder pull? When will my changes propagate? for more information. - Make sure to use the following settings in order to reproduce any error or warning you see on this page. |
Package 1065/2183 | Hostname | OS / Arch | INSTALL | BUILD | CHECK | BUILD BIN | ||||||||
lumi 2.50.0 (landing page) Lei Huang
| nebbiolo2 | Linux (Ubuntu 20.04.5 LTS) / x86_64 | OK | OK | WARNINGS | ![]() | ||||||||
palomino4 | Windows Server 2022 Datacenter / x64 | OK | OK | WARNINGS | OK | ![]() | ||||||||
lconway | macOS 12.5.1 Monterey / x86_64 | OK | OK | WARNINGS | OK | ![]() | ||||||||
Package: lumi |
Version: 2.50.0 |
Command: /Library/Frameworks/R.framework/Resources/bin/R CMD check --install=check:lumi.install-out.txt --library=/Library/Frameworks/R.framework/Resources/library --no-vignettes --timings lumi_2.50.0.tar.gz |
StartedAt: 2023-03-15 21:01:05 -0400 (Wed, 15 Mar 2023) |
EndedAt: 2023-03-15 21:07:54 -0400 (Wed, 15 Mar 2023) |
EllapsedTime: 408.3 seconds |
RetCode: 0 |
Status: WARNINGS |
CheckDir: lumi.Rcheck |
Warnings: 3 |
############################################################################## ############################################################################## ### ### Running command: ### ### /Library/Frameworks/R.framework/Resources/bin/R CMD check --install=check:lumi.install-out.txt --library=/Library/Frameworks/R.framework/Resources/library --no-vignettes --timings lumi_2.50.0.tar.gz ### ############################################################################## ############################################################################## * using log directory ‘/Users/biocbuild/bbs-3.16-bioc/meat/lumi.Rcheck’ * using R version 4.2.2 (2022-10-31) * using platform: x86_64-apple-darwin17.0 (64-bit) * using session charset: UTF-8 * using option ‘--no-vignettes’ * checking for file ‘lumi/DESCRIPTION’ ... OK * checking extension type ... Package * this is package ‘lumi’ version ‘2.50.0’ * checking package namespace information ... OK * checking package dependencies ... OK * checking if this is a source package ... OK * checking if there is a namespace ... OK * checking for hidden files and directories ... OK * checking for portable file names ... OK * checking for sufficient/correct file permissions ... OK * checking whether package ‘lumi’ can be installed ... OK * checking installed package size ... OK * checking package directory ... OK * checking DESCRIPTION meta-information ... OK * checking top-level files ... OK * checking for left-over files ... OK * checking index information ... OK * checking package subdirectories ... OK * checking R files for non-ASCII characters ... OK * checking R files for syntax errors ... OK * checking whether the package can be loaded ... OK * checking whether the package can be loaded with stated dependencies ... OK * checking whether the package can be unloaded cleanly ... OK * checking whether the namespace can be loaded with stated dependencies ... OK * checking whether the namespace can be unloaded cleanly ... OK * checking dependencies in R code ... WARNING '::' or ':::' imports not declared from: ‘IRanges’ ‘bigmemoryExtras’ * checking S3 generic/method consistency ... OK * checking replacement functions ... OK * checking foreign function calls ... OK * checking R code for possible problems ... OK * checking Rd files ... OK * checking Rd metadata ... OK * checking Rd cross-references ... WARNING Unknown package ‘bigmemoryExtras’ in Rd xrefs Missing link or links in documentation object 'lumiN.Rd': ‘[vsn]{vsn}’ See section 'Cross-references' in the 'Writing R Extensions' manual. * checking for missing documentation entries ... OK * checking for code/documentation mismatches ... OK * checking Rd \usage sections ... OK * checking Rd contents ... OK * checking for unstated dependencies in examples ... OK * checking contents of ‘data’ directory ... OK * checking data for non-ASCII characters ... OK * checking data for ASCII and uncompressed saves ... OK * checking files in ‘vignettes’ ... WARNING Files in the 'vignettes' directory but no files in 'inst/doc': ‘IlluminaAnnotation.R’, ‘IlluminaAnnotation.pdf’, ‘lumi.R’, ‘lumi.pdf’, ‘lumi_VST_evaluation.R’, ‘lumi_VST_evaluation.pdf’, ‘methylationAnalysis.R’, ‘methylationAnalysis.pdf’ Package has no Sweave vignette sources and no VignetteBuilder field. * checking examples ... OK Examples with CPU (user + system) or elapsed time > 5s user system elapsed lumiMethyStatus 39.629 11.023 51.096 * checking PDF version of manual ... OK * DONE Status: 3 WARNINGs See ‘/Users/biocbuild/bbs-3.16-bioc/meat/lumi.Rcheck/00check.log’ for details.
lumi.Rcheck/00install.out
############################################################################## ############################################################################## ### ### Running command: ### ### /Library/Frameworks/R.framework/Resources/bin/R CMD INSTALL lumi ### ############################################################################## ############################################################################## * installing to library ‘/Library/Frameworks/R.framework/Versions/4.2/Resources/library’ * installing *source* package ‘lumi’ ... ** using staged installation ** R ** data ** inst ** byte-compile and prepare package for lazy loading No methods found in package ‘RSQLite’ for request: ‘dbListFields’ when loading ‘lumi’ ** help *** installing help indices ** building package indices ** installing vignettes ** testing if installed package can be loaded from temporary location No methods found in package ‘RSQLite’ for request: ‘dbListFields’ when loading ‘lumi’ ** testing if installed package can be loaded from final location No methods found in package ‘RSQLite’ for request: ‘dbListFields’ when loading ‘lumi’ ** testing if installed package keeps a record of temporary installation path * DONE (lumi)
lumi.Rcheck/lumi-Ex.timings
name | user | system | elapsed | |
LumiBatch-class | 1.001 | 0.079 | 1.096 | |
MAplot-methods | 4.546 | 0.067 | 4.637 | |
addAnnotationInfo | 0.041 | 0.002 | 0.044 | |
addControlData2lumi | 0.000 | 0.001 | 0.000 | |
addNuID2lumi | 0.000 | 0.000 | 0.001 | |
adjColorBias.quantile | 0.629 | 0.075 | 0.712 | |
adjColorBias.ssn | 1.228 | 0.037 | 1.276 | |
bgAdjust | 0.066 | 0.002 | 0.069 | |
bgAdjustMethylation | 0.107 | 0.008 | 0.115 | |
boxplot-MethyLumiM-methods | 0.367 | 0.019 | 0.387 | |
boxplot-methods | 0.068 | 0.002 | 0.071 | |
boxplotColorBias | 0.096 | 0.007 | 0.105 | |
density-methods | 0.069 | 0.003 | 0.073 | |
detectOutlier | 0.087 | 0.011 | 0.099 | |
detectionCall | 0.133 | 0.005 | 0.138 | |
estimateBeta | 0.124 | 0.004 | 0.130 | |
estimateIntensity | 0.132 | 0.005 | 0.138 | |
estimateLumiCV | 0.079 | 0.003 | 0.083 | |
estimateM | 0.359 | 0.020 | 0.381 | |
estimateMethylationBG | 0.088 | 0.005 | 0.093 | |
example.lumi | 0.058 | 0.001 | 0.060 | |
example.lumiMethy | 0.042 | 0.002 | 0.044 | |
example.methyTitration | 0.140 | 0.002 | 0.144 | |
gammaFitEM | 2.107 | 0.487 | 2.611 | |
getChipInfo | 3.791 | 0.202 | 4.060 | |
getControlData | 0.000 | 0.000 | 0.001 | |
getControlProbe | 0.000 | 0.000 | 0.001 | |
getControlType | 0.000 | 0.000 | 0.001 | |
getNuIDMappingInfo | 0.886 | 0.046 | 0.943 | |
hist-methods | 0.117 | 0.004 | 0.121 | |
id2seq | 0.001 | 0.000 | 0.001 | |
inverseVST | 0.440 | 0.021 | 0.463 | |
is.nuID | 0 | 0 | 0 | |
lumiB | 0.089 | 0.003 | 0.093 | |
lumiExpresso | 0.194 | 0.008 | 0.202 | |
lumiMethyB | 0.052 | 0.003 | 0.056 | |
lumiMethyC | 0.914 | 0.060 | 0.981 | |
lumiMethyN | 0.073 | 0.002 | 0.075 | |
lumiMethyStatus | 39.629 | 11.023 | 51.096 | |
lumiN | 0.323 | 0.015 | 0.340 | |
lumiQ | 0.268 | 0.053 | 0.322 | |
lumiR | 0 | 0 | 0 | |
lumiR.batch | 0.001 | 0.001 | 0.000 | |
lumiT | 0.278 | 0.015 | 0.296 | |
methylationCall | 2.186 | 0.537 | 2.757 | |
normalizeMethylation.quantile | 0.140 | 0.022 | 0.164 | |
normalizeMethylation.ssn | 0.100 | 0.007 | 0.106 | |
nuID2EntrezID | 0.648 | 0.079 | 0.729 | |
nuID2IlluminaID | 4.461 | 0.096 | 4.578 | |
nuID2RefSeqID | 0.812 | 0.035 | 0.852 | |
nuID2probeID | 3.299 | 0.036 | 3.341 | |
nuID2targetID | 3.247 | 0.078 | 3.326 | |
pairs-methods | 0.586 | 0.042 | 0.634 | |
plot-methods | 1.483 | 0.042 | 1.533 | |
plotCDF | 0.101 | 0.004 | 0.106 | |
plotColorBias1D | 0.201 | 0.024 | 0.226 | |
plotColorBias2D | 0.138 | 0.004 | 0.143 | |
plotControlData | 0.001 | 0.000 | 0.002 | |
plotDensity | 0.093 | 0.003 | 0.095 | |
plotGammaFit | 3.115 | 0.674 | 3.801 | |
plotHousekeepingGene | 0.001 | 0.001 | 0.001 | |
plotSampleRelation | 0.358 | 0.007 | 0.364 | |
plotStringencyGene | 0.001 | 0.000 | 0.001 | |
plotVST | 0.267 | 0.018 | 0.291 | |
probeID2nuID | 3.300 | 0.057 | 3.363 | |
produceGEOPlatformFile | 0 | 0 | 0 | |
produceGEOSubmissionFile | 0 | 0 | 0 | |
produceMethylationGEOSubmissionFile | 0 | 0 | 0 | |
seq2id | 0.001 | 0.000 | 0.000 | |
targetID2nuID | 3.255 | 0.026 | 3.283 | |
vst | 0.197 | 0.028 | 0.226 | |