Back to Multiple platform build/check report for BioC 3.15
ABCDEFGHIJKLMNOPQ[R]STUVWXYZ

This page was generated on 2022-06-24 12:08:06 -0400 (Fri, 24 Jun 2022).

HostnameOSArch (*)R versionInstalled pkgs
nebbiolo1Linux (Ubuntu 20.04.4 LTS)x86_644.2.0 (2022-04-22) -- "Vigorous Calisthenics" 4380
palomino3Windows Server 2022 Datacenterx644.2.0 (2022-04-22 ucrt) -- "Vigorous Calisthenics" 4156
merida1macOS 10.14.6 Mojavex86_644.2.0 (2022-04-22) -- "Vigorous Calisthenics" 4221
Click on any hostname to see more info about the system (e.g. compilers)      (*) as reported by 'uname -p', except on Windows and Mac OS X

CHECK results for rtracklayer on merida1


To the developers/maintainers of the rtracklayer package:
- Please allow up to 24 hours (and sometimes 48 hours) for your latest push to git@git.bioconductor.org:packages/rtracklayer.git to
reflect on this report. See How and When does the builder pull? When will my changes propagate? for more information.
- Make sure to use the following settings in order to reproduce any error or warning you see on this page.

raw results

Package 1722/2140HostnameOS / ArchINSTALLBUILDCHECKBUILD BIN
rtracklayer 1.56.1  (landing page)
Michael Lawrence
Snapshot Date: 2022-06-23 13:55:15 -0400 (Thu, 23 Jun 2022)
git_url: https://git.bioconductor.org/packages/rtracklayer
git_branch: RELEASE_3_15
git_last_commit: 4c6d220
git_last_commit_date: 2022-06-22 15:10:46 -0400 (Wed, 22 Jun 2022)
nebbiolo1Linux (Ubuntu 20.04.4 LTS) / x86_64  OK    OK    WARNINGS  YES
palomino3Windows Server 2022 Datacenter / x64  OK    OK    WARNINGS    OK  YES
merida1macOS 10.14.6 Mojave / x86_64  OK    OK    WARNINGS    NA  

Summary

Package: rtracklayer
Version: 1.56.1
Command: /Library/Frameworks/R.framework/Resources/bin/R CMD check --install=check:rtracklayer.install-out.txt --library=/Library/Frameworks/R.framework/Resources/library --no-vignettes --timings rtracklayer_1.56.1.tar.gz
StartedAt: 2022-06-24 08:03:16 -0400 (Fri, 24 Jun 2022)
EndedAt: 2022-06-24 08:13:32 -0400 (Fri, 24 Jun 2022)
EllapsedTime: 615.9 seconds
RetCode: 0
Status:   WARNINGS  
CheckDir: rtracklayer.Rcheck
Warnings: 3

Command output

##############################################################################
##############################################################################
###
### Running command:
###
###   /Library/Frameworks/R.framework/Resources/bin/R CMD check --install=check:rtracklayer.install-out.txt --library=/Library/Frameworks/R.framework/Resources/library --no-vignettes --timings rtracklayer_1.56.1.tar.gz
###
##############################################################################
##############################################################################


* using log directory ‘/Users/biocbuild/bbs-3.15-bioc/meat/rtracklayer.Rcheck’
* using R version 4.2.0 (2022-04-22)
* using platform: x86_64-apple-darwin17.0 (64-bit)
* using session charset: UTF-8
* using option ‘--no-vignettes’
* checking for file ‘rtracklayer/DESCRIPTION’ ... OK
* this is package ‘rtracklayer’ version ‘1.56.1’
* checking package namespace information ... OK
* checking package dependencies ... OK
* checking if this is a source package ... OK
* checking if there is a namespace ... OK
* checking for hidden files and directories ... OK
* checking for portable file names ... OK
* checking for sufficient/correct file permissions ... OK
* checking whether package ‘rtracklayer’ can be installed ... WARNING
Found the following significant warnings:
  ucsc/udc.c:1101:60: warning: taking the absolute value of unsigned type 'unsigned long' has no effect [-Wabsolute-value]
See ‘/Users/biocbuild/bbs-3.15-bioc/meat/rtracklayer.Rcheck/00install.out’ for details.
* checking installed package size ... NOTE
  installed size is  6.4Mb
  sub-directories of 1Mb or more:
    R      1.8Mb
    libs   3.1Mb
* checking package directory ... OK
* checking ‘build’ directory ... OK
* checking DESCRIPTION meta-information ... NOTE
License components with restrictions not permitted:
  Artistic-2.0 + file LICENSE
* checking top-level files ... OK
* checking for left-over files ... OK
* checking index information ... OK
* checking package subdirectories ... OK
* checking R files for non-ASCII characters ... OK
* checking R files for syntax errors ... OK
* checking whether the package can be loaded ... OK
* checking whether the package can be loaded with stated dependencies ... OK
* checking whether the package can be unloaded cleanly ... OK
* checking whether the namespace can be loaded with stated dependencies ... OK
* checking whether the namespace can be unloaded cleanly ... OK
* checking dependencies in R code ... NOTE
':::' call which should be '::': ‘XVector:::open_input_files’
  See the note in ?`:::` about the use of this operator.
Unexported objects imported by ':::' calls:
  ‘BiocGenerics:::testPackage’ ‘GenomicRanges:::INVALID.GR.COLNAMES’
  ‘S4Vectors:::labeledLine’
  ‘S4Vectors:::make_XYZxyz_to_XxYyZz_subscript’
  ‘S4Vectors:::new_SimpleList_from_list’ ‘XVector:::rewind_filexp’
  See the note in ?`:::` about the use of this operator.
* checking S3 generic/method consistency ... OK
* checking replacement functions ... OK
* checking foreign function calls ... OK
* checking R code for possible problems ... NOTE
import,BEDPEFile-ANY-ANY: no visible binding for global variable
  ‘chrom2’
import,BEDPEFile-ANY-ANY: no visible binding for global variable
  ‘start2’
import,BEDPEFile-ANY-ANY: no visible binding for global variable ‘end2’
import,BEDPEFile-ANY-ANY: no visible binding for global variable
  ‘strand2’
Undefined global functions or variables:
  chrom2 end2 start2 strand2
* checking Rd files ... OK
* checking Rd metadata ... OK
* checking Rd cross-references ... OK
* checking for missing documentation entries ... WARNING
Undocumented code objects:
  ‘FileForFormat’ ‘Genome’ ‘Track’ ‘TrackContainer’ ‘browserSession<-’
  ‘cleanupBigBedCache’ ‘descriptionUrl’ ‘descriptionUrl<-’ ‘email’
  ‘email<-’ ‘genomeField’ ‘genomeField<-’ ‘genomeInfo’ ‘genomeInfo<-’
  ‘genomesFile’ ‘genomesFile<-’ ‘getTracks’ ‘hub’ ‘hub<-’ ‘hubUrl<-’
  ‘longLabel’ ‘longLabel<-’ ‘readGFFAsGRanges’ ‘readGFFPragmas’
  ‘resource’ ‘shortLabel’ ‘shortLabel<-’ ‘sniffGFFVersion’ ‘trackField’
  ‘trackField<-’ ‘trackName’ ‘trackName<-’
Undocumented S4 classes:
  ‘RTLFile’ ‘Track’ ‘TrackContainer’ ‘RTLFileList’
Undocumented S4 methods:
  generic 'as.character' and siglist 'RTLFile'
  generic 'browserSession' and siglist 'UCSCTableQuery'
  generic 'browserSession<-' and siglist 'UCSCTableQuery'
  generic 'export' and siglist 'CompressedGRangesList,BEDFile,ANY'
  generic 'export' and siglist 'CompressedGRangesList,GFFFile,ANY'
  generic 'export' and siglist 'GRangesList,UCSCFile,ANY'
  generic 'export' and siglist 'SimpleGRangesList,BEDFile,ANY'
  generic 'export' and siglist 'SimpleGRangesList,GFFFile,ANY'
  generic 'export' and siglist 'SimpleGRangesList,WIGFile,ANY'
  generic 'fileFormat' and siglist 'Bed15TrackLine'
  generic 'fileFormat' and siglist 'GraphTrackLine'
  generic 'fileFormat' and siglist 'RTLFile'
  generic 'fileFormat' and siglist 'TrackLine'
  generic 'genomesFile' and siglist 'TrackHub'
  generic 'genomesFile<-' and siglist 'TrackHub'
  generic 'initialize' and siglist 'RTLFile'
  generic 'liftOver' and siglist 'GRangesList,Chain'
  generic 'names' and siglist 'GenomeContainer'
  generic 'names' and siglist 'Quickload'
  generic 'names' and siglist 'TrackContainer'
  generic 'names' and siglist 'TrackHub'
  generic 'path' and siglist 'RTLFile'
  generic 'show' and siglist 'RTLFile'
  generic 'show' and siglist 'UCSCSchema'
  generic 'track<-' and siglist 'TrackHubGenome,BiocFile'
  generic 'track<-' and siglist 'UCSCSession,SimpleGRangesList'
  generic 'trackName' and siglist 'UCSCTableQuery'
  generic 'trackName<-' and siglist 'UCSCTableQuery'
  generic 'trackNames' and siglist 'QuickloadGenome'
  generic 'trackNames' and siglist 'TrackHubGenome'
  generic 'trackNames' and siglist 'UCSCTableQuery'
  generic 'uri' and siglist 'Quickload'
  generic 'uri' and siglist 'TrackHub'
  generic 'writeTrackHub' and siglist 'TrackHub'
All user-level objects in a package (including S4 classes and methods)
should have documentation entries.
See chapter ‘Writing R documentation files’ in the ‘Writing R
Extensions’ manual.
* checking for code/documentation mismatches ... WARNING
S4 class codoc mismatches from documentation object 'UCSCView-class':
Slots for class 'UCSCView'
  Code: form hgsid session
  Inherited: session
  Docs: hgsid session

* checking Rd \usage sections ... OK
* checking Rd contents ... OK
* checking for unstated dependencies in examples ... OK
* checking contents of ‘data’ directory ... OK
* checking data for non-ASCII characters ... OK
* checking data for ASCII and uncompressed saves ... OK
* checking line endings in shell scripts ... OK
* checking line endings in C/C++/Fortran sources/headers ... OK
* checking line endings in Makefiles ... OK
* checking compilation flags in Makevars ... NOTE
Package has both ‘src/Makevars.in’ and ‘src/Makevars’.
Installation with --no-configure' is unlikely to work.  If you intended
‘src/Makevars’ to be used on Windows, rename it to ‘src/Makevars.win’
otherwise remove it.  If ‘configure’ created ‘src/Makevars’, you need a
‘cleanup’ script.
* checking for GNU extensions in Makefiles ... OK
* checking for portable use of $(BLAS_LIBS) and $(LAPACK_LIBS) ... OK
* checking use of PKG_*FLAGS in Makefiles ... OK
* checking compiled code ... NOTE
Note: information on .o files is not available
File ‘/Library/Frameworks/R.framework/Versions/4.2/Resources/library/rtracklayer/libs/rtracklayer.so’:
  Found ‘___stderrp’, possibly from ‘stderr’ (C)
  Found ‘___stdoutp’, possibly from ‘stdout’ (C)
  Found ‘__exit’, possibly from ‘_exit’ (C)
  Found ‘_abort’, possibly from ‘abort’ (C)
  Found ‘_exit’, possibly from ‘exit’ (C)
  Found ‘_printf’, possibly from ‘printf’ (C)
  Found ‘_puts’, possibly from ‘printf’ (C), ‘puts’ (C)
  Found ‘_rand’, possibly from ‘rand’ (C)
File ‘rtracklayer/libs/rtracklayer.so’:
  Found non-API calls to R: ‘R_ReadConnection’, ‘R_ignore_SIGPIPE’,
    ‘getConnection’

Compiled code should not call entry points which might terminate R nor
write to stdout/stderr instead of to the console, nor use Fortran I/O
nor system RNGs. The detected symbols are linked into the code but
might come from libraries and not actually be called.
Compiled code should not call non-API entry points in R.

See ‘Writing portable packages’ in the ‘Writing R Extensions’ manual.
* checking sizes of PDF files under ‘inst/doc’ ... OK
* checking files in ‘vignettes’ ... OK
* checking examples ... OK
Examples with CPU (user + system) or elapsed time > 5s
                user system elapsed
BigWigFile    35.218  2.868  50.984
BEDFile-class  7.109  0.779  10.717
* checking for unstated dependencies in ‘tests’ ... OK
* checking tests ...
  Running ‘rtracklayer_unit_tests.R’
 OK
* checking for unstated dependencies in vignettes ... OK
* checking package vignettes in ‘inst/doc’ ... OK
* checking running R code from vignettes ... SKIPPED
* checking re-building of vignette outputs ... SKIPPED
* checking PDF version of manual ... OK
* DONE

Status: 3 WARNINGs, 6 NOTEs
See
  ‘/Users/biocbuild/bbs-3.15-bioc/meat/rtracklayer.Rcheck/00check.log’
for details.



Installation output

rtracklayer.Rcheck/00install.out

##############################################################################
##############################################################################
###
### Running command:
###
###   /Library/Frameworks/R.framework/Resources/bin/R CMD INSTALL rtracklayer
###
##############################################################################
##############################################################################


* installing to library ‘/Library/Frameworks/R.framework/Versions/4.2/Resources/library’
* installing *source* package ‘rtracklayer’ ...
** using staged installation
checking for pkg-config... /usr/local/bin/pkg-config
checking pkg-config is at least version 0.9.0... yes
checking for OPENSSL... yes
configure: creating ./config.status
config.status: creating src/Makevars
** libs
clang -mmacosx-version-min=10.13 -I"/Library/Frameworks/R.framework/Resources/include" -DNDEBUG -I/usr/local/Cellar/openssl@1.1/1.1.1k/include -DUSE_SSL -D_FILE_OFFSET_BITS=64 -I'/Library/Frameworks/R.framework/Versions/4.2/Resources/library/S4Vectors/include' -I'/Library/Frameworks/R.framework/Versions/4.2/Resources/library/IRanges/include' -I'/Library/Frameworks/R.framework/Versions/4.2/Resources/library/XVector/include' -I/usr/local/include   -fPIC  -Wall -g -O2  -c S4Vectors_stubs.c -o S4Vectors_stubs.o
clang -mmacosx-version-min=10.13 -I"/Library/Frameworks/R.framework/Resources/include" -DNDEBUG -I/usr/local/Cellar/openssl@1.1/1.1.1k/include -DUSE_SSL -D_FILE_OFFSET_BITS=64 -I'/Library/Frameworks/R.framework/Versions/4.2/Resources/library/S4Vectors/include' -I'/Library/Frameworks/R.framework/Versions/4.2/Resources/library/IRanges/include' -I'/Library/Frameworks/R.framework/Versions/4.2/Resources/library/XVector/include' -I/usr/local/include   -fPIC  -Wall -g -O2  -c IRanges_stubs.c -o IRanges_stubs.o
clang -mmacosx-version-min=10.13 -I"/Library/Frameworks/R.framework/Resources/include" -DNDEBUG -I/usr/local/Cellar/openssl@1.1/1.1.1k/include -DUSE_SSL -D_FILE_OFFSET_BITS=64 -I'/Library/Frameworks/R.framework/Versions/4.2/Resources/library/S4Vectors/include' -I'/Library/Frameworks/R.framework/Versions/4.2/Resources/library/IRanges/include' -I'/Library/Frameworks/R.framework/Versions/4.2/Resources/library/XVector/include' -I/usr/local/include   -fPIC  -Wall -g -O2  -c XVector_stubs.c -o XVector_stubs.o
clang -mmacosx-version-min=10.13 -I"/Library/Frameworks/R.framework/Resources/include" -DNDEBUG -I/usr/local/Cellar/openssl@1.1/1.1.1k/include -DUSE_SSL -D_FILE_OFFSET_BITS=64 -I'/Library/Frameworks/R.framework/Versions/4.2/Resources/library/S4Vectors/include' -I'/Library/Frameworks/R.framework/Versions/4.2/Resources/library/IRanges/include' -I'/Library/Frameworks/R.framework/Versions/4.2/Resources/library/XVector/include' -I/usr/local/include   -fPIC  -Wall -g -O2  -c R_init_rtracklayer.c -o R_init_rtracklayer.o
clang -mmacosx-version-min=10.13 -I"/Library/Frameworks/R.framework/Resources/include" -DNDEBUG -I/usr/local/Cellar/openssl@1.1/1.1.1k/include -DUSE_SSL -D_FILE_OFFSET_BITS=64 -I'/Library/Frameworks/R.framework/Versions/4.2/Resources/library/S4Vectors/include' -I'/Library/Frameworks/R.framework/Versions/4.2/Resources/library/IRanges/include' -I'/Library/Frameworks/R.framework/Versions/4.2/Resources/library/XVector/include' -I/usr/local/include   -fPIC  -Wall -g -O2  -c readGFF.c -o readGFF.o
clang -mmacosx-version-min=10.13 -I"/Library/Frameworks/R.framework/Resources/include" -DNDEBUG -I/usr/local/Cellar/openssl@1.1/1.1.1k/include -DUSE_SSL -D_FILE_OFFSET_BITS=64 -I'/Library/Frameworks/R.framework/Versions/4.2/Resources/library/S4Vectors/include' -I'/Library/Frameworks/R.framework/Versions/4.2/Resources/library/IRanges/include' -I'/Library/Frameworks/R.framework/Versions/4.2/Resources/library/XVector/include' -I/usr/local/include   -fPIC  -Wall -g -O2  -c bbiHelper.c -o bbiHelper.o
clang -mmacosx-version-min=10.13 -I"/Library/Frameworks/R.framework/Resources/include" -DNDEBUG -I/usr/local/Cellar/openssl@1.1/1.1.1k/include -DUSE_SSL -D_FILE_OFFSET_BITS=64 -I'/Library/Frameworks/R.framework/Versions/4.2/Resources/library/S4Vectors/include' -I'/Library/Frameworks/R.framework/Versions/4.2/Resources/library/IRanges/include' -I'/Library/Frameworks/R.framework/Versions/4.2/Resources/library/XVector/include' -I/usr/local/include   -fPIC  -Wall -g -O2  -c bigWig.c -o bigWig.o
clang -mmacosx-version-min=10.13 -I"/Library/Frameworks/R.framework/Resources/include" -DNDEBUG -I/usr/local/Cellar/openssl@1.1/1.1.1k/include -DUSE_SSL -D_FILE_OFFSET_BITS=64 -I'/Library/Frameworks/R.framework/Versions/4.2/Resources/library/S4Vectors/include' -I'/Library/Frameworks/R.framework/Versions/4.2/Resources/library/IRanges/include' -I'/Library/Frameworks/R.framework/Versions/4.2/Resources/library/XVector/include' -I/usr/local/include   -fPIC  -Wall -g -O2  -c bigBedHelper.c -o bigBedHelper.o
clang -mmacosx-version-min=10.13 -I"/Library/Frameworks/R.framework/Resources/include" -DNDEBUG -I/usr/local/Cellar/openssl@1.1/1.1.1k/include -DUSE_SSL -D_FILE_OFFSET_BITS=64 -I'/Library/Frameworks/R.framework/Versions/4.2/Resources/library/S4Vectors/include' -I'/Library/Frameworks/R.framework/Versions/4.2/Resources/library/IRanges/include' -I'/Library/Frameworks/R.framework/Versions/4.2/Resources/library/XVector/include' -I/usr/local/include   -fPIC  -Wall -g -O2  -c bigBed.c -o bigBed.o
clang -mmacosx-version-min=10.13 -I"/Library/Frameworks/R.framework/Resources/include" -DNDEBUG -I/usr/local/Cellar/openssl@1.1/1.1.1k/include -DUSE_SSL -D_FILE_OFFSET_BITS=64 -I'/Library/Frameworks/R.framework/Versions/4.2/Resources/library/S4Vectors/include' -I'/Library/Frameworks/R.framework/Versions/4.2/Resources/library/IRanges/include' -I'/Library/Frameworks/R.framework/Versions/4.2/Resources/library/XVector/include' -I/usr/local/include   -fPIC  -Wall -g -O2  -c chain_io.c -o chain_io.o
clang -mmacosx-version-min=10.13 -I"/Library/Frameworks/R.framework/Resources/include" -DNDEBUG -I/usr/local/Cellar/openssl@1.1/1.1.1k/include -DUSE_SSL -D_FILE_OFFSET_BITS=64 -I'/Library/Frameworks/R.framework/Versions/4.2/Resources/library/S4Vectors/include' -I'/Library/Frameworks/R.framework/Versions/4.2/Resources/library/IRanges/include' -I'/Library/Frameworks/R.framework/Versions/4.2/Resources/library/XVector/include' -I/usr/local/include   -fPIC  -Wall -g -O2  -c twoBit.c -o twoBit.o
clang -mmacosx-version-min=10.13 -I"/Library/Frameworks/R.framework/Resources/include" -DNDEBUG -I/usr/local/Cellar/openssl@1.1/1.1.1k/include -DUSE_SSL -D_FILE_OFFSET_BITS=64 -I'/Library/Frameworks/R.framework/Versions/4.2/Resources/library/S4Vectors/include' -I'/Library/Frameworks/R.framework/Versions/4.2/Resources/library/IRanges/include' -I'/Library/Frameworks/R.framework/Versions/4.2/Resources/library/XVector/include' -I/usr/local/include   -fPIC  -Wall -g -O2  -c handlers.c -o handlers.o
clang -mmacosx-version-min=10.13 -I"/Library/Frameworks/R.framework/Resources/include" -DNDEBUG -I/usr/local/Cellar/openssl@1.1/1.1.1k/include -DUSE_SSL -D_FILE_OFFSET_BITS=64 -I'/Library/Frameworks/R.framework/Versions/4.2/Resources/library/S4Vectors/include' -I'/Library/Frameworks/R.framework/Versions/4.2/Resources/library/IRanges/include' -I'/Library/Frameworks/R.framework/Versions/4.2/Resources/library/XVector/include' -I/usr/local/include   -fPIC  -Wall -g -O2  -c utils.c -o utils.o
clang -mmacosx-version-min=10.13 -I"/Library/Frameworks/R.framework/Resources/include" -DNDEBUG -I/usr/local/Cellar/openssl@1.1/1.1.1k/include -DUSE_SSL -D_FILE_OFFSET_BITS=64 -I'/Library/Frameworks/R.framework/Versions/4.2/Resources/library/S4Vectors/include' -I'/Library/Frameworks/R.framework/Versions/4.2/Resources/library/IRanges/include' -I'/Library/Frameworks/R.framework/Versions/4.2/Resources/library/XVector/include' -I/usr/local/include   -fPIC  -Wall -g -O2  -c ucsc/memgfx.c -o ucsc/memgfx.o
clang -mmacosx-version-min=10.13 -I"/Library/Frameworks/R.framework/Resources/include" -DNDEBUG -I/usr/local/Cellar/openssl@1.1/1.1.1k/include -DUSE_SSL -D_FILE_OFFSET_BITS=64 -I'/Library/Frameworks/R.framework/Versions/4.2/Resources/library/S4Vectors/include' -I'/Library/Frameworks/R.framework/Versions/4.2/Resources/library/IRanges/include' -I'/Library/Frameworks/R.framework/Versions/4.2/Resources/library/XVector/include' -I/usr/local/include   -fPIC  -Wall -g -O2  -c ucsc/aliType.c -o ucsc/aliType.o
clang -mmacosx-version-min=10.13 -I"/Library/Frameworks/R.framework/Resources/include" -DNDEBUG -I/usr/local/Cellar/openssl@1.1/1.1.1k/include -DUSE_SSL -D_FILE_OFFSET_BITS=64 -I'/Library/Frameworks/R.framework/Versions/4.2/Resources/library/S4Vectors/include' -I'/Library/Frameworks/R.framework/Versions/4.2/Resources/library/IRanges/include' -I'/Library/Frameworks/R.framework/Versions/4.2/Resources/library/XVector/include' -I/usr/local/include   -fPIC  -Wall -g -O2  -c ucsc/binRange.c -o ucsc/binRange.o
clang -mmacosx-version-min=10.13 -I"/Library/Frameworks/R.framework/Resources/include" -DNDEBUG -I/usr/local/Cellar/openssl@1.1/1.1.1k/include -DUSE_SSL -D_FILE_OFFSET_BITS=64 -I'/Library/Frameworks/R.framework/Versions/4.2/Resources/library/S4Vectors/include' -I'/Library/Frameworks/R.framework/Versions/4.2/Resources/library/IRanges/include' -I'/Library/Frameworks/R.framework/Versions/4.2/Resources/library/XVector/include' -I/usr/local/include   -fPIC  -Wall -g -O2  -c ucsc/htmlColor.c -o ucsc/htmlColor.o
clang -mmacosx-version-min=10.13 -I"/Library/Frameworks/R.framework/Resources/include" -DNDEBUG -I/usr/local/Cellar/openssl@1.1/1.1.1k/include -DUSE_SSL -D_FILE_OFFSET_BITS=64 -I'/Library/Frameworks/R.framework/Versions/4.2/Resources/library/S4Vectors/include' -I'/Library/Frameworks/R.framework/Versions/4.2/Resources/library/IRanges/include' -I'/Library/Frameworks/R.framework/Versions/4.2/Resources/library/XVector/include' -I/usr/local/include   -fPIC  -Wall -g -O2  -c ucsc/sqlList.c -o ucsc/sqlList.o
clang -mmacosx-version-min=10.13 -I"/Library/Frameworks/R.framework/Resources/include" -DNDEBUG -I/usr/local/Cellar/openssl@1.1/1.1.1k/include -DUSE_SSL -D_FILE_OFFSET_BITS=64 -I'/Library/Frameworks/R.framework/Versions/4.2/Resources/library/S4Vectors/include' -I'/Library/Frameworks/R.framework/Versions/4.2/Resources/library/IRanges/include' -I'/Library/Frameworks/R.framework/Versions/4.2/Resources/library/XVector/include' -I/usr/local/include   -fPIC  -Wall -g -O2  -c ucsc/tokenizer.c -o ucsc/tokenizer.o
clang -mmacosx-version-min=10.13 -I"/Library/Frameworks/R.framework/Resources/include" -DNDEBUG -I/usr/local/Cellar/openssl@1.1/1.1.1k/include -DUSE_SSL -D_FILE_OFFSET_BITS=64 -I'/Library/Frameworks/R.framework/Versions/4.2/Resources/library/S4Vectors/include' -I'/Library/Frameworks/R.framework/Versions/4.2/Resources/library/IRanges/include' -I'/Library/Frameworks/R.framework/Versions/4.2/Resources/library/XVector/include' -I/usr/local/include   -fPIC  -Wall -g -O2  -c ucsc/asParse.c -o ucsc/asParse.o
clang -mmacosx-version-min=10.13 -I"/Library/Frameworks/R.framework/Resources/include" -DNDEBUG -I/usr/local/Cellar/openssl@1.1/1.1.1k/include -DUSE_SSL -D_FILE_OFFSET_BITS=64 -I'/Library/Frameworks/R.framework/Versions/4.2/Resources/library/S4Vectors/include' -I'/Library/Frameworks/R.framework/Versions/4.2/Resources/library/IRanges/include' -I'/Library/Frameworks/R.framework/Versions/4.2/Resources/library/XVector/include' -I/usr/local/include   -fPIC  -Wall -g -O2  -c ucsc/basicBed.c -o ucsc/basicBed.o
clang -mmacosx-version-min=10.13 -I"/Library/Frameworks/R.framework/Resources/include" -DNDEBUG -I/usr/local/Cellar/openssl@1.1/1.1.1k/include -DUSE_SSL -D_FILE_OFFSET_BITS=64 -I'/Library/Frameworks/R.framework/Versions/4.2/Resources/library/S4Vectors/include' -I'/Library/Frameworks/R.framework/Versions/4.2/Resources/library/IRanges/include' -I'/Library/Frameworks/R.framework/Versions/4.2/Resources/library/XVector/include' -I/usr/local/include   -fPIC  -Wall -g -O2  -c ucsc/bigBed.c -o ucsc/bigBed.o
clang -mmacosx-version-min=10.13 -I"/Library/Frameworks/R.framework/Resources/include" -DNDEBUG -I/usr/local/Cellar/openssl@1.1/1.1.1k/include -DUSE_SSL -D_FILE_OFFSET_BITS=64 -I'/Library/Frameworks/R.framework/Versions/4.2/Resources/library/S4Vectors/include' -I'/Library/Frameworks/R.framework/Versions/4.2/Resources/library/IRanges/include' -I'/Library/Frameworks/R.framework/Versions/4.2/Resources/library/XVector/include' -I/usr/local/include   -fPIC  -Wall -g -O2  -c ucsc/bPlusTree.c -o ucsc/bPlusTree.o
clang -mmacosx-version-min=10.13 -I"/Library/Frameworks/R.framework/Resources/include" -DNDEBUG -I/usr/local/Cellar/openssl@1.1/1.1.1k/include -DUSE_SSL -D_FILE_OFFSET_BITS=64 -I'/Library/Frameworks/R.framework/Versions/4.2/Resources/library/S4Vectors/include' -I'/Library/Frameworks/R.framework/Versions/4.2/Resources/library/IRanges/include' -I'/Library/Frameworks/R.framework/Versions/4.2/Resources/library/XVector/include' -I/usr/local/include   -fPIC  -Wall -g -O2  -c ucsc/bbiRead.c -o ucsc/bbiRead.o
clang -mmacosx-version-min=10.13 -I"/Library/Frameworks/R.framework/Resources/include" -DNDEBUG -I/usr/local/Cellar/openssl@1.1/1.1.1k/include -DUSE_SSL -D_FILE_OFFSET_BITS=64 -I'/Library/Frameworks/R.framework/Versions/4.2/Resources/library/S4Vectors/include' -I'/Library/Frameworks/R.framework/Versions/4.2/Resources/library/IRanges/include' -I'/Library/Frameworks/R.framework/Versions/4.2/Resources/library/XVector/include' -I/usr/local/include   -fPIC  -Wall -g -O2  -c ucsc/bbiWrite.c -o ucsc/bbiWrite.o
clang -mmacosx-version-min=10.13 -I"/Library/Frameworks/R.framework/Resources/include" -DNDEBUG -I/usr/local/Cellar/openssl@1.1/1.1.1k/include -DUSE_SSL -D_FILE_OFFSET_BITS=64 -I'/Library/Frameworks/R.framework/Versions/4.2/Resources/library/S4Vectors/include' -I'/Library/Frameworks/R.framework/Versions/4.2/Resources/library/IRanges/include' -I'/Library/Frameworks/R.framework/Versions/4.2/Resources/library/XVector/include' -I/usr/local/include   -fPIC  -Wall -g -O2  -c ucsc/bwgCreate.c -o ucsc/bwgCreate.o
clang -mmacosx-version-min=10.13 -I"/Library/Frameworks/R.framework/Resources/include" -DNDEBUG -I/usr/local/Cellar/openssl@1.1/1.1.1k/include -DUSE_SSL -D_FILE_OFFSET_BITS=64 -I'/Library/Frameworks/R.framework/Versions/4.2/Resources/library/S4Vectors/include' -I'/Library/Frameworks/R.framework/Versions/4.2/Resources/library/IRanges/include' -I'/Library/Frameworks/R.framework/Versions/4.2/Resources/library/XVector/include' -I/usr/local/include   -fPIC  -Wall -g -O2  -c ucsc/bwgQuery.c -o ucsc/bwgQuery.o
clang -mmacosx-version-min=10.13 -I"/Library/Frameworks/R.framework/Resources/include" -DNDEBUG -I/usr/local/Cellar/openssl@1.1/1.1.1k/include -DUSE_SSL -D_FILE_OFFSET_BITS=64 -I'/Library/Frameworks/R.framework/Versions/4.2/Resources/library/S4Vectors/include' -I'/Library/Frameworks/R.framework/Versions/4.2/Resources/library/IRanges/include' -I'/Library/Frameworks/R.framework/Versions/4.2/Resources/library/XVector/include' -I/usr/local/include   -fPIC  -Wall -g -O2  -c ucsc/cirTree.c -o ucsc/cirTree.o
clang -mmacosx-version-min=10.13 -I"/Library/Frameworks/R.framework/Resources/include" -DNDEBUG -I/usr/local/Cellar/openssl@1.1/1.1.1k/include -DUSE_SSL -D_FILE_OFFSET_BITS=64 -I'/Library/Frameworks/R.framework/Versions/4.2/Resources/library/S4Vectors/include' -I'/Library/Frameworks/R.framework/Versions/4.2/Resources/library/IRanges/include' -I'/Library/Frameworks/R.framework/Versions/4.2/Resources/library/XVector/include' -I/usr/local/include   -fPIC  -Wall -g -O2  -c ucsc/common.c -o ucsc/common.o
clang -mmacosx-version-min=10.13 -I"/Library/Frameworks/R.framework/Resources/include" -DNDEBUG -I/usr/local/Cellar/openssl@1.1/1.1.1k/include -DUSE_SSL -D_FILE_OFFSET_BITS=64 -I'/Library/Frameworks/R.framework/Versions/4.2/Resources/library/S4Vectors/include' -I'/Library/Frameworks/R.framework/Versions/4.2/Resources/library/IRanges/include' -I'/Library/Frameworks/R.framework/Versions/4.2/Resources/library/XVector/include' -I/usr/local/include   -fPIC  -Wall -g -O2  -c ucsc/dnaseq.c -o ucsc/dnaseq.o
clang -mmacosx-version-min=10.13 -I"/Library/Frameworks/R.framework/Resources/include" -DNDEBUG -I/usr/local/Cellar/openssl@1.1/1.1.1k/include -DUSE_SSL -D_FILE_OFFSET_BITS=64 -I'/Library/Frameworks/R.framework/Versions/4.2/Resources/library/S4Vectors/include' -I'/Library/Frameworks/R.framework/Versions/4.2/Resources/library/IRanges/include' -I'/Library/Frameworks/R.framework/Versions/4.2/Resources/library/XVector/include' -I/usr/local/include   -fPIC  -Wall -g -O2  -c ucsc/dnautil.c -o ucsc/dnautil.o
clang -mmacosx-version-min=10.13 -I"/Library/Frameworks/R.framework/Resources/include" -DNDEBUG -I/usr/local/Cellar/openssl@1.1/1.1.1k/include -DUSE_SSL -D_FILE_OFFSET_BITS=64 -I'/Library/Frameworks/R.framework/Versions/4.2/Resources/library/S4Vectors/include' -I'/Library/Frameworks/R.framework/Versions/4.2/Resources/library/IRanges/include' -I'/Library/Frameworks/R.framework/Versions/4.2/Resources/library/XVector/include' -I/usr/local/include   -fPIC  -Wall -g -O2  -c ucsc/errAbort.c -o ucsc/errAbort.o
clang -mmacosx-version-min=10.13 -I"/Library/Frameworks/R.framework/Resources/include" -DNDEBUG -I/usr/local/Cellar/openssl@1.1/1.1.1k/include -DUSE_SSL -D_FILE_OFFSET_BITS=64 -I'/Library/Frameworks/R.framework/Versions/4.2/Resources/library/S4Vectors/include' -I'/Library/Frameworks/R.framework/Versions/4.2/Resources/library/IRanges/include' -I'/Library/Frameworks/R.framework/Versions/4.2/Resources/library/XVector/include' -I/usr/local/include   -fPIC  -Wall -g -O2  -c ucsc/hash.c -o ucsc/hash.o
clang -mmacosx-version-min=10.13 -I"/Library/Frameworks/R.framework/Resources/include" -DNDEBUG -I/usr/local/Cellar/openssl@1.1/1.1.1k/include -DUSE_SSL -D_FILE_OFFSET_BITS=64 -I'/Library/Frameworks/R.framework/Versions/4.2/Resources/library/S4Vectors/include' -I'/Library/Frameworks/R.framework/Versions/4.2/Resources/library/IRanges/include' -I'/Library/Frameworks/R.framework/Versions/4.2/Resources/library/XVector/include' -I/usr/local/include   -fPIC  -Wall -g -O2  -c ucsc/linefile.c -o ucsc/linefile.o
clang -mmacosx-version-min=10.13 -I"/Library/Frameworks/R.framework/Resources/include" -DNDEBUG -I/usr/local/Cellar/openssl@1.1/1.1.1k/include -DUSE_SSL -D_FILE_OFFSET_BITS=64 -I'/Library/Frameworks/R.framework/Versions/4.2/Resources/library/S4Vectors/include' -I'/Library/Frameworks/R.framework/Versions/4.2/Resources/library/IRanges/include' -I'/Library/Frameworks/R.framework/Versions/4.2/Resources/library/XVector/include' -I/usr/local/include   -fPIC  -Wall -g -O2  -c ucsc/localmem.c -o ucsc/localmem.o
clang -mmacosx-version-min=10.13 -I"/Library/Frameworks/R.framework/Resources/include" -DNDEBUG -I/usr/local/Cellar/openssl@1.1/1.1.1k/include -DUSE_SSL -D_FILE_OFFSET_BITS=64 -I'/Library/Frameworks/R.framework/Versions/4.2/Resources/library/S4Vectors/include' -I'/Library/Frameworks/R.framework/Versions/4.2/Resources/library/IRanges/include' -I'/Library/Frameworks/R.framework/Versions/4.2/Resources/library/XVector/include' -I/usr/local/include   -fPIC  -Wall -g -O2  -c ucsc/sqlNum.c -o ucsc/sqlNum.o
clang -mmacosx-version-min=10.13 -I"/Library/Frameworks/R.framework/Resources/include" -DNDEBUG -I/usr/local/Cellar/openssl@1.1/1.1.1k/include -DUSE_SSL -D_FILE_OFFSET_BITS=64 -I'/Library/Frameworks/R.framework/Versions/4.2/Resources/library/S4Vectors/include' -I'/Library/Frameworks/R.framework/Versions/4.2/Resources/library/IRanges/include' -I'/Library/Frameworks/R.framework/Versions/4.2/Resources/library/XVector/include' -I/usr/local/include   -fPIC  -Wall -g -O2  -c ucsc/zlibFace.c -o ucsc/zlibFace.o
clang -mmacosx-version-min=10.13 -I"/Library/Frameworks/R.framework/Resources/include" -DNDEBUG -I/usr/local/Cellar/openssl@1.1/1.1.1k/include -DUSE_SSL -D_FILE_OFFSET_BITS=64 -I'/Library/Frameworks/R.framework/Versions/4.2/Resources/library/S4Vectors/include' -I'/Library/Frameworks/R.framework/Versions/4.2/Resources/library/IRanges/include' -I'/Library/Frameworks/R.framework/Versions/4.2/Resources/library/XVector/include' -I/usr/local/include   -fPIC  -Wall -g -O2  -c ucsc/dystring.c -o ucsc/dystring.o
clang -mmacosx-version-min=10.13 -I"/Library/Frameworks/R.framework/Resources/include" -DNDEBUG -I/usr/local/Cellar/openssl@1.1/1.1.1k/include -DUSE_SSL -D_FILE_OFFSET_BITS=64 -I'/Library/Frameworks/R.framework/Versions/4.2/Resources/library/S4Vectors/include' -I'/Library/Frameworks/R.framework/Versions/4.2/Resources/library/IRanges/include' -I'/Library/Frameworks/R.framework/Versions/4.2/Resources/library/XVector/include' -I/usr/local/include   -fPIC  -Wall -g -O2  -c ucsc/hmmstats.c -o ucsc/hmmstats.o
clang -mmacosx-version-min=10.13 -I"/Library/Frameworks/R.framework/Resources/include" -DNDEBUG -I/usr/local/Cellar/openssl@1.1/1.1.1k/include -DUSE_SSL -D_FILE_OFFSET_BITS=64 -I'/Library/Frameworks/R.framework/Versions/4.2/Resources/library/S4Vectors/include' -I'/Library/Frameworks/R.framework/Versions/4.2/Resources/library/IRanges/include' -I'/Library/Frameworks/R.framework/Versions/4.2/Resources/library/XVector/include' -I/usr/local/include   -fPIC  -Wall -g -O2  -c ucsc/obscure.c -o ucsc/obscure.o
clang -mmacosx-version-min=10.13 -I"/Library/Frameworks/R.framework/Resources/include" -DNDEBUG -I/usr/local/Cellar/openssl@1.1/1.1.1k/include -DUSE_SSL -D_FILE_OFFSET_BITS=64 -I'/Library/Frameworks/R.framework/Versions/4.2/Resources/library/S4Vectors/include' -I'/Library/Frameworks/R.framework/Versions/4.2/Resources/library/IRanges/include' -I'/Library/Frameworks/R.framework/Versions/4.2/Resources/library/XVector/include' -I/usr/local/include   -fPIC  -Wall -g -O2  -c ucsc/pipeline.c -o ucsc/pipeline.o
clang -mmacosx-version-min=10.13 -I"/Library/Frameworks/R.framework/Resources/include" -DNDEBUG -I/usr/local/Cellar/openssl@1.1/1.1.1k/include -DUSE_SSL -D_FILE_OFFSET_BITS=64 -I'/Library/Frameworks/R.framework/Versions/4.2/Resources/library/S4Vectors/include' -I'/Library/Frameworks/R.framework/Versions/4.2/Resources/library/IRanges/include' -I'/Library/Frameworks/R.framework/Versions/4.2/Resources/library/XVector/include' -I/usr/local/include   -fPIC  -Wall -g -O2  -c ucsc/rangeTree.c -o ucsc/rangeTree.o
clang -mmacosx-version-min=10.13 -I"/Library/Frameworks/R.framework/Resources/include" -DNDEBUG -I/usr/local/Cellar/openssl@1.1/1.1.1k/include -DUSE_SSL -D_FILE_OFFSET_BITS=64 -I'/Library/Frameworks/R.framework/Versions/4.2/Resources/library/S4Vectors/include' -I'/Library/Frameworks/R.framework/Versions/4.2/Resources/library/IRanges/include' -I'/Library/Frameworks/R.framework/Versions/4.2/Resources/library/XVector/include' -I/usr/local/include   -fPIC  -Wall -g -O2  -c ucsc/rbTree.c -o ucsc/rbTree.o
clang -mmacosx-version-min=10.13 -I"/Library/Frameworks/R.framework/Resources/include" -DNDEBUG -I/usr/local/Cellar/openssl@1.1/1.1.1k/include -DUSE_SSL -D_FILE_OFFSET_BITS=64 -I'/Library/Frameworks/R.framework/Versions/4.2/Resources/library/S4Vectors/include' -I'/Library/Frameworks/R.framework/Versions/4.2/Resources/library/IRanges/include' -I'/Library/Frameworks/R.framework/Versions/4.2/Resources/library/XVector/include' -I/usr/local/include   -fPIC  -Wall -g -O2  -c ucsc/memalloc.c -o ucsc/memalloc.o
clang -mmacosx-version-min=10.13 -I"/Library/Frameworks/R.framework/Resources/include" -DNDEBUG -I/usr/local/Cellar/openssl@1.1/1.1.1k/include -DUSE_SSL -D_FILE_OFFSET_BITS=64 -I'/Library/Frameworks/R.framework/Versions/4.2/Resources/library/S4Vectors/include' -I'/Library/Frameworks/R.framework/Versions/4.2/Resources/library/IRanges/include' -I'/Library/Frameworks/R.framework/Versions/4.2/Resources/library/XVector/include' -I/usr/local/include   -fPIC  -Wall -g -O2  -c ucsc/dlist.c -o ucsc/dlist.o
clang -mmacosx-version-min=10.13 -I"/Library/Frameworks/R.framework/Resources/include" -DNDEBUG -I/usr/local/Cellar/openssl@1.1/1.1.1k/include -DUSE_SSL -D_FILE_OFFSET_BITS=64 -I'/Library/Frameworks/R.framework/Versions/4.2/Resources/library/S4Vectors/include' -I'/Library/Frameworks/R.framework/Versions/4.2/Resources/library/IRanges/include' -I'/Library/Frameworks/R.framework/Versions/4.2/Resources/library/XVector/include' -I/usr/local/include   -fPIC  -Wall -g -O2  -c ucsc/hex.c -o ucsc/hex.o
clang -mmacosx-version-min=10.13 -I"/Library/Frameworks/R.framework/Resources/include" -DNDEBUG -I/usr/local/Cellar/openssl@1.1/1.1.1k/include -DUSE_SSL -D_FILE_OFFSET_BITS=64 -I'/Library/Frameworks/R.framework/Versions/4.2/Resources/library/S4Vectors/include' -I'/Library/Frameworks/R.framework/Versions/4.2/Resources/library/IRanges/include' -I'/Library/Frameworks/R.framework/Versions/4.2/Resources/library/XVector/include' -I/usr/local/include   -fPIC  -Wall -g -O2  -c ucsc/filePath.c -o ucsc/filePath.o
clang -mmacosx-version-min=10.13 -I"/Library/Frameworks/R.framework/Resources/include" -DNDEBUG -I/usr/local/Cellar/openssl@1.1/1.1.1k/include -DUSE_SSL -D_FILE_OFFSET_BITS=64 -I'/Library/Frameworks/R.framework/Versions/4.2/Resources/library/S4Vectors/include' -I'/Library/Frameworks/R.framework/Versions/4.2/Resources/library/IRanges/include' -I'/Library/Frameworks/R.framework/Versions/4.2/Resources/library/XVector/include' -I/usr/local/include   -fPIC  -Wall -g -O2  -c ucsc/htmlPage.c -o ucsc/htmlPage.o
clang -mmacosx-version-min=10.13 -I"/Library/Frameworks/R.framework/Resources/include" -DNDEBUG -I/usr/local/Cellar/openssl@1.1/1.1.1k/include -DUSE_SSL -D_FILE_OFFSET_BITS=64 -I'/Library/Frameworks/R.framework/Versions/4.2/Resources/library/S4Vectors/include' -I'/Library/Frameworks/R.framework/Versions/4.2/Resources/library/IRanges/include' -I'/Library/Frameworks/R.framework/Versions/4.2/Resources/library/XVector/include' -I/usr/local/include   -fPIC  -Wall -g -O2  -c ucsc/udc.c -o ucsc/udc.o
In file included from ucsc/udc.c:41:
ucsc/net.h:178:1: warning: '/*' within block comment [-Wcomment]
/* Use byteRange as a work-around alternate method to get file size (content-length).  
^
ucsc/udc.c:1088:14: warning: using the result of an assignment as a condition without parentheses [-Wparentheses]
    while (c = *str++)
           ~~^~~~~~~~
ucsc/udc.c:1088:14: note: place parentheses around the assignment to silence this warning
    while (c = *str++)
             ^
           (         )
ucsc/udc.c:1088:14: note: use '==' to turn this assignment into an equality comparison
    while (c = *str++)
             ^
             ==
ucsc/udc.c:1101:60: warning: taking the absolute value of unsigned type 'unsigned long' has no effect [-Wabsolute-value]
    int total_size = url_size + floor(1.0 + log10((double) llabs(hash_id))) + 1;
                                                           ^
ucsc/udc.c:1101:60: note: remove the call to 'llabs' since unsigned values cannot be negative
    int total_size = url_size + floor(1.0 + log10((double) llabs(hash_id))) + 1;
                                                           ^~~~~
3 warnings generated.
clang -mmacosx-version-min=10.13 -I"/Library/Frameworks/R.framework/Resources/include" -DNDEBUG -I/usr/local/Cellar/openssl@1.1/1.1.1k/include -DUSE_SSL -D_FILE_OFFSET_BITS=64 -I'/Library/Frameworks/R.framework/Versions/4.2/Resources/library/S4Vectors/include' -I'/Library/Frameworks/R.framework/Versions/4.2/Resources/library/IRanges/include' -I'/Library/Frameworks/R.framework/Versions/4.2/Resources/library/XVector/include' -I/usr/local/include   -fPIC  -Wall -g -O2  -c ucsc/net.c -o ucsc/net.o
In file included from ucsc/net.c:19:
ucsc/net.h:178:1: warning: '/*' within block comment [-Wcomment]
/* Use byteRange as a work-around alternate method to get file size (content-length).  
^
1 warning generated.
clang -mmacosx-version-min=10.13 -I"/Library/Frameworks/R.framework/Resources/include" -DNDEBUG -I/usr/local/Cellar/openssl@1.1/1.1.1k/include -DUSE_SSL -D_FILE_OFFSET_BITS=64 -I'/Library/Frameworks/R.framework/Versions/4.2/Resources/library/S4Vectors/include' -I'/Library/Frameworks/R.framework/Versions/4.2/Resources/library/IRanges/include' -I'/Library/Frameworks/R.framework/Versions/4.2/Resources/library/XVector/include' -I/usr/local/include   -fPIC  -Wall -g -O2  -c ucsc/bits.c -o ucsc/bits.o
clang -mmacosx-version-min=10.13 -I"/Library/Frameworks/R.framework/Resources/include" -DNDEBUG -I/usr/local/Cellar/openssl@1.1/1.1.1k/include -DUSE_SSL -D_FILE_OFFSET_BITS=64 -I'/Library/Frameworks/R.framework/Versions/4.2/Resources/library/S4Vectors/include' -I'/Library/Frameworks/R.framework/Versions/4.2/Resources/library/IRanges/include' -I'/Library/Frameworks/R.framework/Versions/4.2/Resources/library/XVector/include' -I/usr/local/include   -fPIC  -Wall -g -O2  -c ucsc/twoBit.c -o ucsc/twoBit.o
In file included from ucsc/twoBit.c:15:
ucsc/net.h:178:1: warning: '/*' within block comment [-Wcomment]
/* Use byteRange as a work-around alternate method to get file size (content-length).  
^
1 warning generated.
clang -mmacosx-version-min=10.13 -I"/Library/Frameworks/R.framework/Resources/include" -DNDEBUG -I/usr/local/Cellar/openssl@1.1/1.1.1k/include -DUSE_SSL -D_FILE_OFFSET_BITS=64 -I'/Library/Frameworks/R.framework/Versions/4.2/Resources/library/S4Vectors/include' -I'/Library/Frameworks/R.framework/Versions/4.2/Resources/library/IRanges/include' -I'/Library/Frameworks/R.framework/Versions/4.2/Resources/library/XVector/include' -I/usr/local/include   -fPIC  -Wall -g -O2  -c ucsc/_cheapcgi.c -o ucsc/_cheapcgi.o
clang -mmacosx-version-min=10.13 -I"/Library/Frameworks/R.framework/Resources/include" -DNDEBUG -I/usr/local/Cellar/openssl@1.1/1.1.1k/include -DUSE_SSL -D_FILE_OFFSET_BITS=64 -I'/Library/Frameworks/R.framework/Versions/4.2/Resources/library/S4Vectors/include' -I'/Library/Frameworks/R.framework/Versions/4.2/Resources/library/IRanges/include' -I'/Library/Frameworks/R.framework/Versions/4.2/Resources/library/XVector/include' -I/usr/local/include   -fPIC  -Wall -g -O2  -c ucsc/internet.c -o ucsc/internet.o
clang -mmacosx-version-min=10.13 -I"/Library/Frameworks/R.framework/Resources/include" -DNDEBUG -I/usr/local/Cellar/openssl@1.1/1.1.1k/include -DUSE_SSL -D_FILE_OFFSET_BITS=64 -I'/Library/Frameworks/R.framework/Versions/4.2/Resources/library/S4Vectors/include' -I'/Library/Frameworks/R.framework/Versions/4.2/Resources/library/IRanges/include' -I'/Library/Frameworks/R.framework/Versions/4.2/Resources/library/XVector/include' -I/usr/local/include   -fPIC  -Wall -g -O2  -c ucsc/https.c -o ucsc/https.o
In file included from ucsc/https.c:17:
ucsc/net.h:178:1: warning: '/*' within block comment [-Wcomment]
/* Use byteRange as a work-around alternate method to get file size (content-length).  
^
ucsc/https.c:22:22: warning: unused function 'openssl_id_callback' [-Wunused-function]
static unsigned long openssl_id_callback(void)
                     ^
ucsc/https.c:27:13: warning: unused function 'openssl_locking_callback' [-Wunused-function]
static void openssl_locking_callback(int mode, int n, const char * file, int line)
            ^
3 warnings generated.
clang -mmacosx-version-min=10.13 -I"/Library/Frameworks/R.framework/Resources/include" -DNDEBUG -I/usr/local/Cellar/openssl@1.1/1.1.1k/include -DUSE_SSL -D_FILE_OFFSET_BITS=64 -I'/Library/Frameworks/R.framework/Versions/4.2/Resources/library/S4Vectors/include' -I'/Library/Frameworks/R.framework/Versions/4.2/Resources/library/IRanges/include' -I'/Library/Frameworks/R.framework/Versions/4.2/Resources/library/XVector/include' -I/usr/local/include   -fPIC  -Wall -g -O2  -c ucsc/base64.c -o ucsc/base64.o
clang -mmacosx-version-min=10.13 -I"/Library/Frameworks/R.framework/Resources/include" -DNDEBUG -I/usr/local/Cellar/openssl@1.1/1.1.1k/include -DUSE_SSL -D_FILE_OFFSET_BITS=64 -I'/Library/Frameworks/R.framework/Versions/4.2/Resources/library/S4Vectors/include' -I'/Library/Frameworks/R.framework/Versions/4.2/Resources/library/IRanges/include' -I'/Library/Frameworks/R.framework/Versions/4.2/Resources/library/XVector/include' -I/usr/local/include   -fPIC  -Wall -g -O2  -c ucsc/verbose.c -o ucsc/verbose.o
clang -mmacosx-version-min=10.13 -I"/Library/Frameworks/R.framework/Resources/include" -DNDEBUG -I/usr/local/Cellar/openssl@1.1/1.1.1k/include -DUSE_SSL -D_FILE_OFFSET_BITS=64 -I'/Library/Frameworks/R.framework/Versions/4.2/Resources/library/S4Vectors/include' -I'/Library/Frameworks/R.framework/Versions/4.2/Resources/library/IRanges/include' -I'/Library/Frameworks/R.framework/Versions/4.2/Resources/library/XVector/include' -I/usr/local/include   -fPIC  -Wall -g -O2  -c ucsc/os.c -o ucsc/os.o
clang -mmacosx-version-min=10.13 -I"/Library/Frameworks/R.framework/Resources/include" -DNDEBUG -I/usr/local/Cellar/openssl@1.1/1.1.1k/include -DUSE_SSL -D_FILE_OFFSET_BITS=64 -I'/Library/Frameworks/R.framework/Versions/4.2/Resources/library/S4Vectors/include' -I'/Library/Frameworks/R.framework/Versions/4.2/Resources/library/IRanges/include' -I'/Library/Frameworks/R.framework/Versions/4.2/Resources/library/XVector/include' -I/usr/local/include   -fPIC  -Wall -g -O2  -c ucsc/wildcmp.c -o ucsc/wildcmp.o
clang -mmacosx-version-min=10.13 -I"/Library/Frameworks/R.framework/Resources/include" -DNDEBUG -I/usr/local/Cellar/openssl@1.1/1.1.1k/include -DUSE_SSL -D_FILE_OFFSET_BITS=64 -I'/Library/Frameworks/R.framework/Versions/4.2/Resources/library/S4Vectors/include' -I'/Library/Frameworks/R.framework/Versions/4.2/Resources/library/IRanges/include' -I'/Library/Frameworks/R.framework/Versions/4.2/Resources/library/XVector/include' -I/usr/local/include   -fPIC  -Wall -g -O2  -c ucsc/_portimpl.c -o ucsc/_portimpl.o
clang -mmacosx-version-min=10.13 -dynamiclib -Wl,-headerpad_max_install_names -undefined dynamic_lookup -single_module -multiply_defined suppress -L/Library/Frameworks/R.framework/Resources/lib -L/usr/local/lib -o rtracklayer.so S4Vectors_stubs.o IRanges_stubs.o XVector_stubs.o R_init_rtracklayer.o readGFF.o bbiHelper.o bigWig.o bigBedHelper.o bigBed.o chain_io.o twoBit.o handlers.o utils.o ucsc/memgfx.o ucsc/aliType.o ucsc/binRange.o ucsc/htmlColor.o ucsc/sqlList.o ucsc/tokenizer.o ucsc/asParse.o ucsc/basicBed.o ucsc/bigBed.o ucsc/bPlusTree.o ucsc/bbiRead.o ucsc/bbiWrite.o ucsc/bwgCreate.o ucsc/bwgQuery.o ucsc/cirTree.o ucsc/common.o ucsc/dnaseq.o ucsc/dnautil.o ucsc/errAbort.o ucsc/hash.o ucsc/linefile.o ucsc/localmem.o ucsc/sqlNum.o ucsc/zlibFace.o ucsc/dystring.o ucsc/hmmstats.o ucsc/obscure.o ucsc/pipeline.o ucsc/rangeTree.o ucsc/rbTree.o ucsc/memalloc.o ucsc/dlist.o ucsc/hex.o ucsc/filePath.o ucsc/htmlPage.o ucsc/udc.o ucsc/net.o ucsc/bits.o ucsc/twoBit.o ucsc/_cheapcgi.o ucsc/internet.o ucsc/https.o ucsc/base64.o ucsc/verbose.o ucsc/os.o ucsc/wildcmp.o ucsc/_portimpl.o -lz -pthread /usr/local/opt/openssl@1.1/lib/libssl.a /usr/local/opt/openssl@1.1/lib/libcrypto.a -F/Library/Frameworks/R.framework/.. -framework R -Wl,-framework -Wl,CoreFoundation
installing to /Library/Frameworks/R.framework/Versions/4.2/Resources/library/00LOCK-rtracklayer/00new/rtracklayer/libs
** R
** data
** demo
** inst
** byte-compile and prepare package for lazy loading
Creating a generic function for ‘offset’ from package ‘stats’ in package ‘rtracklayer’
** help
*** installing help indices
** building package indices
** installing vignettes
** testing if installed package can be loaded from temporary location
** checking absolute paths in shared objects and dynamic libraries
** testing if installed package can be loaded from final location
** testing if installed package keeps a record of temporary installation path
* DONE (rtracklayer)

Tests output

rtracklayer.Rcheck/tests/rtracklayer_unit_tests.Rout


R version 4.2.0 (2022-04-22) -- "Vigorous Calisthenics"
Copyright (C) 2022 The R Foundation for Statistical Computing
Platform: x86_64-apple-darwin17.0 (64-bit)

R is free software and comes with ABSOLUTELY NO WARRANTY.
You are welcome to redistribute it under certain conditions.
Type 'license()' or 'licence()' for distribution details.

R is a collaborative project with many contributors.
Type 'contributors()' for more information and
'citation()' on how to cite R or R packages in publications.

Type 'demo()' for some demos, 'help()' for on-line help, or
'help.start()' for an HTML browser interface to help.
Type 'q()' to quit R.

> require("rtracklayer") || stop("unable to load rtracklayer package")
Loading required package: rtracklayer
Loading required package: GenomicRanges
Loading required package: stats4
Loading required package: BiocGenerics

Attaching package: 'BiocGenerics'

The following objects are masked from 'package:stats':

    IQR, mad, sd, var, xtabs

The following objects are masked from 'package:base':

    Filter, Find, Map, Position, Reduce, anyDuplicated, append,
    as.data.frame, basename, cbind, colnames, dirname, do.call,
    duplicated, eval, evalq, get, grep, grepl, intersect, is.unsorted,
    lapply, mapply, match, mget, order, paste, pmax, pmax.int, pmin,
    pmin.int, rank, rbind, rownames, sapply, setdiff, sort, table,
    tapply, union, unique, unsplit, which.max, which.min

Loading required package: S4Vectors

Attaching package: 'S4Vectors'

The following objects are masked from 'package:base':

    I, expand.grid, unname

Loading required package: IRanges
Loading required package: GenomeInfoDb
[1] TRUE
> rtracklayer:::.test()

Attaching package: 'Biostrings'

The following object is masked from 'package:base':

    strsplit

Warning in readGFF(filepath, version = version, filter = filter) :
  connection is not positioned at the start of the file, rewinding it
Warning in readGFF(filepath, version = version, filter = filter) :
  connection is not positioned at the start of the file, rewinding it
Warning in readGFF(filepath, version = version, filter = filter) :
  connection is not positioned at the start of the file, rewinding it
For efficiency, consider converting this WIG file to a BigWig file;
see ?wigToBigWig


RUNIT TEST PROTOCOL -- Fri Jun 24 08:13:12 2022 
*********************************************** 
Number of test functions: 11 
Number of errors: 0 
Number of failures: 0 

 
1 Test Suite : 
rtracklayer RUnit Tests - 11 test functions, 0 errors, 0 failures
Number of test functions: 11 
Number of errors: 0 
Number of failures: 0 
There were 25 warnings (use warnings() to see them)
> 
> proc.time()
   user  system elapsed 
 72.293   2.388 124.146 

Example timings

rtracklayer.Rcheck/rtracklayer-Ex.timings

nameusersystemelapsed
BEDFile-class 7.109 0.77910.717
BamFile-methods0.2310.0070.321
BigBedFile0.6350.0250.888
BigBedSelection0.0510.0060.074
BigWigFile35.218 2.86850.984
BigWigSelection-class0.0360.0010.047
GFFFile-class2.3690.2083.474
GenomicData0.3220.0130.468
GenomicSelection0.3160.0100.441
Quickload-class0.3820.0120.733
QuickloadGenome-class0.4750.0080.631
TrackHub-class0.0810.0030.119
TrackHubGenome-class0.0310.0010.042
TwoBitFile-class0.1640.0030.223
UCSCSchema-class000
UCSCTableQuery-class0.0000.0000.001
WIGFile-class1.8180.0252.482
asBED0.0000.0000.001
asGFF000
browseGenome000
browserView-methods0.0000.0000.001
browserViews-methods000
cpneTrack1.0930.0991.600
layTrack-methods000
liftOver000
readGFF0.7030.0100.980
targets0.0890.0170.144
ucscGenomes0.4960.0151.126
ucscTrackModes-methods0.0250.0000.036