Back to Multiple platform build/check report for BioC 3.15
ABCD[E]FGHIJKLMNOPQRSTUVWXYZ

This page was generated on 2022-05-25 12:07:56 -0400 (Wed, 25 May 2022).

HostnameOSArch (*)R versionInstalled pkgs
nebbiolo1Linux (Ubuntu 20.04.4 LTS)x86_644.2.0 (2022-04-22) -- "Vigorous Calisthenics" 4380
palomino3Windows Server 2022 Datacenterx644.2.0 (2022-04-22 ucrt) -- "Vigorous Calisthenics" 4155
merida1macOS 10.14.6 Mojavex86_644.2.0 (2022-04-22) -- "Vigorous Calisthenics" 4221
Click on any hostname to see more info about the system (e.g. compilers)      (*) as reported by 'uname -p', except on Windows and Mac OS X

BUILD results for ensemblVEP on merida1


To the developers/maintainers of the ensemblVEP package:
- Please allow up to 24 hours (and sometimes 48 hours) for your latest push to git@git.bioconductor.org:packages/ensemblVEP.git to
reflect on this report. See How and When does the builder pull? When will my changes propagate? for more information.
- Make sure to use the following settings in order to reproduce any error or warning you see on this page.

raw results

Package 604/2140HostnameOS / ArchINSTALLBUILDCHECKBUILD BIN
ensemblVEP 1.38.0  (landing page)
Bioconductor Package Maintainer
Snapshot Date: 2022-05-24 13:55:11 -0400 (Tue, 24 May 2022)
git_url: https://git.bioconductor.org/packages/ensemblVEP
git_branch: RELEASE_3_15
git_last_commit: 8d6b5a9
git_last_commit_date: 2022-04-26 11:13:02 -0400 (Tue, 26 Apr 2022)
nebbiolo1Linux (Ubuntu 20.04.4 LTS) / x86_64  OK    ERROR  skipped
palomino3Windows Server 2022 Datacenter / x64... NOT SUPPORTED ...
merida1macOS 10.14.6 Mojave / x86_64  OK    ERROR  skippedskipped

Summary

Package: ensemblVEP
Version: 1.38.0
Command: /Library/Frameworks/R.framework/Resources/bin/R CMD build --keep-empty-dirs --no-resave-data ensemblVEP
StartedAt: 2022-05-24 18:05:52 -0400 (Tue, 24 May 2022)
EndedAt: 2022-05-24 18:07:23 -0400 (Tue, 24 May 2022)
EllapsedTime: 91.1 seconds
RetCode: 1
Status:   ERROR  
PackageFile: None
PackageFileSize: NA

Command output

##############################################################################
##############################################################################
###
### Running command:
###
###   /Library/Frameworks/R.framework/Resources/bin/R CMD build --keep-empty-dirs --no-resave-data ensemblVEP
###
##############################################################################
##############################################################################


* checking for file ‘ensemblVEP/DESCRIPTION’ ... OK
* preparing ‘ensemblVEP’:
* checking DESCRIPTION meta-information ... OK
* installing the package to build vignettes
* creating vignettes ... ERROR
--- re-building ‘PreV90EnsemblVEP.Rnw’ using Sweave
Loading required package: BiocGenerics

Attaching package: ‘BiocGenerics’

The following objects are masked from ‘package:stats’:

    IQR, mad, sd, var, xtabs

The following objects are masked from ‘package:base’:

    Filter, Find, Map, Position, Reduce, anyDuplicated, append,
    as.data.frame, basename, cbind, colnames, dirname, do.call,
    duplicated, eval, evalq, get, grep, grepl, intersect, is.unsorted,
    lapply, mapply, match, mget, order, paste, pmax, pmax.int, pmin,
    pmin.int, rank, rbind, rownames, sapply, setdiff, sort, table,
    tapply, union, unique, unsplit, which.max, which.min

Loading required package: GenomicRanges
Loading required package: stats4
Loading required package: S4Vectors

Attaching package: ‘S4Vectors’

The following objects are masked from ‘package:base’:

    I, expand.grid, unname

Loading required package: IRanges
Loading required package: GenomeInfoDb
Loading required package: VariantAnnotation
Loading required package: MatrixGenerics
Loading required package: matrixStats

Attaching package: ‘MatrixGenerics’

The following objects are masked from ‘package:matrixStats’:

    colAlls, colAnyNAs, colAnys, colAvgsPerRowSet, colCollapse,
    colCounts, colCummaxs, colCummins, colCumprods, colCumsums,
    colDiffs, colIQRDiffs, colIQRs, colLogSumExps, colMadDiffs,
    colMads, colMaxs, colMeans2, colMedians, colMins, colOrderStats,
    colProds, colQuantiles, colRanges, colRanks, colSdDiffs, colSds,
    colSums2, colTabulates, colVarDiffs, colVars, colWeightedMads,
    colWeightedMeans, colWeightedMedians, colWeightedSds,
    colWeightedVars, rowAlls, rowAnyNAs, rowAnys, rowAvgsPerColSet,
    rowCollapse, rowCounts, rowCummaxs, rowCummins, rowCumprods,
    rowCumsums, rowDiffs, rowIQRDiffs, rowIQRs, rowLogSumExps,
    rowMadDiffs, rowMads, rowMaxs, rowMeans2, rowMedians, rowMins,
    rowOrderStats, rowProds, rowQuantiles, rowRanges, rowRanks,
    rowSdDiffs, rowSds, rowSums2, rowTabulates, rowVarDiffs, rowVars,
    rowWeightedMads, rowWeightedMeans, rowWeightedMedians,
    rowWeightedSds, rowWeightedVars

Loading required package: SummarizedExperiment
Loading required package: Biobase
Welcome to Bioconductor

    Vignettes contain introductory material; view with
    'browseVignettes()'. To cite Bioconductor, see
    'citation("Biobase")', and for packages 'citation("pkgname")'.


Attaching package: ‘Biobase’

The following object is masked from ‘package:MatrixGenerics’:

    rowMedians

The following objects are masked from ‘package:matrixStats’:

    anyMissing, rowMedians

Loading required package: Rsamtools
Loading required package: Biostrings
Loading required package: XVector

Attaching package: ‘Biostrings’

The following object is masked from ‘package:base’:

    strsplit


Attaching package: ‘VariantAnnotation’

The following object is masked from ‘package:base’:

    tabulate


Attaching package: ‘ensemblVEP’

The following object is masked from ‘package:Biobase’:

    cache


-------------------- WARNING ----------------------
MSG: homo_sapiens is not a valid species name (check DB and API version)
FILE: Bio/EnsEMBL/Registry.pm LINE: 1334
CALLED BY: Bio/EnsEMBL/Registry.pm  LINE: 1109
Date (localtime)    = Tue May 24 18:07:21 2022
Ensembl API version = 107
---------------------------------------------------

-------------------- EXCEPTION --------------------
MSG: Can not find internal name for species 'homo_sapiens'
STACK Bio::EnsEMBL::Registry::get_adaptor /usr/local/ensembl-vep/Bio/EnsEMBL/Registry.pm:1111
STACK Bio::EnsEMBL::VEP::BaseVEP::get_adaptor /usr/local/ensembl-vep/modules/Bio/EnsEMBL/VEP/BaseVEP.pm:307
STACK Bio::EnsEMBL::VEP::BaseVEP::get_database_assembly /usr/local/ensembl-vep/modules/Bio/EnsEMBL/VEP/BaseVEP.pm:419
STACK Bio::EnsEMBL::VEP::BaseRunner::setup_db_connection /usr/local/ensembl-vep/modules/Bio/EnsEMBL/VEP/BaseRunner.pm:123
STACK Bio::EnsEMBL::VEP::Runner::init /usr/local/ensembl-vep/modules/Bio/EnsEMBL/VEP/Runner.pm:123
STACK Bio::EnsEMBL::VEP::Runner::run /usr/local/ensembl-vep/modules/Bio/EnsEMBL/VEP/Runner.pm:199
STACK toplevel /usr/local/ensembl-vep/vep:235
Date (localtime)    = Tue May 24 18:07:21 2022
Ensembl API version = 107
---------------------------------------------------

Error: processing vignette 'PreV90EnsemblVEP.Rnw' failed with diagnostics:
 chunk 8 (label = rtn_VCF) 
Error in .io_check_exists(path(con)) : file(s) do not exist:
  '/tmp/Rtmpmsoy1L/file4f437dcfc7f9'

--- failed re-building ‘PreV90EnsemblVEP.Rnw’

--- re-building ‘ensemblVEP.Rnw’ using Sweave

-------------------- WARNING ----------------------
MSG: homo_sapiens is not a valid species name (check DB and API version)
FILE: Bio/EnsEMBL/Registry.pm LINE: 1334
CALLED BY: Bio/EnsEMBL/Registry.pm  LINE: 1109
Date (localtime)    = Tue May 24 18:07:22 2022
Ensembl API version = 107
---------------------------------------------------

-------------------- EXCEPTION --------------------
MSG: Can not find internal name for species 'homo_sapiens'
STACK Bio::EnsEMBL::Registry::get_adaptor /usr/local/ensembl-vep/Bio/EnsEMBL/Registry.pm:1111
STACK Bio::EnsEMBL::VEP::BaseVEP::get_adaptor /usr/local/ensembl-vep/modules/Bio/EnsEMBL/VEP/BaseVEP.pm:307
STACK Bio::EnsEMBL::VEP::BaseVEP::get_database_assembly /usr/local/ensembl-vep/modules/Bio/EnsEMBL/VEP/BaseVEP.pm:419
STACK Bio::EnsEMBL::VEP::BaseRunner::setup_db_connection /usr/local/ensembl-vep/modules/Bio/EnsEMBL/VEP/BaseRunner.pm:123
STACK Bio::EnsEMBL::VEP::Runner::init /usr/local/ensembl-vep/modules/Bio/EnsEMBL/VEP/Runner.pm:123
STACK Bio::EnsEMBL::VEP::Runner::run /usr/local/ensembl-vep/modules/Bio/EnsEMBL/VEP/Runner.pm:199
STACK toplevel /usr/local/ensembl-vep/vep:235
Date (localtime)    = Tue May 24 18:07:22 2022
Ensembl API version = 107
---------------------------------------------------

Error: processing vignette 'ensemblVEP.Rnw' failed with diagnostics:
 chunk 5 (label = rtn_GRanges) 
Error in .io_check_exists(path(con)) : file(s) do not exist:
  '/tmp/Rtmpmsoy1L/file4f437f55e3f7'

--- failed re-building ‘ensemblVEP.Rnw’

SUMMARY: processing the following files failed:
  ‘PreV90EnsemblVEP.Rnw’ ‘ensemblVEP.Rnw’

Error: Vignette re-building failed.
Execution halted