Back to Multiple platform build/check report for BioC 3.12
A[B]CDEFGHIJKLMNOPQRSTUVWXYZ

CHECK report for blima on malbec1

This page was generated on 2020-10-22 12:20:17 -0400 (Thu, 22 Oct 2020).

TO THE DEVELOPERS/MAINTAINERS OF THE blima PACKAGE: Please make sure to use the following settings in order to reproduce any error or warning you see on this page.
Package 193/1952HostnameOS / ArchINSTALLBUILDCHECKBUILD BIN
blima 1.23.0
Vojtěch Kulvait
Snapshot Date: 2020-10-21 14:52:01 -0400 (Wed, 21 Oct 2020)
URL: https://git.bioconductor.org/packages/blima
Branch: master
Last Commit: aa0de00
Last Changed Date: 2020-04-27 14:40:34 -0400 (Mon, 27 Apr 2020)
malbec1 Linux (Ubuntu 18.04.4 LTS) / x86_64  OK  OK [ WARNINGS ]UNNEEDED, same version exists in internal repository
nebbiolo1 Linux (Ubuntu 20.04.1 LTS) / x86_64  OK  OK  WARNINGS 
tokay1 Windows Server 2012 R2 Standard / x64  OK  OK  WARNINGS  OK UNNEEDED, same version exists in internal repository
riesling1 Windows Server 2019 Standard / x64  OK  OK  WARNINGS  OK 
merida1 macOS 10.14.6 Mojave / x86_64  OK  OK  WARNINGS  OK UNNEEDED, same version exists in internal repository

Summary

Package: blima
Version: 1.23.0
Command: /home/biocbuild/bbs-3.12-bioc/R/bin/R CMD check --install=check:blima.install-out.txt --library=/home/biocbuild/bbs-3.12-bioc/R/library --no-vignettes --timings blima_1.23.0.tar.gz
StartedAt: 2020-10-22 00:35:14 -0400 (Thu, 22 Oct 2020)
EndedAt: 2020-10-22 00:37:18 -0400 (Thu, 22 Oct 2020)
EllapsedTime: 124.7 seconds
RetCode: 0
Status:  WARNINGS 
CheckDir: blima.Rcheck
Warnings: 1

Command output

##############################################################################
##############################################################################
###
### Running command:
###
###   /home/biocbuild/bbs-3.12-bioc/R/bin/R CMD check --install=check:blima.install-out.txt --library=/home/biocbuild/bbs-3.12-bioc/R/library --no-vignettes --timings blima_1.23.0.tar.gz
###
##############################################################################
##############################################################################


* using log directory ‘/home/biocbuild/bbs-3.12-bioc/meat/blima.Rcheck’
* using R version 4.0.3 (2020-10-10)
* using platform: x86_64-pc-linux-gnu (64-bit)
* using session charset: UTF-8
* using option ‘--no-vignettes’
* checking for file ‘blima/DESCRIPTION’ ... OK
* checking extension type ... Package
* this is package ‘blima’ version ‘1.23.0’
* package encoding: UTF-8
* checking package namespace information ... OK
* checking package dependencies ... OK
* checking if this is a source package ... OK
* checking if there is a namespace ... OK
* checking for hidden files and directories ... OK
* checking for portable file names ... OK
* checking for sufficient/correct file permissions ... OK
* checking whether package ‘blima’ can be installed ... OK
* checking installed package size ... OK
* checking package directory ... OK
* checking ‘build’ directory ... OK
* checking DESCRIPTION meta-information ... OK
* checking top-level files ... OK
* checking for left-over files ... OK
* checking index information ... OK
* checking package subdirectories ... OK
* checking R files for non-ASCII characters ... OK
* checking R files for syntax errors ... OK
* checking whether the package can be loaded ... OK
* checking whether the package can be loaded with stated dependencies ... OK
* checking whether the package can be unloaded cleanly ... OK
* checking whether the namespace can be loaded with stated dependencies ... OK
* checking whether the namespace can be unloaded cleanly ... OK
* checking dependencies in R code ... OK
* checking S3 generic/method consistency ... OK
* checking replacement functions ... OK
* checking foreign function calls ... OK
* checking R code for possible problems ... NOTE
nonParametricEstimator: no visible global function definition for ‘var’
performXieCorrection: no visible global function definition for ‘dnorm’
performXieCorrection: no visible global function definition for ‘pnorm’
vstFromLumi: no visible global function definition for ‘lm’
vstFromLumi: no visible global function definition for ‘predict’
Undefined global functions or variables:
  dnorm lm pnorm predict var
Consider adding
  importFrom("stats", "dnorm", "lm", "pnorm", "predict", "var")
to your NAMESPACE file.
* checking Rd files ... WARNING
checkRd: (5) interpolateSortedVectorRcpp_.Rd:0-21: Must have a \description
* checking Rd metadata ... OK
* checking Rd cross-references ... OK
* checking for missing documentation entries ... OK
* checking for code/documentation mismatches ... OK
* checking Rd \usage sections ... OK
* checking Rd contents ... OK
* checking for unstated dependencies in examples ... OK
* checking line endings in C/C++/Fortran sources/headers ... OK
* checking compiled code ... NOTE
Note: information on .o files is not available
* checking files in ‘vignettes’ ... OK
* checking examples ... OK
* checking for unstated dependencies in vignettes ... OK
* checking package vignettes in ‘inst/doc’ ... OK
* checking running R code from vignettes ... SKIPPED
* checking re-building of vignette outputs ... SKIPPED
* checking PDF version of manual ... OK
* DONE

Status: 1 WARNING, 2 NOTEs
See
  ‘/home/biocbuild/bbs-3.12-bioc/meat/blima.Rcheck/00check.log’
for details.



Installation output

blima.Rcheck/00install.out

##############################################################################
##############################################################################
###
### Running command:
###
###   /home/biocbuild/bbs-3.12-bioc/R/bin/R CMD INSTALL blima
###
##############################################################################
##############################################################################


* installing to library ‘/home/biocbuild/bbs-3.12-bioc/R/library’
* installing *source* package ‘blima’ ...
** using staged installation
** libs
g++ -std=gnu++11 -I"/home/biocbuild/bbs-3.12-bioc/R/include" -DNDEBUG  -I'/home/biocbuild/bbs-3.12-bioc/R/library/Rcpp/include' -I/usr/local/include   -fpic  -g -O2  -Wall -c RcppExports.cpp -o RcppExports.o
g++ -std=gnu++11 -I"/home/biocbuild/bbs-3.12-bioc/R/include" -DNDEBUG  -I'/home/biocbuild/bbs-3.12-bioc/R/library/Rcpp/include' -I/usr/local/include   -fpic  -g -O2  -Wall -c interpolateSortedVector.cpp -o interpolateSortedVector.o
g++ -std=gnu++11 -shared -L/home/biocbuild/bbs-3.12-bioc/R/lib -L/usr/local/lib -o blima.so RcppExports.o interpolateSortedVector.o -L/home/biocbuild/bbs-3.12-bioc/R/lib -lR
installing to /home/biocbuild/bbs-3.12-bioc/R/library/00LOCK-blima/00new/blima/libs
** R
** inst
** byte-compile and prepare package for lazy loading
** help
*** installing help indices
** building package indices
** installing vignettes
** testing if installed package can be loaded from temporary location
** checking absolute paths in shared objects and dynamic libraries
** testing if installed package can be loaded from final location
** testing if installed package keeps a record of temporary installation path
* DONE (blima)

Tests output


Example timings

blima.Rcheck/blima-Ex.timings

nameusersystemelapsed
bacgroundCorrect0.0480.0000.109
backgroundChannelSubtract0.0160.0000.019
chipArrayStatistics0.0160.0000.016
createSummarizedMatrix0.6840.0080.806
doProbeTTests0.2000.0000.198
doTTests0.1880.0040.191
log2TransformPositive0.5040.0080.517
nonPositiveCorrect0.0080.0000.008
plotBackgroundImageAfterCorrection0.0120.0000.013
plotBackgroundImageBeforeCorrection0.0120.0000.013
quantileNormalize0.0160.0000.016
selectedChannelTransform0.0120.0000.014
varianceBeadStabilise0.0160.0000.017
writeBackgroundImages0.0120.0000.014
xieBacgroundCorrect0.0160.0000.017