Back to Multiple platform build/check report for BioC 3.12
A[B]CDEFGHIJKLMNOPQRSTUVWXYZ

CHECK report for bioassayR on merida1

This page was generated on 2021-04-17 12:10:15 -0400 (Sat, 17 Apr 2021).

To the developers/maintainers of the bioassayR package:
Please make sure to use the following settings in order to reproduce any error or warning you see on this page.
Package 151/1974HostnameOS / ArchINSTALLBUILDCHECKBUILD BIN
bioassayR 1.28.2  (landing page)
Daniela Cassol
Snapshot Date: 2021-04-16 14:50:12 -0400 (Fri, 16 Apr 2021)
URL: https://git.bioconductor.org/packages/bioassayR
Branch: RELEASE_3_12
Last Commit: 75eb25d
Last Changed Date: 2021-02-26 15:47:36 -0400 (Fri, 26 Feb 2021)
malbec1Linux (Ubuntu 18.04.5 LTS) / x86_64  OK    OK    OK  UNNEEDED, same version exists in internal repository
tokay1Windows Server 2012 R2 Standard / x64  OK    OK    WARNINGS    OK  UNNEEDED, same version exists in internal repository
merida1macOS 10.14.6 Mojave / x86_64  OK    OK    WARNINGS    OK  UNNEEDED, same version exists in internal repository

Summary

Package: bioassayR
Version: 1.28.2
Command: /Library/Frameworks/R.framework/Versions/Current/Resources/bin/R CMD check --install=check:bioassayR.install-out.txt --library=/Library/Frameworks/R.framework/Versions/Current/Resources/library --no-vignettes --timings bioassayR_1.28.2.tar.gz
StartedAt: 2021-04-16 23:07:03 -0400 (Fri, 16 Apr 2021)
EndedAt: 2021-04-16 23:09:00 -0400 (Fri, 16 Apr 2021)
EllapsedTime: 117.3 seconds
RetCode: 0
Status:   WARNINGS  
CheckDir: bioassayR.Rcheck
Warnings: 1

Command output

##############################################################################
##############################################################################
###
### Running command:
###
###   /Library/Frameworks/R.framework/Versions/Current/Resources/bin/R CMD check --install=check:bioassayR.install-out.txt --library=/Library/Frameworks/R.framework/Versions/Current/Resources/library --no-vignettes --timings bioassayR_1.28.2.tar.gz
###
##############################################################################
##############################################################################


* using log directory ‘/Users/biocbuild/bbs-3.12-bioc/meat/bioassayR.Rcheck’
* using R version 4.0.5 (2021-03-31)
* using platform: x86_64-apple-darwin17.0 (64-bit)
* using session charset: UTF-8
* using option ‘--no-vignettes’
* checking for file ‘bioassayR/DESCRIPTION’ ... OK
* checking extension type ... Package
* this is package ‘bioassayR’ version ‘1.28.2’
* checking package namespace information ... OK
* checking package dependencies ... OK
* checking if this is a source package ... OK
* checking if there is a namespace ... OK
* checking for hidden files and directories ... OK
* checking for portable file names ... OK
* checking for sufficient/correct file permissions ... OK
* checking whether package ‘bioassayR’ can be installed ... OK
* checking installed package size ... OK
* checking package directory ... OK
* checking ‘build’ directory ... OK
* checking DESCRIPTION meta-information ... OK
* checking top-level files ... OK
* checking for left-over files ... OK
* checking index information ... OK
* checking package subdirectories ... WARNING
Invalid citation information in ‘inst/CITATION’:
  Failed with error:  ‘there is no package called ‘bibtex’’
  Error in (function (bibtype, textVersion = NULL, header = NULL, footer = NULL,     key = NULL, ..., other = list(), mheader = NULL, mfooter = NULL) {    BibTeX_names <- names(BibLaTeX_entry_field_db)    args <- c(list(...), other)    if (!length(args))         return(structure(list(), class = "bibentry"))    if (any(vapply(names(args), .is_not_nonempty_text, FALSE)))         stop("all fields have to be named")    args <- c(list(bibtype = bibtype, textVersion = textVersion,         header = header, footer = footer, key = key), list(...))    args <- lapply(args, .listify)    other <- lapply(other, .listify)    max_length <- max(vapply(c(args, other), length, 0L))    args_length <- vapply(args, length, 0L)    if (!all(args_length_ok <- args_length %in% c(1L, max_length)))         warning(gettextf("Not all arguments are of the same length, %s: %s",             "the following need to be recycled", paste(names(args)[!args_length_ok],                 collapse = ", ")), domain = NA)    args <- lapply(args, function(x) rep(x, length.out = max_length))    other_length <- vapply(other, length, 0L)    if (!all(other_length_ok <- other_length %in% c(1L, max_length)))         warning(gettextf("Not all arguments are of the same length, %s: %s",             "the following need to be recycled", paste(names(other)[!other_length_ok],                 collapse = ", ")), domain = NA)    other <- lapply(other, function(x) rep(x, length.out = max_length))    bibentry1 <- function(bibtype, textVersion, header = NULL,         footer = NULL, key = NULL, ..., other = list()) {        bibtype <- as.character(bibtype)        stopifnot(length(bibtype) == 1L)        pos <- match(tolower(bibtype), tolower(BibTeX_names))        if (is.na(pos))             stop(gettextf("%s has to be one of %s", sQuote("bibtype"),                 paste(BibTeX_names, collapse = ", ")), domain = NA)        bibtype <- BibTeX_names[pos]        rval <- c(list(...), other)        rval <- rval[!vapply(rval, .is_not_nonempty_text, FALSE)]        fields <- tolower(names(rval))        names(rval) <- fields        attr(rval, "bibtype") <- bibtype        .BibEntryCheckBibEntry1(rval)        pos <- fields %in% .BibEntryNameList        if (any(pos)) {            for (i in which(pos)) if (!inherits(rval[[i]], "person"))                 rval[[i]] <- ArrangeAuthors(rval[[i]])        }        pos <- fields %in% c("dateobj") | pos        if (any(!pos)) {            for (i in which(!pos)) rval[[i]] <- as.character(rval[[i]])        }        attr(rval, "key") <- if (is.null(key))             NULL        else as.character(key)        if (is.null(rval[["dateobj"]])) {            tdate <- try(ProcessDates(rval), TRUE)            if (!inherits(tdate, "try-error"))                 attr(rval, "dateobj") <- tdate        }        else {            attr(rval, "dateobj") <- rval[["dateobj"]]            rval[["dateobj"]] <- NULL        }        if (!is.null(textVersion))             attr(rval, "textVersion") <- as.character(textVersion)        if (!.is_not_nonempty_text(header))             attr(rval, "header") <- paste(header, collapse = "\n")        if (!.is_not_nonempty_text(footer))             attr(rval, "footer") <- paste(footer, collapse = "\n")        return(rval)    }    rval <- lapply(seq_along(args$bibtype), function(i) do.call("bibentry1",         c(lapply(args, "[[", i), list(other = lapply(other, "[[",             i)))))    if (!.is_not_nonempty_text(mheader))         attr(rval, "mheader") <- paste(mheader, collapse = "\n")    if (!.is_not_nonempty_text(mfooter))         attr(rval, "mfooter") <- paste(mfooter, collapse = "\n")    class(rval) <- c("BibEntry", "bibentry")    rval})(year = "2021", key = "_2021"): argument "bibtype" is missing, with no default
* checking R files for non-ASCII characters ... OK
* checking R files for syntax errors ... OK
* checking whether the package can be loaded ... OK
* checking whether the package can be loaded with stated dependencies ... OK
* checking whether the package can be unloaded cleanly ... OK
* checking whether the namespace can be loaded with stated dependencies ... OK
* checking whether the namespace can be unloaded cleanly ... OK
* checking dependencies in R code ... OK
* checking S3 generic/method consistency ... OK
* checking replacement functions ... OK
* checking foreign function calls ... OK
* checking R code for possible problems ... OK
* checking Rd files ... OK
* checking Rd metadata ... OK
* checking Rd cross-references ... OK
* checking for missing documentation entries ... OK
* checking for code/documentation mismatches ... OK
* checking Rd \usage sections ... OK
* checking Rd contents ... OK
* checking for unstated dependencies in examples ... OK
* checking contents of ‘data’ directory ... OK
* checking data for non-ASCII characters ... OK
* checking data for ASCII and uncompressed saves ... OK
* checking line endings in Makefiles ... OK
* checking for GNU extensions in Makefiles ... OK
* checking include directives in Makefiles ... OK
* checking files in ‘vignettes’ ... OK
* checking examples ... OK
* checking for unstated dependencies in ‘tests’ ... OK
* checking tests ...
  Running ‘testthat.R’
 OK
* checking for unstated dependencies in vignettes ... OK
* checking package vignettes in ‘inst/doc’ ... OK
* checking running R code from vignettes ... SKIPPED
* checking re-building of vignette outputs ... SKIPPED
* checking PDF version of manual ... OK
* DONE

Status: 1 WARNING
See
  ‘/Users/biocbuild/bbs-3.12-bioc/meat/bioassayR.Rcheck/00check.log’
for details.



Installation output

bioassayR.Rcheck/00install.out

##############################################################################
##############################################################################
###
### Running command:
###
###   /Library/Frameworks/R.framework/Versions/Current/Resources/bin/R CMD INSTALL bioassayR
###
##############################################################################
##############################################################################


* installing to library ‘/Library/Frameworks/R.framework/Versions/4.0/Resources/library’
* installing *source* package ‘bioassayR’ ...
** using staged installation
** R
** data
** inst
** byte-compile and prepare package for lazy loading
Creating a new generic function for ‘organism’ in package ‘bioassayR’
Creating a new generic function for ‘organism<-’ in package ‘bioassayR’
** help
*** installing help indices
** building package indices
** installing vignettes
** testing if installed package can be loaded from temporary location
** testing if installed package can be loaded from final location
** testing if installed package keeps a record of temporary installation path
* DONE (bioassayR)

Tests output

bioassayR.Rcheck/tests/testthat.Rout


R version 4.0.5 (2021-03-31) -- "Shake and Throw"
Copyright (C) 2021 The R Foundation for Statistical Computing
Platform: x86_64-apple-darwin17.0 (64-bit)

R is free software and comes with ABSOLUTELY NO WARRANTY.
You are welcome to redistribute it under certain conditions.
Type 'license()' or 'licence()' for distribution details.

R is a collaborative project with many contributors.
Type 'contributors()' for more information and
'citation()' on how to cite R or R packages in publications.

Type 'demo()' for some demos, 'help()' for on-line help, or
'help.start()' for an HTML browser interface to help.
Type 'q()' to quit R.

> library(testthat)
> library(bioassayR)
Loading required package: DBI
Loading required package: RSQLite
Loading required package: Matrix
Loading required package: rjson
Loading required package: BiocGenerics
Loading required package: parallel

Attaching package: 'BiocGenerics'

The following objects are masked from 'package:parallel':

    clusterApply, clusterApplyLB, clusterCall, clusterEvalQ,
    clusterExport, clusterMap, parApply, parCapply, parLapply,
    parLapplyLB, parRapply, parSapply, parSapplyLB

The following objects are masked from 'package:stats':

    IQR, mad, sd, var, xtabs

The following objects are masked from 'package:base':

    Filter, Find, Map, Position, Reduce, anyDuplicated, append,
    as.data.frame, basename, cbind, colnames, dirname, do.call,
    duplicated, eval, evalq, get, grep, grepl, intersect, is.unsorted,
    lapply, mapply, match, mget, order, paste, pmax, pmax.int, pmin,
    pmin.int, rank, rbind, rownames, sapply, setdiff, sort, table,
    tapply, union, unique, unsplit, which.max, which.min


Attaching package: 'bioassayR'

The following objects are masked from 'package:BiocGenerics':

    organism, organism<-

> 
> test_check("bioassayR")
[ FAIL 0 | WARN 1 | SKIP 0 | PASS 22 ]
> 
> proc.time()
   user  system elapsed 
  6.348   0.361   6.696 

Example timings

bioassayR.Rcheck/bioassayR-Ex.timings

nameusersystemelapsed
BioAssayDB-class0.0020.0000.002
activeAgainst0.0310.0030.035
activeTargets0.0550.0060.061
addBioassayIndex0.0180.0100.027
addDataSource0.0270.0090.035
allCids0.0070.0010.009
allTargets0.0050.0020.007
assaySetTargets0.0580.0080.066
bioactivityFingerprint0.1930.0080.202
bioassay-class0.0170.0050.021
bioassaySet-class0.0000.0000.001
connectBioassayDB0.0130.0050.019
crossReactivityProbability0.1760.0060.184
disconnectBioassayDB0.0160.0060.023
dropBioassay0.0640.0190.085
dropBioassayIndex0.0300.0180.048
getAssay0.0070.0020.009
getAssays0.0180.0030.021
getBioassaySetByCids0.1740.0050.180
inactiveTargets0.0120.0020.014
loadBioassay0.0430.0120.056
loadIdMapping0.0180.0080.025
newBioassayDB0.0100.0040.015
parsePubChemBioassay0.0130.0020.016
perTargetMatrix0.2320.0090.242
queryBioassayDB0.0330.0260.059
samplebioassay0.0030.0030.006
scaleBioassaySet0.0400.0060.046
screenedAtLeast0.0120.0010.015
selectiveAgainst0.0980.0090.107
targetSelectivity0.0240.0030.030
translateTargetId0.0130.0050.019
trinarySimilarity0.2000.0040.205