Back to Multiple platform build/check report for BioC 3.19:   simplified   long
ABCDEFGHIJKL[M]NOPQRSTUVWXYZ

This page was generated on 2024-06-18 17:59 -0400 (Tue, 18 Jun 2024).

HostnameOSArch (*)R versionInstalled pkgs
nebbiolo1Linux (Ubuntu 22.04.3 LTS)x86_644.4.0 (2024-04-24) -- "Puppy Cup" 4758
palomino3Windows Server 2022 Datacenterx644.4.0 (2024-04-24 ucrt) -- "Puppy Cup" 4492
merida1macOS 12.7.4 Montereyx86_644.4.0 (2024-04-24) -- "Puppy Cup" 4464
kjohnson1macOS 13.6.6 Venturaarm644.4.0 (2024-04-24) -- "Puppy Cup" 4464
Click on any hostname to see more info about the system (e.g. compilers)      (*) as reported by 'uname -p', except on Windows and Mac OS X

Package 1199/2300HostnameOS / ArchINSTALLBUILDCHECKBUILD BIN
memes 1.12.0  (landing page)
Spencer Nystrom
Snapshot Date: 2024-06-16 14:00 -0400 (Sun, 16 Jun 2024)
git_url: https://git.bioconductor.org/packages/memes
git_branch: RELEASE_3_19
git_last_commit: 658eb6b
git_last_commit_date: 2024-04-30 11:32:21 -0400 (Tue, 30 Apr 2024)
nebbiolo1Linux (Ubuntu 22.04.3 LTS) / x86_64  OK    OK    WARNINGS  UNNEEDED, same version is already published
palomino3Windows Server 2022 Datacenter / x64  OK    OK    WARNINGS    OK  UNNEEDED, same version is already published
merida1macOS 12.7.4 Monterey / x86_64  OK    OK    WARNINGS    OK  UNNEEDED, same version is already published
kjohnson1macOS 13.6.6 Ventura / arm64  OK    OK    WARNINGS    OK  UNNEEDED, same version is already published


CHECK results for memes on palomino3

To the developers/maintainers of the memes package:
- Allow up to 24 hours (and sometimes 48 hours) for your latest push to git@git.bioconductor.org:packages/memes.git to reflect on this report. See Troubleshooting Build Report for more information.
- Use the following Renviron settings to reproduce errors and warnings.
- If 'R CMD check' started to fail recently on the Linux builder(s) over a missing dependency, add the missing dependency to 'Suggests:' in your DESCRIPTION file. See Renviron.bioc for more information.

raw results


Summary

Package: memes
Version: 1.12.0
Command: F:\biocbuild\bbs-3.19-bioc\R\bin\R.exe CMD check --no-multiarch --install=check:memes.install-out.txt --library=F:\biocbuild\bbs-3.19-bioc\R\library --no-vignettes --timings memes_1.12.0.tar.gz
StartedAt: 2024-06-17 06:18:10 -0400 (Mon, 17 Jun 2024)
EndedAt: 2024-06-17 06:23:18 -0400 (Mon, 17 Jun 2024)
EllapsedTime: 307.6 seconds
RetCode: 0
Status:   WARNINGS  
CheckDir: memes.Rcheck
Warnings: 1

Command output

##############################################################################
##############################################################################
###
### Running command:
###
###   F:\biocbuild\bbs-3.19-bioc\R\bin\R.exe CMD check --no-multiarch --install=check:memes.install-out.txt --library=F:\biocbuild\bbs-3.19-bioc\R\library --no-vignettes --timings memes_1.12.0.tar.gz
###
##############################################################################
##############################################################################


* using log directory 'F:/biocbuild/bbs-3.19-bioc/meat/memes.Rcheck'
* using R version 4.4.0 (2024-04-24 ucrt)
* using platform: x86_64-w64-mingw32
* R was compiled by
    gcc.exe (GCC) 13.2.0
    GNU Fortran (GCC) 13.2.0
* running under: Windows Server 2022 x64 (build 20348)
* using session charset: UTF-8
* using option '--no-vignettes'
* checking for file 'memes/DESCRIPTION' ... OK
* checking extension type ... Package
* this is package 'memes' version '1.12.0'
* package encoding: UTF-8
* checking package namespace information ... OK
* checking package dependencies ... OK
* checking if this is a source package ... OK
* checking if there is a namespace ... OK
* checking for hidden files and directories ... OK
* checking for portable file names ... OK
* checking whether package 'memes' can be installed ... OK
* checking installed package size ... OK
* checking package directory ... OK
* checking 'build' directory ... OK
* checking DESCRIPTION meta-information ... OK
* checking top-level files ... OK
* checking for left-over files ... OK
* checking index information ... OK
* checking package subdirectories ... OK
* checking code files for non-ASCII characters ... OK
* checking R files for syntax errors ... OK
* checking whether the package can be loaded ... OK
* checking whether the package can be loaded with stated dependencies ... OK
* checking whether the package can be unloaded cleanly ... OK
* checking whether the namespace can be loaded with stated dependencies ... OK
* checking whether the namespace can be unloaded cleanly ... OK
* checking dependencies in R code ... OK
* checking S3 generic/method consistency ... WARNING
motif_input:
  function(x, ...)
motif_input.universalmotif_df:
  function(input, path)

motif_input:
  function(x, ...)
motif_input.universalmotif:
  function(input, path)

motif_input:
  function(x, ...)
motif_input.list:
  function(input, path)

motif_input:
  function(x, ...)
motif_input.character:
  function(input, path)

motif_input:
  function(x, ...)
motif_input.data.frame:
  function(input, path)

sequence_input:
  function(x)
sequence_input.DNAStringSet:
  function(input)

sequence_input:
  function(x)
sequence_input.character:
  function(input)

sequence_input:
  function(x)
sequence_input.BStringSet:
  function(input)

sequence_input:
  function(x)
sequence_input.AAStringSet:
  function(input)
See section 'Generic functions and methods' in the 'Writing R
Extensions' manual.
* checking replacement functions ... OK
* checking foreign function calls ... OK
* checking R code for possible problems ... OK
* checking Rd files ... NOTE
checkRd: (-1) runTomTom.Rd:51: Lost braces; missing escapes or markup?
    51 | \item{...}{additional flags passed to tomtom using {cmdfun} formating (see table below for details)}
       |                                                    ^
* checking Rd metadata ... OK
* checking Rd cross-references ... OK
* checking for missing documentation entries ... OK
* checking for code/documentation mismatches ... OK
* checking Rd \usage sections ... OK
* checking Rd contents ... OK
* checking for unstated dependencies in examples ... OK
* checking contents of 'data' directory ... OK
* checking data for non-ASCII characters ... OK
* checking LazyData ... OK
* checking data for ASCII and uncompressed saves ... OK
* checking files in 'vignettes' ... OK
* checking examples ... OK
Examples with CPU (user + system) or elapsed time > 5s
             user system elapsed
add_sequence 7.47   1.96    9.46
* checking for unstated dependencies in vignettes ... OK
* checking package vignettes ... OK
* checking running R code from vignettes ... SKIPPED
* checking re-building of vignette outputs ... SKIPPED
* checking PDF version of manual ... OK
* DONE

Status: 1 WARNING, 1 NOTE
See
  'F:/biocbuild/bbs-3.19-bioc/meat/memes.Rcheck/00check.log'
for details.


Installation output

memes.Rcheck/00install.out

##############################################################################
##############################################################################
###
### Running command:
###
###   F:\biocbuild\bbs-3.19-bioc\R\bin\R.exe CMD INSTALL memes
###
##############################################################################
##############################################################################


* installing to library 'F:/biocbuild/bbs-3.19-bioc/R/library'
* installing *source* package 'memes' ...
** using staged installation
** R
** data
*** moving datasets to lazyload DB
** inst
** byte-compile and prepare package for lazy loading
** help
*** installing help indices
*** copying figures
** building package indices
** installing vignettes
** testing if installed package can be loaded from temporary location
** testing if installed package can be loaded from final location
** testing if installed package keeps a record of temporary installation path
* DONE (memes)

Tests output


Example timings

memes.Rcheck/memes-Ex.timings

nameusersystemelapsed
add_sequence7.471.969.46
ame_compare_heatmap_methods1.950.082.03
check_meme_install0.620.120.76
drop_best_match0.000.020.02
example_ame0.080.000.08
example_ame_large0.060.000.06
force_best_match0.080.010.09
get_sequence0.440.080.58
has_duplicate_motifs0.220.190.39
importAme0.330.190.49
importDremeXML0.260.040.31
importFimo0.080.030.08
importMeme0.160.000.17
importStremeXML0.170.000.17
importTomTomXML0.330.020.34
meme_is_installed0.080.000.08
nest_tomtom0.060.010.08
plot_ame_heatmap0.560.020.58
plot_sequence_heatmap3.940.134.76
remove_duplicate_motifs000
runAme0.080.010.09
runDreme0.060.020.08
runFimo0.070.010.08
runMeme0.060.020.08
runTomTom0.040.000.05
update_best_match0.080.000.07
view_tomtom_hits1.020.031.05
write_fasta000