Back to Multiple platform build/check report for BioC 3.18:   simplified   long
ABCDEF[G]HIJKLMNOPQRSTUVWXYZ

This page was generated on 2024-02-28 11:36:49 -0500 (Wed, 28 Feb 2024).

HostnameOSArch (*)R versionInstalled pkgs
nebbiolo2Linux (Ubuntu 22.04.3 LTS)x86_644.3.2 Patched (2023-11-13 r85521) -- "Eye Holes" 4692
palomino4Windows Server 2022 Datacenterx644.3.2 (2023-10-31 ucrt) -- "Eye Holes" 4445
lconwaymacOS 12.7.1 Montereyx86_644.3.2 Patched (2023-11-01 r85457) -- "Eye Holes" 4466
Click on any hostname to see more info about the system (e.g. compilers)      (*) as reported by 'uname -p', except on Windows and Mac OS X

Package 794/2266HostnameOS / ArchINSTALLBUILDCHECKBUILD BIN
genefu 2.34.0  (landing page)
Benjamin Haibe-Kains
Snapshot Date: 2024-02-27 14:05:07 -0500 (Tue, 27 Feb 2024)
git_url: https://git.bioconductor.org/packages/genefu
git_branch: RELEASE_3_18
git_last_commit: 6911d3c
git_last_commit_date: 2023-10-24 09:46:18 -0500 (Tue, 24 Oct 2023)
nebbiolo2Linux (Ubuntu 22.04.3 LTS) / x86_64  OK    OK    WARNINGS  UNNEEDED, same version is already published
palomino4Windows Server 2022 Datacenter / x64  OK    OK    WARNINGS    OK  UNNEEDED, same version is already published
lconwaymacOS 12.7.1 Monterey / x86_64  OK    OK    WARNINGS    OK  UNNEEDED, same version is already published
kjohnson1macOS 13.6.1 Ventura / arm64see weekly results here

CHECK results for genefu on palomino4


To the developers/maintainers of the genefu package:
- Allow up to 24 hours (and sometimes 48 hours) for your latest push to git@git.bioconductor.org:packages/genefu.git to reflect on this report. See Troubleshooting Build Report for more information.
- Use the following Renviron settings to reproduce errors and warnings.
- If 'R CMD check' started to fail recently on the Linux builder(s) over a missing dependency, add the missing dependency to 'Suggests:' in your DESCRIPTION file. See Renviron.bioc for more information.

raw results


Summary

Package: genefu
Version: 2.34.0
Command: F:\biocbuild\bbs-3.18-bioc\R\bin\R.exe CMD check --no-multiarch --install=check:genefu.install-out.txt --library=F:\biocbuild\bbs-3.18-bioc\R\library --no-vignettes --timings genefu_2.34.0.tar.gz
StartedAt: 2024-02-28 02:02:07 -0500 (Wed, 28 Feb 2024)
EndedAt: 2024-02-28 02:04:33 -0500 (Wed, 28 Feb 2024)
EllapsedTime: 146.7 seconds
RetCode: 0
Status:   WARNINGS  
CheckDir: genefu.Rcheck
Warnings: 1

Command output

##############################################################################
##############################################################################
###
### Running command:
###
###   F:\biocbuild\bbs-3.18-bioc\R\bin\R.exe CMD check --no-multiarch --install=check:genefu.install-out.txt --library=F:\biocbuild\bbs-3.18-bioc\R\library --no-vignettes --timings genefu_2.34.0.tar.gz
###
##############################################################################
##############################################################################


* using log directory 'F:/biocbuild/bbs-3.18-bioc/meat/genefu.Rcheck'
* using R version 4.3.2 (2023-10-31 ucrt)
* using platform: x86_64-w64-mingw32 (64-bit)
* R was compiled by
    gcc.exe (GCC) 12.3.0
    GNU Fortran (GCC) 12.3.0
* running under: Windows Server 2022 x64 (build 20348)
* using session charset: UTF-8
* using option '--no-vignettes'
* checking for file 'genefu/DESCRIPTION' ... OK
* checking extension type ... Package
* this is package 'genefu' version '2.34.0'
* package encoding: UTF-8
* checking package namespace information ... OK
* checking package dependencies ... OK
* checking if this is a source package ... OK
* checking if there is a namespace ... OK
* checking for hidden files and directories ... OK
* checking for portable file names ... OK
* checking whether package 'genefu' can be installed ... WARNING
Found the following significant warnings:
  Warning: replacing previous import 'limma::logsumexp' by 'mclust::logsumexp' when loading 'genefu'
See 'F:/biocbuild/bbs-3.18-bioc/meat/genefu.Rcheck/00install.out' for details.
* checking installed package size ... NOTE
  installed size is  5.2Mb
  sub-directories of 1Mb or more:
    data   4.0Mb
* checking package directory ... OK
* checking 'build' directory ... OK
* checking DESCRIPTION meta-information ... OK
* checking top-level files ... OK
* checking for left-over files ... OK
* checking index information ... OK
* checking package subdirectories ... OK
* checking R files for non-ASCII characters ... OK
* checking R files for syntax errors ... OK
* checking whether the package can be loaded ... OK
* checking whether the package can be loaded with stated dependencies ... OK
* checking whether the package can be unloaded cleanly ... OK
* checking whether the namespace can be loaded with stated dependencies ... OK
* checking whether the namespace can be unloaded cleanly ... OK
* checking dependencies in R code ... NOTE
Packages in Depends field not imported from:
  'AIMS' 'biomaRt' 'iC10'
  These packages need to be imported from (in the NAMESPACE file)
  for when this namespace is loaded but not attached.
Unexported objects imported by ':::' calls:
  'mclust:::grid1' 'mclust:::grid2'
  See the note in ?`:::` about the use of this operator.
* checking S3 generic/method consistency ... OK
* checking replacement functions ... OK
* checking foreign function calls ... OK
* checking R code for possible problems ... OK
* checking Rd files ... OK
* checking Rd metadata ... OK
* checking Rd cross-references ... OK
* checking for missing documentation entries ... OK
* checking for code/documentation mismatches ... OK
* checking Rd \usage sections ... OK
* checking Rd contents ... OK
* checking for unstated dependencies in examples ... OK
* checking contents of 'data' directory ... OK
* checking data for non-ASCII characters ... OK
* checking data for ASCII and uncompressed saves ... OK
* checking files in 'vignettes' ... OK
* checking examples ... OK
* checking for unstated dependencies in vignettes ... OK
* checking package vignettes in 'inst/doc' ... OK
* checking running R code from vignettes ... SKIPPED
* checking re-building of vignette outputs ... SKIPPED
* checking PDF version of manual ... OK
* DONE

Status: 1 WARNING, 2 NOTEs
See
  'F:/biocbuild/bbs-3.18-bioc/meat/genefu.Rcheck/00check.log'
for details.



Installation output

genefu.Rcheck/00install.out

##############################################################################
##############################################################################
###
### Running command:
###
###   F:\biocbuild\bbs-3.18-bioc\R\bin\R.exe CMD INSTALL genefu
###
##############################################################################
##############################################################################


* installing to library 'F:/biocbuild/bbs-3.18-bioc/R/library'
* installing *source* package 'genefu' ...
** using staged installation
** R
** data
** inst
** byte-compile and prepare package for lazy loading
Warning: replacing previous import 'limma::logsumexp' by 'mclust::logsumexp' when loading 'genefu'
** help
*** installing help indices
** building package indices
** installing vignettes
** testing if installed package can be loaded from temporary location
Warning: replacing previous import 'limma::logsumexp' by 'mclust::logsumexp' when loading 'genefu'
** testing if installed package can be loaded from final location
Warning: replacing previous import 'limma::logsumexp' by 'mclust::logsumexp' when loading 'genefu'
** testing if installed package keeps a record of temporary installation path
* DONE (genefu)

Tests output


Example timings

genefu.Rcheck/genefu-Ex.timings

nameusersystemelapsed
bimod0.270.020.30
boxplotplus20.010.000.01
claudinLow1.220.031.25
compareProtoCor1.340.001.36
compute.pairw.cor.meta1.430.031.45
compute.proto.cor.meta1.170.051.22
cordiff.dep0.090.000.10
endoPredict0.130.010.15
fuzzy.ttest0.090.000.10
gene700.270.040.31
gene760.100.010.12
geneid.map0.110.030.16
genius0.130.080.23
ggi0.090.010.11
ihc40.110.020.12
intrinsic.cluster0.310.000.39
intrinsic.cluster.predict0.140.010.16
map.datasets1.110.021.12
molecular.subtyping2.420.152.74
npi0.100.000.09
oncotypedx0.110.040.14
ovcAngiogenic0.100.030.14
ovcCrijns0.130.010.14
ovcTCGA0.250.000.25
ovcYoshihara0.120.000.14
pik3cags0.090.020.12
power.cor000
ps.cluster0.360.010.38
read.m.file0.020.000.05
rename.duplicate000
rescale0.230.020.25
rorS0.140.030.17
setcolclass.df000
sig.score0.110.020.12
spearmanCI000
st.gallen0.100.000.09
stab.fs0.090.000.10
stab.fs.ranking0.560.050.61
strescR000
subtype.cluster0.690.050.75
subtype.cluster.predict0.230.060.30
tamr130.170.010.20
tbrm000
weighted.meanvar000
write.m.file0.000.020.02