Back to Multiple platform build/check report for BioC 3.18: simplified long |
|
This page was generated on 2023-12-07 11:36:45 -0500 (Thu, 07 Dec 2023).
Hostname | OS | Arch (*) | R version | Installed pkgs |
---|---|---|---|---|
nebbiolo2 | Linux (Ubuntu 22.04.2 LTS) | x86_64 | 4.3.2 Patched (2023-11-13 r85521) -- "Eye Holes" | 4688 |
palomino4 | Windows Server 2022 Datacenter | x64 | 4.3.2 (2023-10-31 ucrt) -- "Eye Holes" | 4439 |
lconway | macOS 12.7.1 Monterey | x86_64 | 4.3.2 Patched (2023-11-01 r85457) -- "Eye Holes" | 4458 |
Click on any hostname to see more info about the system (e.g. compilers) (*) as reported by 'uname -p', except on Windows and Mac OS X |
Package 894/2266 | Hostname | OS / Arch | INSTALL | BUILD | CHECK | BUILD BIN | ||||||||
GRaNIE 1.6.1 (landing page) Christian Arnold
| nebbiolo2 | Linux (Ubuntu 22.04.2 LTS) / x86_64 | OK | OK | OK | ![]() | ||||||||
palomino4 | Windows Server 2022 Datacenter / x64 | OK | OK | WARNINGS | OK | ![]() | ||||||||
lconway | macOS 12.7.1 Monterey / x86_64 | OK | OK | OK | OK | ![]() | ||||||||
kjohnson1 | macOS 13.6.1 Ventura / arm64 | see weekly results here | ||||||||||||
To the developers/maintainers of the GRaNIE package: - Allow up to 24 hours (and sometimes 48 hours) for your latest push to git@git.bioconductor.org:packages/GRaNIE.git to reflect on this report. See Troubleshooting Build Report for more information. - Use the following Renviron settings to reproduce errors and warnings. - If 'R CMD check' started to fail recently on the Linux builder(s) over a missing dependency, add the missing dependency to 'Suggests:' in your DESCRIPTION file. See Renviron.bioc for more information. |
Package: GRaNIE |
Version: 1.6.1 |
Command: F:\biocbuild\bbs-3.18-bioc\R\bin\R.exe CMD check --no-multiarch --install=check:GRaNIE.install-out.txt --library=F:\biocbuild\bbs-3.18-bioc\R\library --no-vignettes --timings GRaNIE_1.6.1.tar.gz |
StartedAt: 2023-12-07 02:18:31 -0500 (Thu, 07 Dec 2023) |
EndedAt: 2023-12-07 02:25:49 -0500 (Thu, 07 Dec 2023) |
EllapsedTime: 438.2 seconds |
RetCode: 0 |
Status: WARNINGS |
CheckDir: GRaNIE.Rcheck |
Warnings: 1 |
############################################################################## ############################################################################## ### ### Running command: ### ### F:\biocbuild\bbs-3.18-bioc\R\bin\R.exe CMD check --no-multiarch --install=check:GRaNIE.install-out.txt --library=F:\biocbuild\bbs-3.18-bioc\R\library --no-vignettes --timings GRaNIE_1.6.1.tar.gz ### ############################################################################## ############################################################################## * using log directory 'F:/biocbuild/bbs-3.18-bioc/meat/GRaNIE.Rcheck' * using R version 4.3.2 (2023-10-31 ucrt) * using platform: x86_64-w64-mingw32 (64-bit) * R was compiled by gcc.exe (GCC) 12.3.0 GNU Fortran (GCC) 12.3.0 * running under: Windows Server 2022 x64 (build 20348) * using session charset: UTF-8 * using option '--no-vignettes' * checking for file 'GRaNIE/DESCRIPTION' ... OK * this is package 'GRaNIE' version '1.6.1' * package encoding: UTF-8 * checking package namespace information ... OK * checking package dependencies ... OK * checking if this is a source package ... OK * checking if there is a namespace ... OK * checking for hidden files and directories ... OK * checking for portable file names ... OK * checking whether package 'GRaNIE' can be installed ... WARNING Found the following significant warnings: Warning: replacing previous import 'GenomicRanges::windows' by 'grDevices::windows' when loading 'GRaNIE' See 'F:/biocbuild/bbs-3.18-bioc/meat/GRaNIE.Rcheck/00install.out' for details. * checking installed package size ... OK * checking package directory ... OK * checking 'build' directory ... OK * checking DESCRIPTION meta-information ... OK * checking top-level files ... OK * checking for left-over files ... OK * checking index information ... OK * checking package subdirectories ... OK * checking R files for non-ASCII characters ... OK * checking R files for syntax errors ... OK * checking whether the package can be loaded ... OK * checking whether the package can be loaded with stated dependencies ... OK * checking whether the package can be unloaded cleanly ... OK * checking whether the namespace can be loaded with stated dependencies ... OK * checking whether the namespace can be unloaded cleanly ... OK * checking startup messages can be suppressed ... OK * checking dependencies in R code ... OK * checking S3 generic/method consistency ... OK * checking replacement functions ... OK * checking foreign function calls ... OK * checking R code for possible problems ... NOTE .performIHW: no visible binding for global variable 'adj_pvalue' Undefined global functions or variables: adj_pvalue * checking Rd files ... OK * checking Rd metadata ... OK * checking Rd cross-references ... OK * checking for missing documentation entries ... OK * checking for code/documentation mismatches ... OK * checking Rd \usage sections ... OK * checking Rd contents ... OK * checking for unstated dependencies in examples ... OK * checking files in 'vignettes' ... OK * checking examples ... OK Examples with CPU (user + system) or elapsed time > 5s user system elapsed generateStatsSummary 8.66 0.26 9.50 addConnections_TF_peak 5.66 1.56 8.30 addSNPData 4.70 0.22 7.31 * checking for unstated dependencies in vignettes ... OK * checking package vignettes in 'inst/doc' ... OK * checking running R code from vignettes ... SKIPPED * checking re-building of vignette outputs ... SKIPPED * checking PDF version of manual ... OK * DONE Status: 1 WARNING, 1 NOTE See 'F:/biocbuild/bbs-3.18-bioc/meat/GRaNIE.Rcheck/00check.log' for details.
GRaNIE.Rcheck/00install.out
############################################################################## ############################################################################## ### ### Running command: ### ### F:\biocbuild\bbs-3.18-bioc\R\bin\R.exe CMD INSTALL GRaNIE ### ############################################################################## ############################################################################## * installing to library 'F:/biocbuild/bbs-3.18-bioc/R/library' * installing *source* package 'GRaNIE' ... ** using staged installation ** R ** byte-compile and prepare package for lazy loading Warning: replacing previous import 'GenomicRanges::windows' by 'grDevices::windows' when loading 'GRaNIE' ** help *** installing help indices ** building package indices ** installing vignettes ** testing if installed package can be loaded from temporary location Warning: replacing previous import 'GenomicRanges::windows' by 'grDevices::windows' when loading 'GRaNIE' ** testing if installed package can be loaded from final location Warning: replacing previous import 'GenomicRanges::windows' by 'grDevices::windows' when loading 'GRaNIE' ** testing if installed package keeps a record of temporary installation path * DONE (GRaNIE)
GRaNIE.Rcheck/GRaNIE-Ex.timings
name | user | system | elapsed | |
AR_classification_wrapper | 0 | 0 | 0 | |
addConnections_TF_peak | 5.66 | 1.56 | 8.30 | |
addConnections_peak_gene | 2.59 | 0.11 | 3.19 | |
addData | 0 | 0 | 0 | |
addSNPData | 4.70 | 0.22 | 7.31 | |
addTFBS | 0 | 0 | 0 | |
add_TF_gene_correlation | 1.61 | 0.14 | 2.17 | |
add_featureVariation | 0 | 0 | 0 | |
build_eGRN_graph | 1.64 | 0.09 | 2.18 | |
calculateCommunitiesEnrichment | 2.71 | 0.08 | 3.14 | |
calculateCommunitiesStats | 2.39 | 0.17 | 3.00 | |
calculateGeneralEnrichment | 1.70 | 0.14 | 2.27 | |
calculateTFEnrichment | 2.05 | 0.09 | 2.58 | |
changeOutputDirectory | 1.44 | 0.06 | 1.85 | |
deleteIntermediateData | 1.46 | 0.10 | 1.97 | |
filterConnectionsForPlotting | 1.58 | 0.08 | 2.07 | |
filterData | 2.06 | 0.18 | 2.67 | |
filterGRNAndConnectGenes | 1.61 | 0.07 | 2.12 | |
generateStatsSummary | 8.66 | 0.26 | 9.50 | |
getCounts | 2.37 | 0.19 | 3.00 | |
getGRNConnections | 1.74 | 0.09 | 2.20 | |
getGRNSummary | 4.46 | 0.10 | 4.97 | |
getParameters | 1.66 | 0.07 | 2.16 | |
getTopNodes | 3.47 | 0.08 | 3.97 | |
initializeGRN | 0.03 | 0.00 | 0.03 | |
loadExampleObject | 1.77 | 0.14 | 2.38 | |
nGenes | 1.92 | 0.12 | 2.51 | |
nPeaks | 2.14 | 0.13 | 2.74 | |
nTFs | 3.01 | 0.09 | 3.56 | |
overlapPeaksAndTFBS | 1.54 | 0.10 | 2.05 | |
performAllNetworkAnalyses | 0 | 0 | 0 | |
plotCommunitiesEnrichment | 3.13 | 0.23 | 3.80 | |
plotCommunitiesStats | 2.51 | 0.16 | 3.05 | |
plotCorrelations | 3.10 | 0.11 | 3.64 | |
plotDiagnosticPlots_TFPeaks | 3.14 | 0.09 | 3.67 | |
plotDiagnosticPlots_peakGene | 3.92 | 0.11 | 4.44 | |
plotGeneralEnrichment | 1.98 | 0.08 | 2.43 | |
plotGeneralGraphStats | 2.44 | 0.06 | 2.89 | |
plotPCA_all | 3.59 | 0.19 | 4.19 | |
plotTFEnrichment | 2.67 | 0.06 | 3.18 | |
plot_stats_connectionSummary | 2.49 | 0.50 | 2.88 | |
visualizeGRN | 4.20 | 0.66 | 4.66 | |