Back to Multiple platform build/check report for BioC 3.17: simplified long |
|
This page was generated on 2023-10-16 11:35:46 -0400 (Mon, 16 Oct 2023).
Hostname | OS | Arch (*) | R version | Installed pkgs |
---|---|---|---|---|
nebbiolo1 | Linux (Ubuntu 22.04.2 LTS) | x86_64 | 4.3.1 (2023-06-16) -- "Beagle Scouts" | 4626 |
palomino3 | Windows Server 2022 Datacenter | x64 | 4.3.1 (2023-06-16 ucrt) -- "Beagle Scouts" | 4379 |
merida1 | macOS 12.6.4 Monterey | x86_64 | 4.3.1 (2023-06-16) -- "Beagle Scouts" | 4395 |
Click on any hostname to see more info about the system (e.g. compilers) (*) as reported by 'uname -p', except on Windows and Mac OS X |
Package 1897/2230 | Hostname | OS / Arch | INSTALL | BUILD | CHECK | BUILD BIN | ||||||||
sesame 1.18.4 (landing page) Wanding Zhou
| nebbiolo1 | Linux (Ubuntu 22.04.2 LTS) / x86_64 | OK | OK | WARNINGS | |||||||||
palomino3 | Windows Server 2022 Datacenter / x64 | OK | OK | WARNINGS | OK | |||||||||
merida1 | macOS 12.6.4 Monterey / x86_64 | OK | OK | WARNINGS | OK | |||||||||
kjohnson2 | macOS 12.6.1 Monterey / arm64 | see weekly results here | ||||||||||||
To the developers/maintainers of the sesame package: - Allow up to 24 hours (and sometimes 48 hours) for your latest push to git@git.bioconductor.org:packages/sesame.git to reflect on this report. See Troubleshooting Build Report for more information. - Use the following Renviron settings to reproduce errors and warnings. - If 'R CMD check' started to fail recently on the Linux builder(s) over a missing dependency, add the missing dependency to 'Suggests:' in your DESCRIPTION file. See Renviron.bioc for more information. |
Package: sesame |
Version: 1.18.4 |
Command: /home/biocbuild/bbs-3.17-bioc/R/bin/R CMD check --install=check:sesame.install-out.txt --library=/home/biocbuild/bbs-3.17-bioc/R/site-library --timings sesame_1.18.4.tar.gz |
StartedAt: 2023-10-16 01:03:21 -0400 (Mon, 16 Oct 2023) |
EndedAt: 2023-10-16 01:24:00 -0400 (Mon, 16 Oct 2023) |
EllapsedTime: 1238.9 seconds |
RetCode: 0 |
Status: WARNINGS |
CheckDir: sesame.Rcheck |
Warnings: 1 |
############################################################################## ############################################################################## ### ### Running command: ### ### /home/biocbuild/bbs-3.17-bioc/R/bin/R CMD check --install=check:sesame.install-out.txt --library=/home/biocbuild/bbs-3.17-bioc/R/site-library --timings sesame_1.18.4.tar.gz ### ############################################################################## ############################################################################## * using log directory ‘/home/biocbuild/bbs-3.17-bioc/meat/sesame.Rcheck’ * using R version 4.3.1 (2023-06-16) * using platform: x86_64-pc-linux-gnu (64-bit) * R was compiled by gcc (Ubuntu 11.3.0-1ubuntu1~22.04.1) 11.3.0 GNU Fortran (Ubuntu 11.3.0-1ubuntu1~22.04.1) 11.3.0 * running under: Ubuntu 22.04.3 LTS * using session charset: UTF-8 * checking for file ‘sesame/DESCRIPTION’ ... OK * checking extension type ... Package * this is package ‘sesame’ version ‘1.18.4’ * package encoding: UTF-8 * checking package namespace information ... OK * checking package dependencies ... OK * checking if this is a source package ... OK * checking if there is a namespace ... OK * checking for hidden files and directories ... OK * checking for portable file names ... OK * checking for sufficient/correct file permissions ... OK * checking whether package ‘sesame’ can be installed ... OK * checking installed package size ... OK * checking package directory ... OK * checking ‘build’ directory ... OK * checking DESCRIPTION meta-information ... OK * checking top-level files ... OK * checking for left-over files ... OK * checking index information ... OK * checking package subdirectories ... OK * checking R files for non-ASCII characters ... OK * checking R files for syntax errors ... OK * checking whether the package can be loaded ... OK * checking whether the package can be loaded with stated dependencies ... OK * checking whether the package can be unloaded cleanly ... OK * checking whether the namespace can be loaded with stated dependencies ... OK * checking whether the namespace can be unloaded cleanly ... OK * checking loading without being on the library search path ... OK * checking startup messages can be suppressed ... OK * checking dependencies in R code ... WARNING '::' or ':::' import not declared from: ‘BiocManager’ * checking S3 generic/method consistency ... OK * checking replacement functions ... OK * checking foreign function calls ... OK * checking R code for possible problems ... OK * checking Rd files ... OK * checking Rd metadata ... OK * checking Rd cross-references ... OK * checking for missing documentation entries ... OK * checking for code/documentation mismatches ... OK * checking Rd \usage sections ... OK * checking Rd contents ... OK * checking for unstated dependencies in examples ... OK * checking files in ‘vignettes’ ... OK * checking examples ... OK Examples with CPU (user + system) or elapsed time > 5s user system elapsed testEnrichmentGene 107.443 7.453 118.765 sesameQC_calcStats 22.344 1.646 24.174 KYCG_plotMeta 22.422 1.372 24.306 sesameQC_plotHeatSNPs 21.716 0.904 22.887 inferSpecies 18.390 2.271 21.198 KYCG_plotEnrichAll 18.146 2.270 21.757 sesameQC_plotBar 14.411 1.240 16.020 ELBAR 14.251 0.845 15.265 matchDesign 14.023 1.011 15.210 diffRefSet 13.154 1.239 14.844 KYCG_plotMetaEnrichment 12.747 1.337 14.785 compareMouseStrainReference 12.706 1.244 14.306 sesameQC_plotBetaByDesign 13.093 0.688 13.781 KYCG_annoProbes 12.179 0.964 13.681 compareReference 11.339 1.164 12.853 testEnrichmentSEA 11.073 1.196 12.944 inferTissue 10.535 1.156 12.227 getRefSet 10.746 0.825 11.922 KYCG_buildGeneDBs 9.946 1.056 11.437 getSexInfo 9.503 0.851 10.903 DMR 8.598 0.906 9.964 visualizeGene 8.652 0.693 9.854 inferStrain 7.709 0.953 9.011 sdf_read_table 8.217 0.440 9.004 estimateLeukocyte 7.307 0.551 8.199 dyeBiasCorrMostBalanced 6.724 0.680 7.755 DML 6.682 0.640 7.722 testEnrichment 6.376 0.612 7.493 createUCSCtrack 6.248 0.392 6.999 dbStats 5.900 0.636 6.896 deidentify 5.820 0.588 6.843 probeSuccessRate 5.855 0.448 6.963 dyeBiasNL 5.649 0.552 6.393 KYCG_plotSetEnrichment 5.449 0.632 6.566 openSesame 5.224 0.555 6.191 getMask 4.842 0.647 6.322 reIdentify 4.861 0.620 5.651 dyeBiasL 4.472 0.964 5.615 bisConversionControl 4.956 0.456 5.763 mapToMammal40 4.320 0.767 5.452 * checking for unstated dependencies in ‘tests’ ... OK * checking tests ... Running ‘testthat.R’ OK * checking for unstated dependencies in vignettes ... OK * checking package vignettes in ‘inst/doc’ ... OK * checking running R code from vignettes ... ‘KYCG.Rmd’ using ‘UTF-8’... OK ‘QC.Rmd’ using ‘UTF-8’... OK ‘inferences.Rmd’ using ‘UTF-8’... OK ‘modeling.Rmd’ using ‘UTF-8’... OK ‘nonhuman.Rmd’ using ‘UTF-8’... OK ‘sesame.Rmd’ using ‘UTF-8’... OK NONE * checking re-building of vignette outputs ... OK * checking PDF version of manual ... OK * DONE Status: 1 WARNING See ‘/home/biocbuild/bbs-3.17-bioc/meat/sesame.Rcheck/00check.log’ for details.
sesame.Rcheck/00install.out
############################################################################## ############################################################################## ### ### Running command: ### ### /home/biocbuild/bbs-3.17-bioc/R/bin/R CMD INSTALL sesame ### ############################################################################## ############################################################################## * installing to library ‘/home/biocbuild/bbs-3.17-bioc/R/site-library’ * installing *source* package ‘sesame’ ... ** using staged installation ** R ** inst ** byte-compile and prepare package for lazy loading ** help *** installing help indices ** building package indices ** installing vignettes ** testing if installed package can be loaded from temporary location ** testing if installed package can be loaded from final location ** testing if installed package keeps a record of temporary installation path * DONE (sesame)
sesame.Rcheck/tests/testthat.Rout
R version 4.3.1 (2023-06-16) -- "Beagle Scouts" Copyright (C) 2023 The R Foundation for Statistical Computing Platform: x86_64-pc-linux-gnu (64-bit) R is free software and comes with ABSOLUTELY NO WARRANTY. You are welcome to redistribute it under certain conditions. Type 'license()' or 'licence()' for distribution details. R is a collaborative project with many contributors. Type 'contributors()' for more information and 'citation()' on how to cite R or R packages in publications. Type 'demo()' for some demos, 'help()' for on-line help, or 'help.start()' for an HTML browser interface to help. Type 'q()' to quit R. > library(testthat) > library(sesame) Loading required package: sesameData Loading required package: ExperimentHub Loading required package: BiocGenerics Attaching package: 'BiocGenerics' The following objects are masked from 'package:stats': IQR, mad, sd, var, xtabs The following objects are masked from 'package:base': Filter, Find, Map, Position, Reduce, anyDuplicated, aperm, append, as.data.frame, basename, cbind, colnames, dirname, do.call, duplicated, eval, evalq, get, grep, grepl, intersect, is.unsorted, lapply, mapply, match, mget, order, paste, pmax, pmax.int, pmin, pmin.int, rank, rbind, rownames, sapply, setdiff, sort, table, tapply, union, unique, unsplit, which.max, which.min Loading required package: AnnotationHub Loading required package: BiocFileCache Loading required package: dbplyr Loading sesameData. ---------------------------------------------------------- | SEnsible Step-wise Analysis of DNA MEthylation (SeSAMe) | -------------------------------------------------------- | Please cache auxiliary data by "sesameDataCache()". | This needs to be done only once per SeSAMe installation. ---------------------------------------------------------- > > test_check("sesame") [ FAIL 0 | WARN 0 | SKIP 0 | PASS 1 ] > > proc.time() user system elapsed 17.083 1.213 18.637
sesame.Rcheck/sesame-Ex.timings
name | user | system | elapsed | |
BetaValueToMValue | 0.001 | 0.000 | 0.000 | |
DML | 6.682 | 0.640 | 7.722 | |
DMLpredict | 1.300 | 0.129 | 1.610 | |
DMR | 8.598 | 0.906 | 9.964 | |
ELBAR | 14.251 | 0.845 | 15.265 | |
KYCG_annoProbes | 12.179 | 0.964 | 13.681 | |
KYCG_buildGeneDBs | 9.946 | 1.056 | 11.437 | |
KYCG_getDBs | 3.391 | 0.409 | 4.151 | |
KYCG_listDBGroups | 0.036 | 0.000 | 0.036 | |
KYCG_loadDBs | 0 | 0 | 0 | |
KYCG_plotBar | 0.443 | 0.088 | 0.530 | |
KYCG_plotDot | 0.232 | 0.028 | 0.260 | |
KYCG_plotEnrichAll | 18.146 | 2.270 | 21.757 | |
KYCG_plotLollipop | 0.164 | 0.012 | 0.176 | |
KYCG_plotManhattan | 1.359 | 0.127 | 1.487 | |
KYCG_plotMeta | 22.422 | 1.372 | 24.306 | |
KYCG_plotMetaEnrichment | 12.747 | 1.337 | 14.785 | |
KYCG_plotPointRange | 2.280 | 0.303 | 2.800 | |
KYCG_plotSetEnrichment | 5.449 | 0.632 | 6.566 | |
KYCG_plotVolcano | 0.175 | 0.008 | 0.183 | |
KYCG_plotWaterfall | 2.541 | 0.348 | 3.070 | |
MValueToBetaValue | 0.000 | 0.000 | 0.001 | |
SigDF | 0.477 | 0.115 | 0.860 | |
addMask | 0.322 | 0.060 | 0.382 | |
aggregateTestEnrichments | 2.117 | 0.237 | 2.355 | |
betasCollapseToPfx | 0.003 | 0.000 | 0.004 | |
bisConversionControl | 4.956 | 0.456 | 5.763 | |
calcEffectSize | 1.285 | 0.196 | 1.661 | |
checkLevels | 3.346 | 0.556 | 4.133 | |
cnSegmentation | 0.402 | 0.064 | 0.647 | |
compareMouseStrainReference | 12.706 | 1.244 | 14.306 | |
compareMouseTissueReference | 0 | 0 | 0 | |
compareReference | 11.339 | 1.164 | 12.853 | |
controls | 2.361 | 0.151 | 2.880 | |
createUCSCtrack | 6.248 | 0.392 | 6.999 | |
dataFrame2sesameQC | 1.857 | 0.164 | 2.205 | |
dbStats | 5.900 | 0.636 | 6.896 | |
deidentify | 5.820 | 0.588 | 6.843 | |
detectionPnegEcdf | 2.661 | 0.177 | 3.017 | |
diffRefSet | 13.154 | 1.239 | 14.844 | |
dmContrasts | 2.057 | 0.344 | 2.580 | |
dyeBiasCorr | 2.998 | 0.404 | 3.744 | |
dyeBiasCorrMostBalanced | 6.724 | 0.680 | 7.755 | |
dyeBiasL | 4.472 | 0.964 | 5.615 | |
dyeBiasNL | 5.649 | 0.552 | 6.393 | |
estimateLeukocyte | 7.307 | 0.551 | 8.199 | |
formatVCF | 3.807 | 0.424 | 4.582 | |
getAFTypeIbySumAlleles | 1.843 | 0.324 | 2.591 | |
getAFs | 1.253 | 0.160 | 1.743 | |
getBetas | 0.983 | 0.112 | 1.276 | |
getMask | 4.842 | 0.647 | 6.322 | |
getRefSet | 10.746 | 0.825 | 11.922 | |
getSexInfo | 9.503 | 0.851 | 10.903 | |
imputeTo | 1.629 | 0.153 | 1.961 | |
inferEthnicity | 2.427 | 0.268 | 2.866 | |
inferInfiniumIChannel | 0.458 | 0.587 | 1.046 | |
inferSex | 4.273 | 0.357 | 4.982 | |
inferSexKaryotypes | 4.142 | 0.463 | 4.774 | |
inferSpecies | 18.390 | 2.271 | 21.198 | |
inferStrain | 7.709 | 0.953 | 9.011 | |
inferTissue | 10.535 | 1.156 | 12.227 | |
initFileSet | 1.246 | 0.099 | 1.515 | |
listAvailableMasks | 2.046 | 0.303 | 2.522 | |
mapFileSet | 0.032 | 0.005 | 0.035 | |
mapToMammal40 | 4.320 | 0.767 | 5.452 | |
matchDesign | 14.023 | 1.011 | 15.210 | |
meanIntensity | 2.784 | 0.236 | 3.380 | |
medianTotalIntensity | 0.910 | 0.108 | 1.186 | |
noMasked | 1.993 | 0.240 | 2.407 | |
noob | 2.001 | 0.151 | 2.152 | |
openSesame | 5.224 | 0.555 | 6.191 | |
openSesameToFile | 1.542 | 0.152 | 1.693 | |
pOOBAH | 1.339 | 0.088 | 1.427 | |
palgen | 0.043 | 0.020 | 0.063 | |
parseGEOsignalMU | 3.176 | 0.297 | 3.640 | |
predictAge | 2.686 | 0.255 | 3.121 | |
predictAgeHorvath353 | 0 | 0 | 0 | |
predictAgeSkinBlood | 0.000 | 0.001 | 0.000 | |
predictMouseAgeInMonth | 0 | 0 | 0 | |
prefixMask | 0.389 | 0.008 | 0.397 | |
prefixMaskButC | 0.099 | 0.004 | 0.103 | |
prefixMaskButCG | 0.039 | 0.000 | 0.040 | |
prepSesame | 3.561 | 0.417 | 4.146 | |
prepSesameList | 0.002 | 0.000 | 0.002 | |
print.DMLSummary | 3.616 | 0.584 | 4.539 | |
print.fileSet | 1.308 | 0.100 | 1.590 | |
probeID_designType | 0 | 0 | 0 | |
probeSuccessRate | 5.855 | 0.448 | 6.963 | |
qualityMask | 3.011 | 0.436 | 3.897 | |
reIdentify | 4.861 | 0.620 | 5.651 | |
readFileSet | 0.056 | 0.000 | 0.056 | |
readIDATpair | 0.122 | 0.015 | 0.137 | |
recommendedMaskNames | 0.000 | 0.000 | 0.001 | |
resetMask | 0.490 | 0.072 | 0.741 | |
scrub | 2.197 | 0.348 | 2.545 | |
scrubSoft | 3.186 | 0.376 | 3.562 | |
sdfPlatform | 0.389 | 0.056 | 0.617 | |
sdf_read_table | 8.217 | 0.440 | 9.004 | |
sdf_write_table | 2.871 | 0.124 | 3.222 | |
searchIDATprefixes | 0.007 | 0.000 | 0.008 | |
sesame-package | 2.627 | 0.373 | 3.172 | |
sesameAnno_download | 0 | 0 | 0 | |
sesameAnno_get | 0 | 0 | 0 | |
sesameData_getAnno | 0 | 0 | 0 | |
sesameQC_calcStats | 22.344 | 1.646 | 24.174 | |
sesameQC_getStats | 1.735 | 0.088 | 1.823 | |
sesameQC_plotBar | 14.411 | 1.240 | 16.020 | |
sesameQC_plotBetaByDesign | 13.093 | 0.688 | 13.781 | |
sesameQC_plotHeatSNPs | 21.716 | 0.904 | 22.887 | |
sesameQC_plotIntensVsBetas | 4.091 | 0.612 | 4.871 | |
sesameQC_plotRedGrnQQ | 2.006 | 0.128 | 2.453 | |
sesameQC_rankStats | 3.930 | 0.451 | 4.741 | |
sesame_checkVersion | 0.001 | 0.003 | 0.005 | |
setMask | 0.118 | 0.013 | 0.130 | |
signalMU | 0.974 | 0.111 | 1.266 | |
sliceFileSet | 0.035 | 0.000 | 0.035 | |
summaryExtractTest | 3.425 | 0.547 | 4.312 | |
testEnrichment | 6.376 | 0.612 | 7.493 | |
testEnrichmentGene | 107.443 | 7.453 | 118.765 | |
testEnrichmentSEA | 11.073 | 1.196 | 12.944 | |
totalIntensities | 2.619 | 0.248 | 3.211 | |
updateSigDF | 3.583 | 0.296 | 4.239 | |
visualizeGene | 8.652 | 0.693 | 9.854 | |
visualizeProbes | 4.260 | 0.564 | 4.992 | |
visualizeRegion | 0.315 | 0.040 | 0.356 | |
visualizeSegments | 2.005 | 0.340 | 2.524 | |