Back to Multiple platform build/check report for BioC 3.17:   simplified   long
ABCDEFGHIJKLMNO[P]QRSTUVWXYZ

This page was generated on 2023-03-24 11:07:03 -0400 (Fri, 24 Mar 2023).

HostnameOSArch (*)R versionInstalled pkgs
nebbiolo1Linux (Ubuntu 22.04.1 LTS)x86_64R Under development (unstable) (2023-03-16 r83996) -- "Unsuffered Consequences" 4546
palomino3Windows Server 2022 Datacenterx64R Under development (unstable) (2023-03-15 r83984 ucrt) -- "Unsuffered Consequences" 4307
merida1macOS 10.14.6 Mojavex86_64R Under development (unstable) (2023-03-16 r83985) -- "Unsuffered Consequences" 4299
Click on any hostname to see more info about the system (e.g. compilers)      (*) as reported by 'uname -p', except on Windows and Mac OS X

CHECK results for phantasus on merida1


To the developers/maintainers of the phantasus package:
- Please allow up to 24 hours (and sometimes 48 hours) for your latest push to git@git.bioconductor.org:packages/phantasus.git to
reflect on this report. See How and When does the builder pull? When will my changes propagate? for more information.
- Make sure to use the following settings in order to reproduce any error or warning you see on this page.

raw results

Package 1482/2195HostnameOS / ArchINSTALLBUILDCHECKBUILD BIN
phantasus 1.19.4  (landing page)
Alexey Sergushichev
Snapshot Date: 2023-03-23 14:00:15 -0400 (Thu, 23 Mar 2023)
git_url: https://git.bioconductor.org/packages/phantasus
git_branch: devel
git_last_commit: 489aa7a
git_last_commit_date: 2022-12-21 17:25:09 -0400 (Wed, 21 Dec 2022)
nebbiolo1Linux (Ubuntu 22.04.1 LTS) / x86_64  OK    OK    OK  UNNEEDED, same version is already published
palomino3Windows Server 2022 Datacenter / x64  OK    OK    OK    OK  UNNEEDED, same version is already published
merida1macOS 10.14.6 Mojave / x86_64  OK    OK    ERROR    OK  

Summary

Package: phantasus
Version: 1.19.4
Command: /Library/Frameworks/R.framework/Resources/bin/R CMD check --install=check:phantasus.install-out.txt --library=/Library/Frameworks/R.framework/Resources/library --no-vignettes --timings phantasus_1.19.4.tar.gz
StartedAt: 2023-03-24 04:50:00 -0400 (Fri, 24 Mar 2023)
EndedAt: 2023-03-24 04:58:41 -0400 (Fri, 24 Mar 2023)
EllapsedTime: 521.4 seconds
RetCode: 1
Status:   ERROR  
CheckDir: phantasus.Rcheck
Warnings: NA

Command output

##############################################################################
##############################################################################
###
### Running command:
###
###   /Library/Frameworks/R.framework/Resources/bin/R CMD check --install=check:phantasus.install-out.txt --library=/Library/Frameworks/R.framework/Resources/library --no-vignettes --timings phantasus_1.19.4.tar.gz
###
##############################################################################
##############################################################################


* using log directory ‘/Users/biocbuild/bbs-3.17-bioc/meat/phantasus.Rcheck’
* using R Under development (unstable) (2023-03-16 r83985)
* using platform: x86_64-apple-darwin17.0 (64-bit)
* R was compiled by
    Apple clang version 12.0.0 (clang-1200.0.32.29)
    GNU Fortran (GCC) 8.2.0
* running under: macOS Mojave 10.14.6
* using session charset: UTF-8
* using option ‘--no-vignettes’
* checking for file ‘phantasus/DESCRIPTION’ ... OK
* this is package ‘phantasus’ version ‘1.19.4’
* package encoding: UTF-8
* checking package namespace information ... OK
* checking package dependencies ... OK
* checking if this is a source package ... OK
* checking if there is a namespace ... OK
* checking for hidden files and directories ... OK
* checking for portable file names ... OK
* checking for sufficient/correct file permissions ... OK
* checking whether package ‘phantasus’ can be installed ... OK
* checking installed package size ... NOTE
  installed size is 28.8Mb
  sub-directories of 1Mb or more:
    testdata   5.0Mb
    www       23.4Mb
* checking package directory ... OK
* checking DESCRIPTION meta-information ... OK
* checking top-level files ... OK
* checking for left-over files ... OK
* checking index information ... OK
* checking package subdirectories ... OK
* checking R files for non-ASCII characters ... OK
* checking R files for syntax errors ... OK
* checking whether the package can be loaded ... OK
* checking whether the package can be loaded with stated dependencies ... OK
* checking whether the package can be unloaded cleanly ... OK
* checking whether the namespace can be loaded with stated dependencies ... OK
* checking whether the namespace can be unloaded cleanly ... OK
* checking dependencies in R code ... NOTE
Unexported objects imported by ':::' calls:
  'GEOquery:::.parseGPLTxt' 'GEOquery:::getDirListing'
  'opencpu:::rookhandler' 'opencpu:::tmp_root' 'opencpu:::win_or_mac'
  See the note in ?`:::` about the use of this operator.
* checking S3 generic/method consistency ... OK
* checking replacement functions ... OK
* checking foreign function calls ... OK
* checking R code for possible problems ... NOTE
generatePreloadedSession: no visible binding for global variable 'es'
generatePreloadedSession: no visible binding for global variable
  'heatmapJson'
getCountsMetaPart: no visible binding for global variable 'file_name'
loadCounts: no visible global function definition for '.'
loadCounts: no visible binding for global variable 'directory'
loadCounts: no visible binding for global variable 'DT_counts_meta'
loadCounts: no visible binding for global variable 'accession'
loadCounts: no visible binding for global variable 'collection_type'
loadCounts: no visible binding for global variable 'file_name'
loadSession: no visible binding for global variable 'es'
safeDownload: no visible binding for global variable 'tempDestFile'
validateCountsCollection: no visible binding for global variable
  'file_name'
Undefined global functions or variables:
  . DT_counts_meta accession collection_type directory es file_name
  heatmapJson tempDestFile
* checking Rd files ... NOTE
prepare_Rd: convertByAnnotationDB.Rd:36-41: Dropping empty section \examples
* checking Rd metadata ... OK
* checking Rd cross-references ... OK
* checking for missing documentation entries ... OK
* checking for code/documentation mismatches ... OK
* checking Rd \usage sections ... OK
* checking Rd contents ... OK
* checking for unstated dependencies in examples ... OK
* checking contents of ‘data’ directory ... OK
* checking data for non-ASCII characters ... OK
* checking LazyData ... OK
* checking data for ASCII and uncompressed saves ... OK
* checking files in ‘vignettes’ ... OK
* checking examples ... ERROR
Running examples in ‘phantasus-Ex.R’ failed
The error most likely occurred in:

> base::assign(".ptime", proc.time(), pos = "CheckExEnv")
> ### Name: getGSE
> ### Title: Load ExpressionSet from GEO Series
> ### Aliases: getGSE
> 
> ### ** Examples
> 
> ## Not run: 
> ##D     getGSE('GSE14308', destdir = 'cache')
> ##D     getGSE('GSE27112')
> ## End(Not run)
> getGSE('GSE53986')
Trying www.ncbi.nlm.nih.gov/geo/query/acc.cgi?acc=GSE53986&targ=self&form=text&view=brief
No encoding supplied: defaulting to UTF-8.
Stored brief data of GSE53986 at /tmp/RtmpFra3Bj/geo/series/GSE53nnn/GSE53986/brief
Trying www.ncbi.nlm.nih.gov/geo/query/acc.cgi?acc=GPL1261&targ=self&form=text&view=brief
No encoding supplied: defaulting to UTF-8.
Stored brief data of GPL1261 at /tmp/RtmpFra3Bj/geo/platforms/GPL1nnn/GPL1261/brief
trying URL 'https://ftp.ncbi.nlm.nih.gov/geo/series/GSE53nnn/GSE53986/matrix/GSE53986_series_matrix.txt.gz'
Content type 'application/x-gzip' length 2848655 bytes (2.7 MB)
==================================================
downloaded 3730 bytes

Using cached brief file: /tmp/RtmpFra3Bj/geo/series/GSE53nnn/GSE53986/brief
Error in getGSE("GSE53986") : Can't download dataset  GSE53986
Execution halted
* checking for unstated dependencies in ‘tests’ ... OK
* checking tests ...
  Running ‘testthat.R’
 ERROR
Running the tests in ‘tests/testthat.R’ failed.
Last 13 lines of output:
  Error in `getGSE(name, destdir, mirrorPath)`: Can't download dataset  GSE53986
  Backtrace:
      ▆
   1. └─phantasus::getES("GSE53986", destdir = cacheDir) at testloadGEO.R:41:4
   2.   └─phantasus::getGSE(name, destdir, mirrorPath)
  ── Error ('testloadGEO.R:47:5'): reparseCachedGSEs works ───────────────────────
  Error in `getGSE(name, destdir, mirrorPath)`: Can't download dataset  GSE14308
  Backtrace:
      ▆
   1. └─phantasus::getES("GSE14308", destdir = cacheDir) at testloadGEO.R:47:4
   2.   └─phantasus::getGSE(name, destdir, mirrorPath)
  
  [ FAIL 5 | WARN 4 | SKIP 0 | PASS 104 ]
  Error: Test failures
  Execution halted
* checking for unstated dependencies in vignettes ... OK
* checking package vignettes in ‘inst/doc’ ... OK
* checking running R code from vignettes ... SKIPPED
* checking re-building of vignette outputs ... SKIPPED
* checking PDF version of manual ... OK
* DONE

Status: 2 ERRORs, 4 NOTEs
See
  ‘/Users/biocbuild/bbs-3.17-bioc/meat/phantasus.Rcheck/00check.log’
for details.


Installation output

phantasus.Rcheck/00install.out

##############################################################################
##############################################################################
###
### Running command:
###
###   /Library/Frameworks/R.framework/Resources/bin/R CMD INSTALL phantasus
###
##############################################################################
##############################################################################


* installing to library ‘/Library/Frameworks/R.framework/Versions/4.3/Resources/library’
* installing *source* package ‘phantasus’ ...
** using staged installation
** R
** data
*** moving datasets to lazyload DB
** inst
** byte-compile and prepare package for lazy loading
** help
*** installing help indices
** building package indices
** installing vignettes
** testing if installed package can be loaded from temporary location
** testing if installed package can be loaded from final location
** testing if installed package keeps a record of temporary installation path
* DONE (phantasus)

Tests output

phantasus.Rcheck/tests/testthat.Rout.fail


R Under development (unstable) (2023-03-16 r83985) -- "Unsuffered Consequences"
Copyright (C) 2023 The R Foundation for Statistical Computing
Platform: x86_64-apple-darwin17.0 (64-bit)

R is free software and comes with ABSOLUTELY NO WARRANTY.
You are welcome to redistribute it under certain conditions.
Type 'license()' or 'licence()' for distribution details.

R is a collaborative project with many contributors.
Type 'contributors()' for more information and
'citation()' on how to cite R or R packages in publications.

Type 'demo()' for some demos, 'help()' for on-line help, or
'help.start()' for an HTML browser interface to help.
Type 'q()' to quit R.

> library(testthat)
> library(phantasus)
Setting options('download.file.method.GEOquery'='auto')
Setting options('GEOquery.inmemory.gpl'=FALSE)
Loading config from /Library/Frameworks/R.framework/Versions/4.3/Resources/library/opencpu/config/defaults.conf
Loading config from /Users/biocbuild/Library/Preferences/org.R-project.R/R/opencpu/user.conf
> 
> test_check("phantasus")
trying URL 'https://ftp.ncbi.nlm.nih.gov/geo/series/GSE53nnn/GSE53986/matrix/GSE53986_series_matrix.txt.gz'
Content type 'application/x-gzip' length 2848655 bytes (2.7 MB)
==================================================
downloaded 3730 bytes

trying URL 'https://ftp.ncbi.nlm.nih.gov/geo/series/GSE107nnn/GSE107746/matrix/GSE107746_series_matrix.txt.gz'
Content type 'application/x-gzip' length 7196 bytes
==================================================
downloaded 3730 bytes

trying URL 'https://genome.ifmo.ru/files/software/phantasus/geo/series/GSE27nnn/GSE27112/matrix/GSE27112_series_matrix.txt.gz'
trying URL 'https://genome.ifmo.ru/files/software/phantasus/geo/series/GSE27nnn/GSE27112/matrix/GSE27112-GPL6103_series_matrix.txt.gz'
Content type 'application/x-gzip' length 596707 bytes (582 KB)
==================================================
downloaded 3730 bytes

trying URL 'https://ftp.ncbi.nlm.nih.gov/geo/datasets/GDS4nnn/GDS4885/soft/GDS4885.soft.gz'
Content type 'application/x-gzip' length 1250109 bytes (1.2 MB)
==================================================
downloaded 3730 bytes

trying URL 'https://ftp.ncbi.nlm.nih.gov/geo/series/GSE53nnn/GSE53986/matrix/GSE53986_series_matrix.txt.gz'
Content type 'application/x-gzip' length 2848655 bytes (2.7 MB)
==================================================
downloaded 3730 bytes

trying URL 'https://ftp.ncbi.nlm.nih.gov/geo/series/GSE14nnn/GSE14308/matrix/GSE14308_series_matrix.txt.gz'
Content type 'application/x-gzip' length 1807570 bytes (1.7 MB)
==================================================
downloaded 3730 bytes

trying URL 'https://www.ncbi.nlm.nih.gov/geo/query/acc.cgi?targ=self&acc=GPL17021&form=text&view=data'
downloaded 3730 bytes

[ FAIL 5 | WARN 4 | SKIP 0 | PASS 104 ]

══ Failed tests ════════════════════════════════════════════════════════════════
── Error ('testCollapse.R:64:5'): Collapse strip unannotated rows ──────────────
Error in `getGSE("GSE53986")`: Can't download dataset  GSE53986
Backtrace:
    ▆
 1. └─phantasus::getGSE("GSE53986") at testCollapse.R:64:4
── Error ('testcounts.R:87:5'): loadCounts returns result ──────────────────────
Error in `getGSE(test_gse, destdir = tmp_dir)`: Can't download dataset  GSE107746
Backtrace:
    ▆
 1. └─phantasus::getGSE(test_gse, destdir = tmp_dir) at testcounts.R:87:4
── Error ('testloadGEO.R:11:5'): loadGEO finishes with result ──────────────────
Error in `getGSE(gpls[[i]], destdir = destdir, mirrorPath = mirrorPath)`: Can't download dataset  GSE27112-GPL6103
Backtrace:
    ▆
 1. └─phantasus:::loadGEO("GSE27112") at testloadGEO.R:11:4
 2.   └─phantasus::getES(name, type, destdir = cacheDir, mirrorPath = mirrorPath)
 3.     └─phantasus::getGSE(name, destdir, mirrorPath)
 4.       └─phantasus::getGSE(gpls[[i]], destdir = destdir, mirrorPath = mirrorPath)
── Error ('testloadGEO.R:41:5'): filterPhenoAnnotations saves colnames ─────────
Error in `getGSE(name, destdir, mirrorPath)`: Can't download dataset  GSE53986
Backtrace:
    ▆
 1. └─phantasus::getES("GSE53986", destdir = cacheDir) at testloadGEO.R:41:4
 2.   └─phantasus::getGSE(name, destdir, mirrorPath)
── Error ('testloadGEO.R:47:5'): reparseCachedGSEs works ───────────────────────
Error in `getGSE(name, destdir, mirrorPath)`: Can't download dataset  GSE14308
Backtrace:
    ▆
 1. └─phantasus::getES("GSE14308", destdir = cacheDir) at testloadGEO.R:47:4
 2.   └─phantasus::getGSE(name, destdir, mirrorPath)

[ FAIL 5 | WARN 4 | SKIP 0 | PASS 104 ]
Error: Test failures
Execution halted

Example timings

phantasus.Rcheck/phantasus-Ex.timings

nameusersystemelapsed
adjustDataset000
annotationDBMeta000
calcPCA0.0010.0000.000
checkGPLsFallback0.0010.0000.000
collapseDataset000
createES000
es000
generatePreloadedSession0.0000.0000.001
getES1.2100.3408.537
getGDS0.6630.2881.460