Back to Multiple platform build/check report for BioC 3.17: simplified long |
|
This page was generated on 2023-06-07 11:05:18 -0400 (Wed, 07 Jun 2023).
Hostname | OS | Arch (*) | R version | Installed pkgs |
---|---|---|---|---|
nebbiolo1 | Linux (Ubuntu 22.04.2 LTS) | x86_64 | 4.3.0 RC (2023-04-13 r84269) -- "Already Tomorrow" | 4628 |
palomino3 | Windows Server 2022 Datacenter | x64 | 4.3.0 RC (2023-04-13 r84269 ucrt) -- "Already Tomorrow" | 4379 |
merida1 | macOS 12.6.4 Monterey | x86_64 | 4.3.0 RC (2023-04-13 r84257) -- "Already Tomorrow" | 4385 |
Click on any hostname to see more info about the system (e.g. compilers) (*) as reported by 'uname -p', except on Windows and Mac OS X |
To the developers/maintainers of the flagme package: - Allow up to 24 hours (and sometimes 48 hours) for your latest push to git@git.bioconductor.org:packages/flagme.git to reflect on this report. See Troubleshooting Build Report for more information. - Use the following Renviron settings to reproduce errors and warnings. - If 'R CMD check' started to fail recently on the Linux builder(s) over a missing dependency, add the missing dependency to 'Suggests:' in your DESCRIPTION file. See Renviron.bioc for more information. |
Package 703/2229 | Hostname | OS / Arch | INSTALL | BUILD | CHECK | BUILD BIN | ||||||||
flagme 1.56.0 (landing page) Mark Robinson
| nebbiolo1 | Linux (Ubuntu 22.04.2 LTS) / x86_64 | OK | OK | WARNINGS | ![]() | ||||||||
palomino3 | Windows Server 2022 Datacenter / x64 | OK | OK | WARNINGS | OK | ![]() | ||||||||
merida1 | macOS 12.6.4 Monterey / x86_64 | OK | OK | WARNINGS | OK | ![]() | ||||||||
Package: flagme |
Version: 1.56.0 |
Command: /home/biocbuild/bbs-3.17-bioc/R/bin/R CMD check --install=check:flagme.install-out.txt --library=/home/biocbuild/bbs-3.17-bioc/R/site-library --timings flagme_1.56.0.tar.gz |
StartedAt: 2023-06-06 21:19:14 -0400 (Tue, 06 Jun 2023) |
EndedAt: 2023-06-06 21:35:25 -0400 (Tue, 06 Jun 2023) |
EllapsedTime: 970.8 seconds |
RetCode: 0 |
Status: WARNINGS |
CheckDir: flagme.Rcheck |
Warnings: 2 |
############################################################################## ############################################################################## ### ### Running command: ### ### /home/biocbuild/bbs-3.17-bioc/R/bin/R CMD check --install=check:flagme.install-out.txt --library=/home/biocbuild/bbs-3.17-bioc/R/site-library --timings flagme_1.56.0.tar.gz ### ############################################################################## ############################################################################## * using log directory ‘/home/biocbuild/bbs-3.17-bioc/meat/flagme.Rcheck’ * using R version 4.3.0 RC (2023-04-13 r84269) * using platform: x86_64-pc-linux-gnu (64-bit) * R was compiled by gcc (Ubuntu 11.3.0-1ubuntu1~22.04) 11.3.0 GNU Fortran (Ubuntu 11.3.0-1ubuntu1~22.04) 11.3.0 * running under: Ubuntu 22.04.2 LTS * using session charset: UTF-8 * checking for file ‘flagme/DESCRIPTION’ ... OK * this is package ‘flagme’ version ‘1.56.0’ * package encoding: UTF-8 * checking package namespace information ... OK * checking package dependencies ... OK * checking if this is a source package ... OK * checking if there is a namespace ... OK * checking for hidden files and directories ... OK * checking for portable file names ... OK * checking for sufficient/correct file permissions ... OK * checking whether package ‘flagme’ can be installed ... OK * used C compiler: ‘gcc (Ubuntu 11.3.0-1ubuntu1~22.04.1) 11.3.0’ * checking installed package size ... OK * checking package directory ... OK * checking ‘build’ directory ... OK * checking DESCRIPTION meta-information ... OK * checking top-level files ... OK * checking for left-over files ... OK * checking index information ... OK * checking package subdirectories ... OK * checking R files for non-ASCII characters ... OK * checking R files for syntax errors ... OK * checking whether the package can be loaded ... OK * checking whether the package can be loaded with stated dependencies ... OK * checking whether the package can be unloaded cleanly ... OK * checking whether the namespace can be loaded with stated dependencies ... OK * checking whether the namespace can be unloaded cleanly ... OK * checking loading without being on the library search path ... OK * checking startup messages can be suppressed ... OK * checking dependencies in R code ... NOTE Unexported object imported by a ':::' call: ‘xcms:::rectUnique’ See the note in ?`:::` about the use of this operator. * checking S3 generic/method consistency ... OK * checking replacement functions ... OK * checking foreign function calls ... OK * checking R code for possible problems ... NOTE addXCMSPeaks: no visible global function definition for ‘bpparam’ addXCMSPeaks: no visible global function definition for ‘sampnames’ addXCMSPeaks : <anonymous> : <anonymous>: no visible global function definition for ‘setNames’ importSpec : <anonymous>: no visible global function definition for ‘setNames’ Undefined global functions or variables: bpparam sampnames setNames Consider adding importFrom("stats", "setNames") to your NAMESPACE file. * checking Rd files ... OK * checking Rd metadata ... OK * checking Rd cross-references ... WARNING Missing link or links in documentation object 'addXCMSPeaks.Rd': ‘[xcms]{findPeaks-matchedFilter}’ ‘[xcms]{findPeaks-centWave}’ ‘[xcms]{peaksDataset}’ Missing link or links in documentation object 'plotAlignment-peaksAlignment-method.Rd': ‘plotAlignment’ Missing link or links in documentation object 'plotClustAlignment-clusterAlignment-method.Rd': ‘plotAlignment’ See section 'Cross-references' in the 'Writing R Extensions' manual. * checking for missing documentation entries ... WARNING Undocumented code objects: ‘plotAlignment’ ‘plotChrom’ ‘plotClustAlignment’ Undocumented S4 methods: generic 'show' and siglist 'betweenAlignment' All user-level objects in a package (including S4 classes and methods) should have documentation entries. See chapter ‘Writing R documentation files’ in the ‘Writing R Extensions’ manual. * checking for code/documentation mismatches ... OK * checking Rd \usage sections ... OK * checking Rd contents ... OK * checking for unstated dependencies in examples ... OK * checking line endings in C/C++/Fortran sources/headers ... OK * checking compiled code ... NOTE Note: information on .o files is not available * checking files in ‘vignettes’ ... OK * checking examples ... OK Examples with CPU (user + system) or elapsed time > 5s user system elapsed plotAlignedFrags 81.431 13.306 49.737 retFatMatrix 40.780 7.927 34.615 peaksAlignment-class 41.924 6.623 33.278 plotFrags 41.317 5.982 33.003 plotAlignment-peaksAlignment-method 39.353 7.599 32.488 addXCMSPeaks 41.177 5.748 33.462 progressiveAlignment-class 40.018 6.144 31.609 dynRT 39.100 6.473 32.127 corPrt 38.089 7.039 31.913 ndpRT 39.323 5.560 31.213 imputePeaks 7.319 0.152 7.472 plotChrom-peaksDataset-method 6.276 0.208 6.484 gatherInfo 5.518 0.152 5.670 rmaFitUnit 5.374 0.160 5.535 calcTimeDiffs 5.250 0.168 5.419 multipleAlignment-class 5.039 0.072 5.112 * checking for unstated dependencies in vignettes ... OK * checking package vignettes in ‘inst/doc’ ... OK * checking running R code from vignettes ... ‘flagme-knitr.Rnw’ using ‘UTF-8’... OK ‘flagme.Rnw’ using ‘UTF-8’... OK OK * checking re-building of vignette outputs ... OK * checking PDF version of manual ... OK * DONE Status: 2 WARNINGs, 3 NOTEs See ‘/home/biocbuild/bbs-3.17-bioc/meat/flagme.Rcheck/00check.log’ for details.
flagme.Rcheck/00install.out
############################################################################## ############################################################################## ### ### Running command: ### ### /home/biocbuild/bbs-3.17-bioc/R/bin/R CMD INSTALL flagme ### ############################################################################## ############################################################################## * installing to library ‘/home/biocbuild/bbs-3.17-bioc/R/site-library’ * installing *source* package ‘flagme’ ... ** using staged installation ** libs using C compiler: ‘gcc (Ubuntu 11.3.0-1ubuntu1~22.04.1) 11.3.0’ gcc -I"/home/biocbuild/bbs-3.17-bioc/R/include" -DNDEBUG -I/usr/local/include -fpic -g -O2 -Wall -c dp.c -o dp.o dp.c: In function ‘dp’: dp.c:263:33: warning: ‘cur_min’ may be used uninitialized in this function [-Wmaybe-uninitialized] 263 | D[(i+1)+(j+1)*(nr+1)] = cur_min; | ~~~~~~~~~~~~~~~~~~~~~~^~~~~~~~~ dp.c:264:35: warning: ‘tb’ may be used uninitialized in this function [-Wmaybe-uninitialized] 264 | phi[(i+1)+(j+1)*(nr+1)] = tb; | ~~~~~~~~~~~~~~~~~~~~~~~~^~~~ gcc -I"/home/biocbuild/bbs-3.17-bioc/R/include" -DNDEBUG -I/usr/local/include -fpic -g -O2 -Wall -c init.c -o init.o gcc -I"/home/biocbuild/bbs-3.17-bioc/R/include" -DNDEBUG -I/usr/local/include -fpic -g -O2 -Wall -c pearson.c -o pearson.o gcc -shared -L/home/biocbuild/bbs-3.17-bioc/R/lib -L/usr/local/lib -o flagme.so dp.o init.o pearson.o -L/home/biocbuild/bbs-3.17-bioc/R/lib -lR installing to /home/biocbuild/bbs-3.17-bioc/R/site-library/00LOCK-flagme/00new/flagme/libs ** R ** inst ** byte-compile and prepare package for lazy loading ** help *** installing help indices ** building package indices ** installing vignettes ** testing if installed package can be loaded from temporary location ** checking absolute paths in shared objects and dynamic libraries ** testing if installed package can be loaded from final location ** testing if installed package keeps a record of temporary installation path * DONE (flagme)
flagme.Rcheck/flagme-Ex.timings
name | user | system | elapsed | |
addAMDISPeaks | 4.120 | 0.260 | 4.383 | |
addChromaTOFPeaks | 3.451 | 0.080 | 3.531 | |
addXCMSPeaks | 41.177 | 5.748 | 33.462 | |
betweenAlignment | 0 | 0 | 0 | |
calcTimeDiffs | 5.250 | 0.168 | 5.419 | |
clusterAlignment | 4.439 | 0.064 | 4.503 | |
corPrt | 38.089 | 7.039 | 31.913 | |
dp | 4.399 | 0.172 | 4.571 | |
dynRT | 39.100 | 6.473 | 32.127 | |
gatherInfo | 5.518 | 0.152 | 5.670 | |
imputePeaks | 7.319 | 0.152 | 7.472 | |
multipleAlignment-class | 5.039 | 0.072 | 5.112 | |
ndpRT | 39.323 | 5.560 | 31.213 | |
normDotProduct | 4.764 | 0.148 | 4.912 | |
parseChromaTOF | 1.833 | 0.008 | 1.841 | |
parseELU | 1.723 | 0.000 | 1.722 | |
peaksAlignment-class | 41.924 | 6.623 | 33.278 | |
peaksDataset | 4.121 | 0.112 | 4.233 | |
plotAlignedFrags | 81.431 | 13.306 | 49.737 | |
plotAlignment-peaksAlignment-method | 39.353 | 7.599 | 32.488 | |
plotChrom-peaksDataset-method | 6.276 | 0.208 | 6.484 | |
plotClustAlignment-clusterAlignment-method | 4.477 | 0.060 | 4.537 | |
plotFrags | 41.317 | 5.982 | 33.003 | |
plotImage | 2.814 | 0.051 | 2.866 | |
progressiveAlignment-class | 40.018 | 6.144 | 31.609 | |
retFatMatrix | 40.780 | 7.927 | 34.615 | |
rmaFitUnit | 5.374 | 0.160 | 5.535 | |