Back to Multiple platform build/check report for BioC 3.17:   simplified   long
AB[C]DEFGHIJKLMNOPQRSTUVWXYZ

This page was generated on 2023-10-04 11:37:14 -0400 (Wed, 04 Oct 2023).

HostnameOSArch (*)R versionInstalled pkgs
nebbiolo1Linux (Ubuntu 22.04.2 LTS)x86_644.3.1 (2023-06-16) -- "Beagle Scouts" 4626
palomino3Windows Server 2022 Datacenterx644.3.1 (2023-06-16 ucrt) -- "Beagle Scouts" 4379
merida1macOS 12.6.4 Montereyx86_644.3.1 (2023-06-16) -- "Beagle Scouts" 4395
Click on any hostname to see more info about the system (e.g. compilers)      (*) as reported by 'uname -p', except on Windows and Mac OS X

Package 397/2230HostnameOS / ArchINSTALLBUILDCHECKBUILD BIN
cogeqc 1.4.0  (landing page)
Fabrício Almeida-Silva
Snapshot Date: 2023-10-03 14:00:15 -0400 (Tue, 03 Oct 2023)
git_url: https://git.bioconductor.org/packages/cogeqc
git_branch: RELEASE_3_17
git_last_commit: 01cccb5
git_last_commit_date: 2023-04-25 11:37:54 -0400 (Tue, 25 Apr 2023)
nebbiolo1Linux (Ubuntu 22.04.2 LTS) / x86_64  OK    OK    OK  UNNEEDED, same version is already published
palomino3Windows Server 2022 Datacenter / x64  OK    OK    OK    OK  UNNEEDED, same version is already published
merida1macOS 12.6.4 Monterey / x86_64  OK    OK    ERROR    OK  

CHECK results for cogeqc on merida1


To the developers/maintainers of the cogeqc package:
- Allow up to 24 hours (and sometimes 48 hours) for your latest push to git@git.bioconductor.org:packages/cogeqc.git to reflect on this report. See Troubleshooting Build Report for more information.
- Use the following Renviron settings to reproduce errors and warnings.
- If 'R CMD check' started to fail recently on the Linux builder(s) over a missing dependency, add the missing dependency to 'Suggests:' in your DESCRIPTION file. See Renviron.bioc for more information.

raw results


Summary

Package: cogeqc
Version: 1.4.0
Command: /Library/Frameworks/R.framework/Resources/bin/R CMD check --install=check:cogeqc.install-out.txt --library=/Library/Frameworks/R.framework/Resources/library --no-vignettes --timings cogeqc_1.4.0.tar.gz
StartedAt: 2023-10-04 00:00:40 -0400 (Wed, 04 Oct 2023)
EndedAt: 2023-10-04 00:06:49 -0400 (Wed, 04 Oct 2023)
EllapsedTime: 369.3 seconds
RetCode: 1
Status:   ERROR  
CheckDir: cogeqc.Rcheck
Warnings: NA

Command output

##############################################################################
##############################################################################
###
### Running command:
###
###   /Library/Frameworks/R.framework/Resources/bin/R CMD check --install=check:cogeqc.install-out.txt --library=/Library/Frameworks/R.framework/Resources/library --no-vignettes --timings cogeqc_1.4.0.tar.gz
###
##############################################################################
##############################################################################


* using log directory ‘/Users/biocbuild/bbs-3.17-bioc/meat/cogeqc.Rcheck’
* using R version 4.3.1 (2023-06-16)
* using platform: x86_64-apple-darwin20 (64-bit)
* R was compiled by
    Apple clang version 14.0.3 (clang-1403.0.22.14.1)
    GNU Fortran (GCC) 12.2.0
* running under: macOS Monterey 12.6.4
* using session charset: UTF-8
* using option ‘--no-vignettes’
* checking for file ‘cogeqc/DESCRIPTION’ ... OK
* this is package ‘cogeqc’ version ‘1.4.0’
* package encoding: UTF-8
* checking package namespace information ... OK
* checking package dependencies ... OK
* checking if this is a source package ... OK
* checking if there is a namespace ... OK
* checking for hidden files and directories ... OK
* checking for portable file names ... OK
* checking for sufficient/correct file permissions ... OK
* checking whether package ‘cogeqc’ can be installed ... OK
* checking installed package size ... OK
* checking package directory ... OK
* checking ‘build’ directory ... OK
* checking DESCRIPTION meta-information ... OK
* checking top-level files ... OK
* checking for left-over files ... OK
* checking index information ... OK
* checking package subdirectories ... OK
* checking R files for non-ASCII characters ... OK
* checking R files for syntax errors ... OK
* checking whether the package can be loaded ... OK
* checking whether the package can be loaded with stated dependencies ... OK
* checking whether the package can be unloaded cleanly ... OK
* checking whether the namespace can be loaded with stated dependencies ... OK
* checking whether the namespace can be unloaded cleanly ... OK
* checking dependencies in R code ... OK
* checking S3 generic/method consistency ... OK
* checking replacement functions ... OK
* checking foreign function calls ... OK
* checking R code for possible problems ... OK
* checking Rd files ... OK
* checking Rd metadata ... OK
* checking Rd cross-references ... OK
* checking for missing documentation entries ... OK
* checking for code/documentation mismatches ... OK
* checking Rd \usage sections ... OK
* checking Rd contents ... OK
* checking for unstated dependencies in examples ... OK
* checking contents of ‘data’ directory ... OK
* checking data for non-ASCII characters ... OK
* checking data for ASCII and uncompressed saves ... OK
* checking files in ‘vignettes’ ... OK
* checking examples ... ERROR
Running examples in ‘cogeqc-Ex.R’ failed
The error most likely occurred in:

> base::assign(".ptime", proc.time(), pos = "CheckExEnv")
> ### Name: compare_genome_stats
> ### Title: Compare user-defined assembly statistics with statistics of NCBI
> ###   genomes
> ### Aliases: compare_genome_stats
> 
> ### ** Examples
> 
> # Use case: user assembled a maize (Zea mays) genome
> 
> ## Obtain stats for maize genomes on the NCBI
> ncbi_stats <- get_genome_stats(taxon = "Zea mays")
Warning in open.connection(con, "rb") :
  URL 'https://api.ncbi.nlm.nih.gov/datasets/v2alpha/genome/taxon/Zea%20mays/dataset_report?page_size=1000': status was 'Couldn't resolve host name'
Error in open.connection(con, "rb") : 
  cannot open the connection to 'https://api.ncbi.nlm.nih.gov/datasets/v2alpha/genome/taxon/Zea%20mays/dataset_report?page_size=1000'
Calls: get_genome_stats ... parse_and_simplify -> parseJSON -> parse_con -> open -> open.connection
Execution halted
* checking for unstated dependencies in ‘tests’ ... OK
* checking tests ...
  Running ‘testthat.R’
 OK
* checking for unstated dependencies in vignettes ... OK
* checking package vignettes in ‘inst/doc’ ... OK
* checking running R code from vignettes ... SKIPPED
* checking re-building of vignette outputs ... SKIPPED
* checking PDF version of manual ... OK
* DONE

Status: 1 ERROR
See
  ‘/Users/biocbuild/bbs-3.17-bioc/meat/cogeqc.Rcheck/00check.log’
for details.


Installation output

cogeqc.Rcheck/00install.out

##############################################################################
##############################################################################
###
### Running command:
###
###   /Library/Frameworks/R.framework/Resources/bin/R CMD INSTALL cogeqc
###
##############################################################################
##############################################################################


* installing to library ‘/Library/Frameworks/R.framework/Versions/4.3-x86_64/Resources/library’
* installing *source* package ‘cogeqc’ ...
** using staged installation
** R
** data
** inst
** byte-compile and prepare package for lazy loading
** help
*** installing help indices
*** copying figures
** building package indices
** installing vignettes
** testing if installed package can be loaded from temporary location
** testing if installed package can be loaded from final location
** testing if installed package keeps a record of temporary installation path
* DONE (cogeqc)

Tests output

cogeqc.Rcheck/tests/testthat.Rout


R version 4.3.1 (2023-06-16) -- "Beagle Scouts"
Copyright (C) 2023 The R Foundation for Statistical Computing
Platform: x86_64-apple-darwin20 (64-bit)

R is free software and comes with ABSOLUTELY NO WARRANTY.
You are welcome to redistribute it under certain conditions.
Type 'license()' or 'licence()' for distribution details.

R is a collaborative project with many contributors.
Type 'contributors()' for more information and
'citation()' on how to cite R or R packages in publications.

Type 'demo()' for some demos, 'help()' for on-line help, or
'help.start()' for an HTML browser interface to help.
Type 'q()' to quit R.

> library(testthat)
> library(cogeqc)
> 
> test_check("cogeqc")
More than 1 BUSCO summary file found. Using only the first.
! # Invaild edge matrix for <phylo>. A <tbl_df> is returned.
! # Invaild edge matrix for <phylo>. A <tbl_df> is returned.
[ FAIL 0 | WARN 0 | SKIP 0 | PASS 58 ]
> 
> proc.time()
   user  system elapsed 
 31.440   1.763  48.434 

Example timings

cogeqc.Rcheck/cogeqc-Ex.timings

nameusersystemelapsed
assess_orthogroups1.5140.0372.034
assess_synnet3.4310.1954.948
assess_synnet_list5.9230.3398.513
batch_summary0.0020.0020.004
busco_is_installed0.0050.0100.028
calculate_H2.9830.0494.121