Back to Multiple platform build/check report for BioC 3.17:   simplified   long
AB[C]DEFGHIJKLMNOPQRSTUVWXYZ

This page was generated on 2023-03-22 11:06:31 -0400 (Wed, 22 Mar 2023).

HostnameOSArch (*)R versionInstalled pkgs
nebbiolo1Linux (Ubuntu 22.04.1 LTS)x86_64R Under development (unstable) (2023-03-16 r83996) -- "Unsuffered Consequences" 4508
palomino3Windows Server 2022 Datacenterx64R Under development (unstable) (2023-03-15 r83984 ucrt) -- "Unsuffered Consequences" 4293
merida1macOS 10.14.6 Mojavex86_64R Under development (unstable) (2023-03-16 r83985) -- "Unsuffered Consequences" 4290
Click on any hostname to see more info about the system (e.g. compilers)      (*) as reported by 'uname -p', except on Windows and Mac OS X

CHECK results for cfDNAPro on merida1


To the developers/maintainers of the cfDNAPro package:
- Please allow up to 24 hours (and sometimes 48 hours) for your latest push to git@git.bioconductor.org:packages/cfDNAPro.git to
reflect on this report. See How and When does the builder pull? When will my changes propagate? for more information.
- Make sure to use the following settings in order to reproduce any error or warning you see on this page.

raw results

Package 304/2189HostnameOS / ArchINSTALLBUILDCHECKBUILD BIN
cfDNAPro 1.5.4  (landing page)
Haichao Wang
Snapshot Date: 2023-03-21 14:00:22 -0400 (Tue, 21 Mar 2023)
git_url: https://git.bioconductor.org/packages/cfDNAPro
git_branch: master
git_last_commit: f90c936
git_last_commit_date: 2022-12-05 17:34:15 -0400 (Mon, 05 Dec 2022)
nebbiolo1Linux (Ubuntu 22.04.1 LTS) / x86_64  OK    OK    WARNINGS  UNNEEDED, same version is already published
palomino3Windows Server 2022 Datacenter / x64  OK    OK    WARNINGS    OK  UNNEEDED, same version is already published
merida1macOS 10.14.6 Mojave / x86_64  OK    OK    WARNINGS    OK  UNNEEDED, same version is already published

Summary

Package: cfDNAPro
Version: 1.5.4
Command: /Library/Frameworks/R.framework/Resources/bin/R CMD check --install=check:cfDNAPro.install-out.txt --library=/Library/Frameworks/R.framework/Resources/library --no-vignettes --timings cfDNAPro_1.5.4.tar.gz
StartedAt: 2023-03-21 23:32:08 -0400 (Tue, 21 Mar 2023)
EndedAt: 2023-03-21 23:42:50 -0400 (Tue, 21 Mar 2023)
EllapsedTime: 642.1 seconds
RetCode: 0
Status:   WARNINGS  
CheckDir: cfDNAPro.Rcheck
Warnings: 1

Command output

##############################################################################
##############################################################################
###
### Running command:
###
###   /Library/Frameworks/R.framework/Resources/bin/R CMD check --install=check:cfDNAPro.install-out.txt --library=/Library/Frameworks/R.framework/Resources/library --no-vignettes --timings cfDNAPro_1.5.4.tar.gz
###
##############################################################################
##############################################################################


* using log directory ‘/Users/biocbuild/bbs-3.17-bioc/meat/cfDNAPro.Rcheck’
* using R Under development (unstable) (2023-03-16 r83985)
* using platform: x86_64-apple-darwin17.0 (64-bit)
* R was compiled by
    Apple clang version 12.0.0 (clang-1200.0.32.29)
    GNU Fortran (GCC) 8.2.0
* running under: macOS Mojave 10.14.6
* using session charset: UTF-8
* using option ‘--no-vignettes’
* checking for file ‘cfDNAPro/DESCRIPTION’ ... OK
* checking extension type ... Package
* this is package ‘cfDNAPro’ version ‘1.5.4’
* package encoding: UTF-8
* checking package namespace information ... OK
* checking package dependencies ... OK
* checking if this is a source package ... OK
* checking if there is a namespace ... OK
* checking for hidden files and directories ... OK
* checking for portable file names ... OK
* checking for sufficient/correct file permissions ... OK
* checking whether package ‘cfDNAPro’ can be installed ... OK
* checking installed package size ... OK
* checking package directory ... OK
* checking ‘build’ directory ... OK
* checking DESCRIPTION meta-information ... OK
* checking top-level files ... OK
* checking for left-over files ... OK
* checking index information ... OK
* checking package subdirectories ... OK
* checking R files for non-ASCII characters ... OK
* checking R files for syntax errors ... OK
* checking whether the package can be loaded ... OK
* checking whether the package can be loaded with stated dependencies ... OK
* checking whether the package can be unloaded cleanly ... OK
* checking whether the namespace can be loaded with stated dependencies ... OK
* checking whether the namespace can be unloaded cleanly ... OK
* checking dependencies in R code ... WARNING
'::' or ':::' import not declared from: ‘QDNAseq’
* checking S3 generic/method consistency ... OK
* checking replacement functions ... OK
* checking foreign function calls ... OK
* checking R code for possible problems ... OK
* checking Rd files ... OK
* checking Rd metadata ... OK
* checking Rd cross-references ... OK
* checking for missing documentation entries ... OK
* checking for code/documentation mismatches ... OK
* checking Rd \usage sections ... OK
* checking Rd contents ... OK
* checking for unstated dependencies in examples ... OK
* checking files in ‘vignettes’ ... OK
* checking examples ... OK
Examples with CPU (user + system) or elapsed time > 5s
                    user system elapsed
plotPeakDistance   5.465  0.030   7.181
callPeakDistance   5.376  0.039   6.991
plotValleyDistance 5.347  0.030   7.056
callValleyDistance 5.322  0.031   7.057
* checking for unstated dependencies in ‘tests’ ... OK
* checking tests ...
  Running ‘testthat.R’
 OK
* checking for unstated dependencies in vignettes ... OK
* checking package vignettes in ‘inst/doc’ ... OK
* checking running R code from vignettes ... SKIPPED
* checking re-building of vignette outputs ... SKIPPED
* checking PDF version of manual ... OK
* DONE

Status: 1 WARNING
See
  ‘/Users/biocbuild/bbs-3.17-bioc/meat/cfDNAPro.Rcheck/00check.log’
for details.



Installation output

cfDNAPro.Rcheck/00install.out

##############################################################################
##############################################################################
###
### Running command:
###
###   /Library/Frameworks/R.framework/Resources/bin/R CMD INSTALL cfDNAPro
###
##############################################################################
##############################################################################


* installing to library ‘/Library/Frameworks/R.framework/Versions/4.3/Resources/library’
* installing *source* package ‘cfDNAPro’ ...
** using staged installation
** R
** inst
** byte-compile and prepare package for lazy loading
** help
*** installing help indices
** building package indices
** installing vignettes
** testing if installed package can be loaded from temporary location
** testing if installed package can be loaded from final location
** testing if installed package keeps a record of temporary installation path
* DONE (cfDNAPro)

Tests output

cfDNAPro.Rcheck/tests/testthat.Rout


R Under development (unstable) (2023-03-16 r83985) -- "Unsuffered Consequences"
Copyright (C) 2023 The R Foundation for Statistical Computing
Platform: x86_64-apple-darwin17.0 (64-bit)

R is free software and comes with ABSOLUTELY NO WARRANTY.
You are welcome to redistribute it under certain conditions.
Type 'license()' or 'licence()' for distribution details.

R is a collaborative project with many contributors.
Type 'contributors()' for more information and
'citation()' on how to cite R or R packages in publications.

Type 'demo()' for some demos, 'help()' for on-line help, or
'help.start()' for an HTML browser interface to help.
Type 'q()' to quit R.

> library(testthat)
> library(cfDNAPro)
Loading required package: magrittr

Attaching package: 'magrittr'

The following objects are masked from 'package:testthat':

    equals, is_less_than, not

> 
> test_check("cfDNAPro")
setting default input_type to picard.
setting default outfmt to df.
setting default input_type to picard.
setting default input_type to picard.
setting default limit to c(35,135).
setting default outfmt to df.
setting the mincount to 0.
setting default input_type to picard.
setting default limit to c(35,135).
setting default outfmt to df.
Setting default mincount to 0.
setting default input_type to picard.
setting default input_type to picard.
setting default outfmt to df.
setting default input_type to picard.
setting default input_type to picard.
setting default limit to c(35,135).
setting default outfmt to df.
setting the mincount to 0.
setting default input_type to picard.
setting default limit to c(35,135).
setting default outfmt to df.
Setting default mincount to 0.
setting default input_type to picard.
setting default mincount as 0.
setting default horizontal lines: y = 81, 112, 170. 
setting the mincount to 0.
 setting the xlim to c(7,13). 
 setting the mincount to 0. 
 setting the xlim to c(7,13). 
 [ FAIL 0 | WARN 1 | SKIP 0 | PASS 13 ]

[ FAIL 0 | WARN 1 | SKIP 0 | PASS 13 ]
> 
> proc.time()
   user  system elapsed 
 56.583   1.188  75.897 

Example timings

cfDNAPro.Rcheck/cfDNAPro-Ex.timings

nameusersystemelapsed
callMetrics3.2710.2334.696
callMode1.7340.0172.236
callPeakDistance5.3760.0396.991
callSize1.5650.0122.077
callValleyDistance5.3220.0317.057
examplePath0.0030.0010.006
plotAllToOne1.7310.0132.311
plotMetrics3.3860.0214.495
plotMode2.2900.0373.049
plotModeSummary1.9720.0662.693
plotPeakDistance5.4650.0307.181
plotSingleGroup3.3040.0204.372
plotValleyDistance5.3470.0307.056
readBam0.0010.0000.000
read_bam_insert_metrics0.0010.0000.001