Back to Multiple platform build/check report for BioC 3.17: simplified long |
|
This page was generated on 2023-03-28 11:06:40 -0400 (Tue, 28 Mar 2023).
Hostname | OS | Arch (*) | R version | Installed pkgs |
---|---|---|---|---|
nebbiolo1 | Linux (Ubuntu 22.04.1 LTS) | x86_64 | R Under development (unstable) (2023-03-16 r83996) -- "Unsuffered Consequences" | 4547 |
palomino3 | Windows Server 2022 Datacenter | x64 | R Under development (unstable) (2023-03-15 r83984 ucrt) -- "Unsuffered Consequences" | 4308 |
merida1 | macOS 10.14.6 Mojave | x86_64 | R Under development (unstable) (2023-03-16 r83985) -- "Unsuffered Consequences" | 4301 |
Click on any hostname to see more info about the system (e.g. compilers) (*) as reported by 'uname -p', except on Windows and Mac OS X |
To the developers/maintainers of the biscuiteer package: - Please allow up to 24 hours (and sometimes 48 hours) for your latest push to git@git.bioconductor.org:packages/biscuiteer.git to reflect on this report. See How and When does the builder pull? When will my changes propagate? for more information. - Make sure to use the following settings in order to reproduce any error or warning you see on this page. |
Package 219/2195 | Hostname | OS / Arch | INSTALL | BUILD | CHECK | BUILD BIN | ||||||||
biscuiteer 1.13.1 (landing page) Jacob Morrison
| nebbiolo1 | Linux (Ubuntu 22.04.1 LTS) / x86_64 | OK | OK | WARNINGS | ![]() | ||||||||
palomino3 | Windows Server 2022 Datacenter / x64 | OK | OK | WARNINGS | OK | ![]() | ||||||||
merida1 | macOS 10.14.6 Mojave / x86_64 | OK | OK | WARNINGS | OK | ![]() | ||||||||
Package: biscuiteer |
Version: 1.13.1 |
Command: /Library/Frameworks/R.framework/Resources/bin/R CMD check --install=check:biscuiteer.install-out.txt --library=/Library/Frameworks/R.framework/Resources/library --no-vignettes --timings biscuiteer_1.13.1.tar.gz |
StartedAt: 2023-03-27 23:03:26 -0400 (Mon, 27 Mar 2023) |
EndedAt: 2023-03-27 23:24:39 -0400 (Mon, 27 Mar 2023) |
EllapsedTime: 1272.9 seconds |
RetCode: 0 |
Status: WARNINGS |
CheckDir: biscuiteer.Rcheck |
Warnings: 1 |
############################################################################## ############################################################################## ### ### Running command: ### ### /Library/Frameworks/R.framework/Resources/bin/R CMD check --install=check:biscuiteer.install-out.txt --library=/Library/Frameworks/R.framework/Resources/library --no-vignettes --timings biscuiteer_1.13.1.tar.gz ### ############################################################################## ############################################################################## * using log directory ‘/Users/biocbuild/bbs-3.17-bioc/meat/biscuiteer.Rcheck’ * using R Under development (unstable) (2023-03-16 r83985) * using platform: x86_64-apple-darwin17.0 (64-bit) * R was compiled by Apple clang version 12.0.0 (clang-1200.0.32.29) GNU Fortran (GCC) 8.2.0 * running under: macOS Mojave 10.14.6 * using session charset: UTF-8 * using option ‘--no-vignettes’ * checking for file ‘biscuiteer/DESCRIPTION’ ... OK * checking extension type ... Package * this is package ‘biscuiteer’ version ‘1.13.1’ * package encoding: UTF-8 * checking package namespace information ... OK * checking package dependencies ... OK * checking if this is a source package ... OK * checking if there is a namespace ... OK * checking for hidden files and directories ... OK * checking for portable file names ... OK * checking for sufficient/correct file permissions ... OK * checking whether package ‘biscuiteer’ can be installed ... WARNING Found the following significant warnings: Warning: replacing previous import ‘BiocParallel::bpstart’ by ‘QDNAseq::bpstart’ when loading ‘biscuiteer’ See ‘/Users/biocbuild/bbs-3.17-bioc/meat/biscuiteer.Rcheck/00install.out’ for details. * checking installed package size ... NOTE installed size is 5.1Mb sub-directories of 1Mb or more: data 1.1Mb extdata 3.4Mb * checking package directory ... OK * checking ‘build’ directory ... OK * checking DESCRIPTION meta-information ... OK * checking top-level files ... OK * checking for left-over files ... OK * checking index information ... OK * checking package subdirectories ... NOTE Problems with news in ‘NEWS.md’: No news entries found. * checking R files for non-ASCII characters ... OK * checking R files for syntax errors ... OK * checking whether the package can be loaded ... OK * checking whether the package can be loaded with stated dependencies ... OK * checking whether the package can be unloaded cleanly ... OK * checking whether the namespace can be loaded with stated dependencies ... OK * checking whether the namespace can be unloaded cleanly ... OK * checking startup messages can be suppressed ... OK * checking dependencies in R code ... NOTE Unexported object imported by a ':::' call: ‘QDNAseq:::expectedVariance’ See the note in ?`:::` about the use of this operator. * checking S3 generic/method consistency ... OK * checking replacement functions ... OK * checking foreign function calls ... OK * checking R code for possible problems ... OK * checking Rd files ... OK * checking Rd metadata ... OK * checking Rd cross-references ... OK * checking for missing documentation entries ... OK * checking for code/documentation mismatches ... OK * checking Rd \usage sections ... OK * checking Rd contents ... OK * checking for unstated dependencies in examples ... OK * checking contents of ‘data’ directory ... OK * checking data for non-ASCII characters ... OK * checking data for ASCII and uncompressed saves ... OK * checking installed files from ‘inst/doc’ ... OK * checking files in ‘vignettes’ ... OK * checking examples ... OK Examples with CPU (user + system) or elapsed time > 5s user system elapsed RRBSeq 13.267 0.417 18.695 WGBSage 12.296 0.766 17.993 unionize 9.950 0.686 13.979 filterLoci 9.825 0.396 14.104 byExtremality 9.511 0.286 13.175 binCoverage 7.439 0.445 10.684 readEpibed 7.634 0.098 10.301 WGBSeq 6.990 0.140 9.945 getLogitFracMeth 5.495 0.268 7.635 byChromArm 5.478 0.255 7.461 summarizeBsSeqOver 4.184 0.234 5.841 atRegions 3.961 0.315 5.766 readBiscuit 3.945 0.086 5.592 simplifySampleNames 3.685 0.158 5.031 makeBSseq 3.755 0.076 5.220 * checking for unstated dependencies in ‘tests’ ... OK * checking tests ... Running ‘testthat.R’ OK * checking for unstated dependencies in vignettes ... OK * checking package vignettes in ‘inst/doc’ ... OK * checking running R code from vignettes ... SKIPPED * checking re-building of vignette outputs ... SKIPPED * checking PDF version of manual ... OK * DONE Status: 1 WARNING, 3 NOTEs See ‘/Users/biocbuild/bbs-3.17-bioc/meat/biscuiteer.Rcheck/00check.log’ for details.
biscuiteer.Rcheck/00install.out
############################################################################## ############################################################################## ### ### Running command: ### ### /Library/Frameworks/R.framework/Resources/bin/R CMD INSTALL biscuiteer ### ############################################################################## ############################################################################## * installing to library ‘/Library/Frameworks/R.framework/Versions/4.3/Resources/library’ * installing *source* package ‘biscuiteer’ ... ** using staged installation ** R ** data ** inst ** byte-compile and prepare package for lazy loading Warning: replacing previous import ‘BiocParallel::bpstart’ by ‘QDNAseq::bpstart’ when loading ‘biscuiteer’ ** help *** installing help indices ** building package indices ** installing vignettes ** testing if installed package can be loaded from temporary location Warning: replacing previous import ‘BiocParallel::bpstart’ by ‘QDNAseq::bpstart’ when loading ‘biscuiteer’ ** testing if installed package can be loaded from final location Warning: replacing previous import ‘BiocParallel::bpstart’ by ‘QDNAseq::bpstart’ when loading ‘biscuiteer’ ** testing if installed package keeps a record of temporary installation path * DONE (biscuiteer)
biscuiteer.Rcheck/tests/testthat.Rout
R Under development (unstable) (2023-03-16 r83985) -- "Unsuffered Consequences" Copyright (C) 2023 The R Foundation for Statistical Computing Platform: x86_64-apple-darwin17.0 (64-bit) R is free software and comes with ABSOLUTELY NO WARRANTY. You are welcome to redistribute it under certain conditions. Type 'license()' or 'licence()' for distribution details. R is a collaborative project with many contributors. Type 'contributors()' for more information and 'citation()' on how to cite R or R packages in publications. Type 'demo()' for some demos, 'help()' for on-line help, or 'help.start()' for an HTML browser interface to help. Type 'q()' to quit R. > library(testthat) > library(biscuiteer) Loading required package: biscuiteerData Loading required package: ExperimentHub Loading required package: BiocGenerics Attaching package: 'BiocGenerics' The following objects are masked from 'package:stats': IQR, mad, sd, var, xtabs The following objects are masked from 'package:base': Filter, Find, Map, Position, Reduce, anyDuplicated, aperm, append, as.data.frame, basename, cbind, colnames, dirname, do.call, duplicated, eval, evalq, get, grep, grepl, intersect, is.unsorted, lapply, mapply, match, mget, order, paste, pmax, pmax.int, pmin, pmin.int, rank, rbind, rownames, sapply, setdiff, sort, table, tapply, union, unique, unsplit, which.max, which.min Loading required package: AnnotationHub Loading required package: BiocFileCache Loading required package: dbplyr Loading biscuiteerData. Loading required package: bsseq Loading required package: GenomicRanges Loading required package: stats4 Loading required package: S4Vectors Attaching package: 'S4Vectors' The following objects are masked from 'package:base': I, expand.grid, unname Loading required package: IRanges Loading required package: GenomeInfoDb Loading required package: SummarizedExperiment Loading required package: MatrixGenerics Loading required package: matrixStats Attaching package: 'MatrixGenerics' The following objects are masked from 'package:matrixStats': colAlls, colAnyNAs, colAnys, colAvgsPerRowSet, colCollapse, colCounts, colCummaxs, colCummins, colCumprods, colCumsums, colDiffs, colIQRDiffs, colIQRs, colLogSumExps, colMadDiffs, colMads, colMaxs, colMeans2, colMedians, colMins, colOrderStats, colProds, colQuantiles, colRanges, colRanks, colSdDiffs, colSds, colSums2, colTabulates, colVarDiffs, colVars, colWeightedMads, colWeightedMeans, colWeightedMedians, colWeightedSds, colWeightedVars, rowAlls, rowAnyNAs, rowAnys, rowAvgsPerColSet, rowCollapse, rowCounts, rowCummaxs, rowCummins, rowCumprods, rowCumsums, rowDiffs, rowIQRDiffs, rowIQRs, rowLogSumExps, rowMadDiffs, rowMads, rowMaxs, rowMeans2, rowMedians, rowMins, rowOrderStats, rowProds, rowQuantiles, rowRanges, rowRanks, rowSdDiffs, rowSds, rowSums2, rowTabulates, rowVarDiffs, rowVars, rowWeightedMads, rowWeightedMeans, rowWeightedMedians, rowWeightedSds, rowWeightedVars Loading required package: Biobase Welcome to Bioconductor Vignettes contain introductory material; view with 'browseVignettes()'. To cite Bioconductor, see 'citation("Biobase")', and for packages 'citation("pkgname")'. Attaching package: 'Biobase' The following object is masked from 'package:MatrixGenerics': rowMedians The following objects are masked from 'package:matrixStats': anyMissing, rowMedians The following object is masked from 'package:ExperimentHub': cache The following object is masked from 'package:AnnotationHub': cache Warning message: replacing previous import 'BiocParallel::bpstart' by 'QDNAseq::bpstart' when loading 'biscuiteer' > > test_check("biscuiteer") [ FAIL 0 | WARN 0 | SKIP 0 | PASS 1 ] > > proc.time() user system elapsed 43.526 1.857 66.597
biscuiteer.Rcheck/biscuiteer-Ex.timings
name | user | system | elapsed | |
RRBSeq | 13.267 | 0.417 | 18.695 | |
WGBSage | 12.296 | 0.766 | 17.993 | |
WGBSeq | 6.990 | 0.140 | 9.945 | |
atRegions | 3.961 | 0.315 | 5.766 | |
binCoverage | 7.439 | 0.445 | 10.684 | |
biscuitMetadata | 3.483 | 0.196 | 4.821 | |
biscuiteer-package | 3.318 | 0.074 | 4.455 | |
byChromArm | 5.478 | 0.255 | 7.461 | |
byExtremality | 9.511 | 0.286 | 13.175 | |
checkBiscuitBED | 0.324 | 0.004 | 0.465 | |
condenseSampleNames | 0.118 | 0.006 | 0.178 | |
extremality | 0.001 | 0.000 | 0.001 | |
fexpit | 0.006 | 0.000 | 0.007 | |
filterLoci | 9.825 | 0.396 | 14.104 | |
fixAge | 0.098 | 0.008 | 0.153 | |
fixNAs | 0.004 | 0.000 | 0.004 | |
flogit | 0.003 | 0.000 | 0.003 | |
getClock | 0.095 | 0.008 | 0.142 | |
getLogitFracMeth | 5.495 | 0.268 | 7.635 | |
grToSeg | 0.116 | 0.009 | 0.172 | |
makeBSseq | 3.755 | 0.076 | 5.220 | |
readBiscuit | 3.945 | 0.086 | 5.592 | |
readEpibed | 7.634 | 0.098 | 10.301 | |
segToGr | 0.167 | 0.009 | 0.230 | |
simplifySampleNames | 3.685 | 0.158 | 5.031 | |
summarizeBsSeqOver | 4.184 | 0.234 | 5.841 | |
unionize | 9.950 | 0.686 | 13.979 | |