Back to Multiple platform build/check report for BioC 3.17: simplified long |
|
This page was generated on 2023-06-08 11:06:52 -0400 (Thu, 08 Jun 2023).
Hostname | OS | Arch (*) | R version | Installed pkgs |
---|---|---|---|---|
nebbiolo1 | Linux (Ubuntu 22.04.2 LTS) | x86_64 | 4.3.0 RC (2023-04-13 r84269) -- "Already Tomorrow" | 4628 |
palomino3 | Windows Server 2022 Datacenter | x64 | 4.3.0 RC (2023-04-13 r84269 ucrt) -- "Already Tomorrow" | 4379 |
merida1 | macOS 12.6.4 Monterey | x86_64 | 4.3.0 RC (2023-04-13 r84257) -- "Already Tomorrow" | 4385 |
Click on any hostname to see more info about the system (e.g. compilers) (*) as reported by 'uname -p', except on Windows and Mac OS X |
To the developers/maintainers of the alabaster.base package: - Allow up to 24 hours (and sometimes 48 hours) for your latest push to git@git.bioconductor.org:packages/alabaster.base.git to reflect on this report. See Troubleshooting Build Report for more information. - Use the following Renviron settings to reproduce errors and warnings. - If 'R CMD check' started to fail recently on the Linux builder(s) over a missing dependency, add the missing dependency to 'Suggests:' in your DESCRIPTION file. See Renviron.bioc for more information. |
Package 39/2229 | Hostname | OS / Arch | INSTALL | BUILD | CHECK | BUILD BIN | ||||||||
alabaster.base 1.0.0 (landing page) Aaron Lun
| nebbiolo1 | Linux (Ubuntu 22.04.2 LTS) / x86_64 | OK | OK | WARNINGS | ![]() | ||||||||
palomino3 | Windows Server 2022 Datacenter / x64 | OK | OK | OK | OK | ![]() | ||||||||
merida1 | macOS 12.6.4 Monterey / x86_64 | OK | OK | WARNINGS | OK | ![]() | ||||||||
Package: alabaster.base |
Version: 1.0.0 |
Command: /Library/Frameworks/R.framework/Resources/bin/R CMD check --install=check:alabaster.base.install-out.txt --library=/Library/Frameworks/R.framework/Resources/library --no-vignettes --timings alabaster.base_1.0.0.tar.gz |
StartedAt: 2023-06-07 22:20:48 -0400 (Wed, 07 Jun 2023) |
EndedAt: 2023-06-07 22:23:21 -0400 (Wed, 07 Jun 2023) |
EllapsedTime: 152.7 seconds |
RetCode: 0 |
Status: WARNINGS |
CheckDir: alabaster.base.Rcheck |
Warnings: 1 |
############################################################################## ############################################################################## ### ### Running command: ### ### /Library/Frameworks/R.framework/Resources/bin/R CMD check --install=check:alabaster.base.install-out.txt --library=/Library/Frameworks/R.framework/Resources/library --no-vignettes --timings alabaster.base_1.0.0.tar.gz ### ############################################################################## ############################################################################## * using log directory ‘/Users/biocbuild/bbs-3.17-bioc/meat/alabaster.base.Rcheck’ * using R version 4.3.0 RC (2023-04-13 r84257) * using platform: x86_64-apple-darwin20 (64-bit) * R was compiled by Apple clang version 14.0.3 (clang-1403.0.22.14.1) GNU Fortran (GCC) 12.2.0 * running under: macOS Monterey 12.6.4 * using session charset: UTF-8 * using option ‘--no-vignettes’ * checking for file ‘alabaster.base/DESCRIPTION’ ... OK * this is package ‘alabaster.base’ version ‘1.0.0’ * checking package namespace information ... OK * checking package dependencies ... OK * checking if this is a source package ... OK * checking if there is a namespace ... OK * checking for hidden files and directories ... OK * checking for portable file names ... OK * checking for sufficient/correct file permissions ... OK * checking whether package ‘alabaster.base’ can be installed ... OK * used C++ compiler: ‘Apple clang version 14.0.0 (clang-1400.0.29.202)’ * used SDK: ‘MacOSX11.3.sdk’ * checking C++ specification ... OK Not all R platforms support C++17 * checking installed package size ... NOTE installed size is 5.2Mb sub-directories of 1Mb or more: libs 4.8Mb * checking package directory ... OK * checking ‘build’ directory ... OK * checking DESCRIPTION meta-information ... OK * checking top-level files ... OK * checking for left-over files ... OK * checking index information ... OK * checking package subdirectories ... OK * checking R files for non-ASCII characters ... OK * checking R files for syntax errors ... OK * checking whether the package can be loaded ... OK * checking whether the package can be loaded with stated dependencies ... OK * checking whether the package can be unloaded cleanly ... OK * checking whether the namespace can be loaded with stated dependencies ... OK * checking whether the namespace can be unloaded cleanly ... OK * checking dependencies in R code ... OK * checking S3 generic/method consistency ... OK * checking replacement functions ... OK * checking foreign function calls ... OK * checking R code for possible problems ... OK * checking Rd files ... OK * checking Rd metadata ... OK * checking Rd cross-references ... OK * checking for missing documentation entries ... OK * checking for code/documentation mismatches ... OK * checking Rd \usage sections ... OK * checking Rd contents ... OK * checking for unstated dependencies in examples ... OK * checking line endings in C/C++/Fortran sources/headers ... OK * checking line endings in Makefiles ... OK * checking compilation flags in Makevars ... OK * checking for GNU extensions in Makefiles ... NOTE GNU make is a SystemRequirements. * checking for portable use of $(BLAS_LIBS) and $(LAPACK_LIBS) ... OK * checking use of PKG_*FLAGS in Makefiles ... OK * checking compiled code ... WARNING Note: information on .o files is not available File ‘/Library/Frameworks/R.framework/Versions/4.3-x86_64/Resources/library/alabaster.base/libs/alabaster.base.so’: Found ‘__ZNSt3__14cerrE’, possibly from ‘std::cerr’ (C++) Found ‘___sprintf_chk’, possibly from ‘sprintf’ (C) Found ‘___stderrp’, possibly from ‘stderr’ (C) Found ‘___stdoutp’, possibly from ‘stdout’ (C) Found ‘_abort’, possibly from ‘abort’ (C) Found ‘_exit’, possibly from ‘exit’ (C) Found ‘_rand_r’, possibly from ‘rand_r’ (C) Found ‘_sprintf’, possibly from ‘sprintf’ (C) Compiled code should not call entry points which might terminate R nor write to stdout/stderr instead of to the console, nor use Fortran I/O nor system RNGs nor [v]sprintf. The detected symbols are linked into the code but might come from libraries and not actually be called. See ‘Writing portable packages’ in the ‘Writing R Extensions’ manual. * checking files in ‘vignettes’ ... OK * checking examples ... OK * checking for unstated dependencies in ‘tests’ ... OK * checking tests ... Running ‘testthat.R’ OK * checking for unstated dependencies in vignettes ... OK * checking package vignettes in ‘inst/doc’ ... OK * checking running R code from vignettes ... SKIPPED * checking re-building of vignette outputs ... SKIPPED * checking PDF version of manual ... OK * DONE Status: 1 WARNING, 2 NOTEs See ‘/Users/biocbuild/bbs-3.17-bioc/meat/alabaster.base.Rcheck/00check.log’ for details.
alabaster.base.Rcheck/00install.out
############################################################################## ############################################################################## ### ### Running command: ### ### /Library/Frameworks/R.framework/Resources/bin/R CMD INSTALL alabaster.base ### ############################################################################## ############################################################################## * installing to library ‘/Library/Frameworks/R.framework/Versions/4.3-x86_64/Resources/library’ * installing *source* package ‘alabaster.base’ ... ** using staged installation ** libs using C++ compiler: ‘Apple clang version 14.0.0 (clang-1400.0.29.202)’ using C++17 using SDK: ‘MacOSX11.3.sdk’ clang++ -arch x86_64 -std=gnu++17 -I"/Library/Frameworks/R.framework/Resources/include" -DNDEBUG -I../inst/include -I'/Library/Frameworks/R.framework/Versions/4.3-x86_64/Resources/library/Rcpp/include' -I'/Library/Frameworks/R.framework/Versions/4.3-x86_64/Resources/library/Rhdf5lib/include' -I/opt/R/x86_64/include -fPIC -falign-functions=64 -Wall -g -O2 -c RcppExports.cpp -o RcppExports.o clang++ -arch x86_64 -std=gnu++17 -I"/Library/Frameworks/R.framework/Resources/include" -DNDEBUG -I../inst/include -I'/Library/Frameworks/R.framework/Versions/4.3-x86_64/Resources/library/Rcpp/include' -I'/Library/Frameworks/R.framework/Versions/4.3-x86_64/Resources/library/Rhdf5lib/include' -I/opt/R/x86_64/include -fPIC -falign-functions=64 -Wall -g -O2 -c check_csv.cpp -o check_csv.o clang++ -arch x86_64 -std=gnu++17 -I"/Library/Frameworks/R.framework/Resources/include" -DNDEBUG -I../inst/include -I'/Library/Frameworks/R.framework/Versions/4.3-x86_64/Resources/library/Rcpp/include' -I'/Library/Frameworks/R.framework/Versions/4.3-x86_64/Resources/library/Rhdf5lib/include' -I/opt/R/x86_64/include -fPIC -falign-functions=64 -Wall -g -O2 -c check_list.cpp -o check_list.o In file included from check_list.cpp:3: In file included from ../inst/include/uzuki2/uzuki2.hpp:15: In file included from ../inst/include/uzuki2/parse_json.hpp:15: In file included from ../inst/include/byteme/SomeBufferReader.hpp:6: ../inst/include/byteme/ZlibBufferReader.hpp:47:24: warning: variable 'ret' is used uninitialized whenever 'if' condition is false [-Wsometimes-uninitialized] } else if (mode == 3) { // Gzip/Zlib auto-detected ^~~~~~~~~ ../inst/include/byteme/ZlibBufferReader.hpp:51:17: note: uninitialized use occurs here if (ret != Z_OK) { ^~~ ../inst/include/byteme/ZlibBufferReader.hpp:47:20: note: remove the 'if' if its condition is always true } else if (mode == 3) { // Gzip/Zlib auto-detected ^~~~~~~~~~~~~~~ ../inst/include/byteme/ZlibBufferReader.hpp:40:20: note: initialize the variable 'ret' to silence this warning int ret; ^ = 0 1 warning generated. clang++ -arch x86_64 -std=gnu++17 -I"/Library/Frameworks/R.framework/Resources/include" -DNDEBUG -I../inst/include -I'/Library/Frameworks/R.framework/Versions/4.3-x86_64/Resources/library/Rcpp/include' -I'/Library/Frameworks/R.framework/Versions/4.3-x86_64/Resources/library/Rhdf5lib/include' -I/opt/R/x86_64/include -fPIC -falign-functions=64 -Wall -g -O2 -c load_csv.cpp -o load_csv.o clang++ -arch x86_64 -std=gnu++17 -I"/Library/Frameworks/R.framework/Resources/include" -DNDEBUG -I../inst/include -I'/Library/Frameworks/R.framework/Versions/4.3-x86_64/Resources/library/Rcpp/include' -I'/Library/Frameworks/R.framework/Versions/4.3-x86_64/Resources/library/Rhdf5lib/include' -I/opt/R/x86_64/include -fPIC -falign-functions=64 -Wall -g -O2 -c load_list.cpp -o load_list.o In file included from load_list.cpp:3: In file included from ../inst/include/uzuki2/uzuki2.hpp:15: In file included from ../inst/include/uzuki2/parse_json.hpp:15: In file included from ../inst/include/byteme/SomeBufferReader.hpp:6: ../inst/include/byteme/ZlibBufferReader.hpp:47:24: warning: variable 'ret' is used uninitialized whenever 'if' condition is false [-Wsometimes-uninitialized] } else if (mode == 3) { // Gzip/Zlib auto-detected ^~~~~~~~~ ../inst/include/byteme/ZlibBufferReader.hpp:51:17: note: uninitialized use occurs here if (ret != Z_OK) { ^~~ ../inst/include/byteme/ZlibBufferReader.hpp:47:20: note: remove the 'if' if its condition is always true } else if (mode == 3) { // Gzip/Zlib auto-detected ^~~~~~~~~~~~~~~ ../inst/include/byteme/ZlibBufferReader.hpp:40:20: note: initialize the variable 'ret' to silence this warning int ret; ^ = 0 1 warning generated. clang++ -arch x86_64 -std=gnu++17 -I"/Library/Frameworks/R.framework/Resources/include" -DNDEBUG -I../inst/include -I'/Library/Frameworks/R.framework/Versions/4.3-x86_64/Resources/library/Rcpp/include' -I'/Library/Frameworks/R.framework/Versions/4.3-x86_64/Resources/library/Rhdf5lib/include' -I/opt/R/x86_64/include -fPIC -falign-functions=64 -Wall -g -O2 -c write_scalar.cpp -o write_scalar.o clang++ -arch x86_64 -std=gnu++17 -dynamiclib -Wl,-headerpad_max_install_names -undefined dynamic_lookup -single_module -multiply_defined suppress -L/Library/Frameworks/R.framework/Resources/lib -L/opt/R/x86_64/lib -o alabaster.base.so RcppExports.o check_csv.o check_list.o load_csv.o load_list.o write_scalar.o /Library/Frameworks/R.framework/Versions/4.3-x86_64/Resources/library/Rhdf5lib/lib/libhdf5_cpp.a /Library/Frameworks/R.framework/Versions/4.3-x86_64/Resources/library/Rhdf5lib/lib/libhdf5.a -L/Library/Frameworks/R.framework/Versions/4.3-x86_64/Resources/library/Rhdf5lib/lib -lcrypto -lcurl -lsz -laec -lz -ldl -lm -lz -F/Library/Frameworks/R.framework/.. -framework R -Wl,-framework -Wl,CoreFoundation installing to /Library/Frameworks/R.framework/Versions/4.3-x86_64/Resources/library/00LOCK-alabaster.base/00new/alabaster.base/libs ** R ** inst ** byte-compile and prepare package for lazy loading ** help *** installing help indices ** building package indices ** installing vignettes ** testing if installed package can be loaded from temporary location ** checking absolute paths in shared objects and dynamic libraries ** testing if installed package can be loaded from final location ** testing if installed package keeps a record of temporary installation path * DONE (alabaster.base)
alabaster.base.Rcheck/tests/testthat.Rout
R version 4.3.0 RC (2023-04-13 r84257) -- "Already Tomorrow" Copyright (C) 2023 The R Foundation for Statistical Computing Platform: x86_64-apple-darwin20 (64-bit) R is free software and comes with ABSOLUTELY NO WARRANTY. You are welcome to redistribute it under certain conditions. Type 'license()' or 'licence()' for distribution details. R is a collaborative project with many contributors. Type 'contributors()' for more information and 'citation()' on how to cite R or R packages in publications. Type 'demo()' for some demos, 'help()' for on-line help, or 'help.start()' for an HTML browser interface to help. Type 'q()' to quit R. > library(testthat) > library(alabaster.base) > test_check("alabaster.base") [ FAIL 0 | WARN 0 | SKIP 0 | PASS 172 ] > > proc.time() user system elapsed 33.600 1.393 44.948
alabaster.base.Rcheck/alabaster.base-Ex.timings
name | user | system | elapsed | |
acquireFile | 0.667 | 0.081 | 1.098 | |
altLoadObject | 0.234 | 0.006 | 0.348 | |
altStageObject | 0.053 | 0.005 | 0.085 | |
checkValidDirectory | 0.440 | 0.025 | 0.589 | |
createRedirection | 0.387 | 0.022 | 0.526 | |
loadBaseList | 0.252 | 0.013 | 0.340 | |
loadDataFrame | 0.074 | 0.005 | 0.115 | |
loadDataFrameFactor | 0.355 | 0.014 | 0.502 | |
loadObject | 0.076 | 0.005 | 0.117 | |
quickReadCsv | 0.042 | 0.005 | 0.072 | |
readLocalObject | 0.723 | 0.025 | 0.939 | |
saveFormats | 0.000 | 0.000 | 0.001 | |
stageBaseList | 0.260 | 0.021 | 0.357 | |
stageDataFrame | 0.051 | 0.008 | 0.088 | |
stageDataFrameFactor | 0.280 | 0.023 | 0.388 | |
stageObject | 0.048 | 0.005 | 0.079 | |
writeMetadata | 0.222 | 0.012 | 0.275 | |