Back to Multiple platform build/check report for BioC 3.17:   simplified   long
ABCDEFGHIJKLMN[O]PQRSTUVWXYZ

This page was generated on 2023-03-24 11:07:01 -0400 (Fri, 24 Mar 2023).

HostnameOSArch (*)R versionInstalled pkgs
nebbiolo1Linux (Ubuntu 22.04.1 LTS)x86_64R Under development (unstable) (2023-03-16 r83996) -- "Unsuffered Consequences" 4546
palomino3Windows Server 2022 Datacenterx64R Under development (unstable) (2023-03-15 r83984 ucrt) -- "Unsuffered Consequences" 4307
merida1macOS 10.14.6 Mojavex86_64R Under development (unstable) (2023-03-16 r83985) -- "Unsuffered Consequences" 4299
Click on any hostname to see more info about the system (e.g. compilers)      (*) as reported by 'uname -p', except on Windows and Mac OS X

BUILD results for OGRE on merida1


To the developers/maintainers of the OGRE package:
- Please allow up to 24 hours (and sometimes 48 hours) for your latest push to git@git.bioconductor.org:packages/OGRE.git to
reflect on this report. See How and When does the builder pull? When will my changes propagate? for more information.
- Make sure to use the following settings in order to reproduce any error or warning you see on this page.

raw results

Package 1391/2195HostnameOS / ArchINSTALLBUILDCHECKBUILD BIN
OGRE 1.3.0  (landing page)
Sven Berres
Snapshot Date: 2023-03-23 14:00:15 -0400 (Thu, 23 Mar 2023)
git_url: https://git.bioconductor.org/packages/OGRE
git_branch: devel
git_last_commit: aa1c0b1
git_last_commit_date: 2023-01-30 14:20:24 -0400 (Mon, 30 Jan 2023)
nebbiolo1Linux (Ubuntu 22.04.1 LTS) / x86_64  OK    OK    OK  UNNEEDED, same version is already published
palomino3Windows Server 2022 Datacenter / x64  OK    OK    OK    OK  UNNEEDED, same version is already published
merida1macOS 10.14.6 Mojave / x86_64  OK    ERROR  skippedskipped

Summary

Package: OGRE
Version: 1.3.0
Command: /Library/Frameworks/R.framework/Resources/bin/R CMD build --keep-empty-dirs --no-resave-data OGRE
StartedAt: 2023-03-23 19:36:18 -0400 (Thu, 23 Mar 2023)
EndedAt: 2023-03-23 19:39:33 -0400 (Thu, 23 Mar 2023)
EllapsedTime: 195.0 seconds
RetCode: 1
Status:   ERROR  
PackageFile: None
PackageFileSize: NA

Command output

##############################################################################
##############################################################################
###
### Running command:
###
###   /Library/Frameworks/R.framework/Resources/bin/R CMD build --keep-empty-dirs --no-resave-data OGRE
###
##############################################################################
##############################################################################


* checking for file ‘OGRE/DESCRIPTION’ ... OK
* preparing ‘OGRE’:
* checking DESCRIPTION meta-information ... OK
* installing the package to build vignettes
* creating vignettes ... ERROR
--- re-building ‘OGRE.Rmd’ using rmarkdown
Quitting from lines 121-123 (OGRE.Rmd) 
Error: processing vignette 'OGRE.Rmd' failed with diagnostics:
Graphics API version mismatch
--- failed re-building ‘OGRE.Rmd’

SUMMARY: processing the following file failed:
  ‘OGRE.Rmd’

Error: Vignette re-building failed.
Execution halted