Back to Multiple platform build/check report for BioC 3.17:   simplified   long
ABCDEFGH[I]JKLMNOPQRSTUVWXYZ

This page was generated on 2023-03-28 11:06:04 -0400 (Tue, 28 Mar 2023).

HostnameOSArch (*)R versionInstalled pkgs
nebbiolo1Linux (Ubuntu 22.04.1 LTS)x86_64R Under development (unstable) (2023-03-16 r83996) -- "Unsuffered Consequences" 4547
palomino3Windows Server 2022 Datacenterx64R Under development (unstable) (2023-03-15 r83984 ucrt) -- "Unsuffered Consequences" 4308
merida1macOS 10.14.6 Mojavex86_64R Under development (unstable) (2023-03-16 r83985) -- "Unsuffered Consequences" 4301
Click on any hostname to see more info about the system (e.g. compilers)      (*) as reported by 'uname -p', except on Windows and Mac OS X

CHECK results for IVAS on palomino3


To the developers/maintainers of the IVAS package:
- Please allow up to 24 hours (and sometimes 48 hours) for your latest push to git@git.bioconductor.org:packages/IVAS.git to
reflect on this report. See How and When does the builder pull? When will my changes propagate? for more information.
- Make sure to use the following settings in order to reproduce any error or warning you see on this page.

raw results

Package 1024/2195HostnameOS / ArchINSTALLBUILDCHECKBUILD BIN
IVAS 2.19.0  (landing page)
Seonggyun Han
Snapshot Date: 2023-03-27 14:00:21 -0400 (Mon, 27 Mar 2023)
git_url: https://git.bioconductor.org/packages/IVAS
git_branch: devel
git_last_commit: 48e6abc
git_last_commit_date: 2022-11-01 11:11:02 -0400 (Tue, 01 Nov 2022)
nebbiolo1Linux (Ubuntu 22.04.1 LTS) / x86_64  OK    OK    WARNINGS  UNNEEDED, same version is already published
palomino3Windows Server 2022 Datacenter / x64  OK    OK    WARNINGS    OK  UNNEEDED, same version is already published
merida1macOS 10.14.6 Mojave / x86_64  OK    OK    WARNINGS    OK  UNNEEDED, same version is already published

Summary

Package: IVAS
Version: 2.19.0
Command: F:\biocbuild\bbs-3.17-bioc\R\bin\R.exe CMD check --no-multiarch --install=check:IVAS.install-out.txt --library=F:\biocbuild\bbs-3.17-bioc\R\library --no-vignettes --timings IVAS_2.19.0.tar.gz
StartedAt: 2023-03-28 03:05:25 -0400 (Tue, 28 Mar 2023)
EndedAt: 2023-03-28 03:10:39 -0400 (Tue, 28 Mar 2023)
EllapsedTime: 314.3 seconds
RetCode: 0
Status:   WARNINGS  
CheckDir: IVAS.Rcheck
Warnings: 1

Command output

##############################################################################
##############################################################################
###
### Running command:
###
###   F:\biocbuild\bbs-3.17-bioc\R\bin\R.exe CMD check --no-multiarch --install=check:IVAS.install-out.txt --library=F:\biocbuild\bbs-3.17-bioc\R\library --no-vignettes --timings IVAS_2.19.0.tar.gz
###
##############################################################################
##############################################################################


* using log directory 'F:/biocbuild/bbs-3.17-bioc/meat/IVAS.Rcheck'
* using R Under development (unstable) (2023-03-15 r83984 ucrt)
* using platform: x86_64-w64-mingw32 (64-bit)
* R was compiled by
    gcc.exe (GCC) 12.2.0
    GNU Fortran (GCC) 12.2.0
* running under: Windows Server 2022 x64 (build 20348)
* using session charset: UTF-8
* using option '--no-vignettes'
* checking for file 'IVAS/DESCRIPTION' ... OK
* checking extension type ... Package
* this is package 'IVAS' version '2.19.0'
* checking package namespace information ... OK
* checking package dependencies ... OK
* checking if this is a source package ... OK
* checking if there is a namespace ... OK
* checking for hidden files and directories ... OK
* checking for portable file names ... OK
* checking whether package 'IVAS' can be installed ... WARNING
Found the following significant warnings:
  Note: next used in wrong context: no loop is visible 
See 'F:/biocbuild/bbs-3.17-bioc/meat/IVAS.Rcheck/00install.out' for details.
Information on the location(s) of code generating the 'Note's can be
obtained by re-running with environment variable R_KEEP_PKG_SOURCE set
to 'yes'.
* checking installed package size ... OK
* checking package directory ... OK
* checking 'build' directory ... OK
* checking DESCRIPTION meta-information ... OK
* checking top-level files ... OK
* checking for left-over files ... OK
* checking index information ... OK
* checking package subdirectories ... OK
* checking R files for non-ASCII characters ... OK
* checking R files for syntax errors ... OK
* checking whether the package can be loaded ... OK
* checking whether the package can be loaded with stated dependencies ... OK
* checking whether the package can be unloaded cleanly ... OK
* checking whether the namespace can be loaded with stated dependencies ... OK
* checking whether the namespace can be unloaded cleanly ... OK
* checking dependencies in R code ... OK
* checking S3 generic/method consistency ... OK
* checking replacement functions ... OK
* checking foreign function calls ... OK
* checking R code for possible problems ... OK
* checking Rd files ... OK
* checking Rd metadata ... OK
* checking Rd cross-references ... OK
* checking for missing documentation entries ... OK
* checking for code/documentation mismatches ... OK
* checking Rd \usage sections ... OK
* checking Rd contents ... OK
* checking for unstated dependencies in examples ... OK
* checking contents of 'data' directory ... OK
* checking data for non-ASCII characters ... OK
* checking data for ASCII and uncompressed saves ... OK
* checking sizes of PDF files under 'inst/doc' ... OK
* checking files in 'vignettes' ... OK
* checking examples ... OK
Examples with CPU (user + system) or elapsed time > 5s
               user system elapsed
saveBplot     12.56   0.14   12.81
ASdb-class    12.07   0.18   12.25
sQTLsFinder   10.81   0.13   10.93
RatioFromFPKM  6.10   0.17    6.26
CalSigSNP      5.29   0.03    5.33
* checking for unstated dependencies in vignettes ... OK
* checking package vignettes in 'inst/doc' ... OK
* checking running R code from vignettes ... SKIPPED
* checking re-building of vignette outputs ... SKIPPED
* checking PDF version of manual ... OK
* DONE

Status: 1 WARNING
See
  'F:/biocbuild/bbs-3.17-bioc/meat/IVAS.Rcheck/00check.log'
for details.



Installation output

IVAS.Rcheck/00install.out

##############################################################################
##############################################################################
###
### Running command:
###
###   F:\biocbuild\bbs-3.17-bioc\R\bin\R.exe CMD INSTALL IVAS
###
##############################################################################
##############################################################################


* installing to library 'F:/biocbuild/bbs-3.17-bioc/R/library'
* installing *source* package 'IVAS' ...
** using staged installation
** R
** data
** inst
** byte-compile and prepare package for lazy loading
Note: next used in wrong context: no loop is visible 
** help
*** installing help indices
** building package indices
** installing vignettes
** testing if installed package can be loaded from temporary location
** testing if installed package can be loaded from final location
** testing if installed package keeps a record of temporary installation path
* DONE (IVAS)

Tests output


Example timings

IVAS.Rcheck/IVAS-Ex.timings

nameusersystemelapsed
ASdb-class12.07 0.1812.25
CalSigSNP5.290.035.33
RatioFromFPKM6.100.176.26
Splicingfinder3.510.043.55
chrseparate0.100.000.09
findAlternative0.530.010.55
findOversnp0.550.030.58
sQTLsFinder10.81 0.1310.93
sampleexp0.010.000.02
samplesnp0.020.000.02
samplesnplocus000
saveBplot12.56 0.1412.81