Back to Multiple platform build/check report for BioC 3.17:   simplified   long
ABCDEF[G]HIJKLMNOPQRSTUVWXYZ

This page was generated on 2023-03-29 11:05:27 -0400 (Wed, 29 Mar 2023).

HostnameOSArch (*)R versionInstalled pkgs
nebbiolo1Linux (Ubuntu 22.04.1 LTS)x86_64R Under development (unstable) (2023-03-16 r83996) -- "Unsuffered Consequences" 4547
palomino3Windows Server 2022 Datacenterx64R Under development (unstable) (2023-03-15 r83984 ucrt) -- "Unsuffered Consequences" 4308
merida1macOS 10.14.6 Mojavex86_64R Under development (unstable) (2023-03-16 r83985) -- "Unsuffered Consequences" 4301
Click on any hostname to see more info about the system (e.g. compilers)      (*) as reported by 'uname -p', except on Windows and Mac OS X

BUILD results for GAPGOM on palomino3


To the developers/maintainers of the GAPGOM package:
- Please allow up to 24 hours (and sometimes 48 hours) for your latest push to git@git.bioconductor.org:packages/GAPGOM.git to
reflect on this report. See How and When does the builder pull? When will my changes propagate? for more information.
- Make sure to use the following settings in order to reproduce any error or warning you see on this page.

raw results

Package 739/2195HostnameOS / ArchINSTALLBUILDCHECKBUILD BIN
GAPGOM 1.15.0  (landing page)
Rezvan Ehsani
Snapshot Date: 2023-03-28 14:00:22 -0400 (Tue, 28 Mar 2023)
git_url: https://git.bioconductor.org/packages/GAPGOM
git_branch: devel
git_last_commit: defab98
git_last_commit_date: 2022-11-01 11:19:11 -0400 (Tue, 01 Nov 2022)
nebbiolo1Linux (Ubuntu 22.04.1 LTS) / x86_64  OK    ERROR  skipped
palomino3Windows Server 2022 Datacenter / x64  OK    ERROR  skippedskipped
merida1macOS 10.14.6 Mojave / x86_64  OK    ERROR  skippedskipped

Summary

Package: GAPGOM
Version: 1.15.0
Command: chmod a+r GAPGOM -R && F:\biocbuild\bbs-3.17-bioc\R\bin\R.exe CMD build --keep-empty-dirs --no-resave-data GAPGOM
StartedAt: 2023-03-28 18:49:21 -0400 (Tue, 28 Mar 2023)
EndedAt: 2023-03-28 18:50:10 -0400 (Tue, 28 Mar 2023)
EllapsedTime: 48.6 seconds
RetCode: 1
Status:   ERROR  
PackageFile: None
PackageFileSize: NA

Command output

##############################################################################
##############################################################################
###
### Running command:
###
###   chmod a+r GAPGOM -R && F:\biocbuild\bbs-3.17-bioc\R\bin\R.exe CMD build --keep-empty-dirs --no-resave-data GAPGOM
###
##############################################################################
##############################################################################


* checking for file 'GAPGOM/DESCRIPTION' ... OK
* preparing 'GAPGOM':
* checking DESCRIPTION meta-information ... OK
* installing the package to build vignettes
* creating vignettes ... ERROR
--- re-building 'GAPGOM.Rmd' using rmarkdown
Quitting from lines 130-142 (GAPGOM.Rmd) 
Error: processing vignette 'GAPGOM.Rmd' failed with diagnostics:
could not find function "ExpressionSet"
--- failed re-building 'GAPGOM.Rmd'

--- re-building 'benchmarks.Rmd' using rmarkdown
--- finished re-building 'benchmarks.Rmd'

SUMMARY: processing the following file failed:
  'GAPGOM.Rmd'

Error: Vignette re-building failed.
Execution halted