Back to Multiple platform build/check report for BioC 3.17: simplified long |
|
This page was generated on 2023-03-20 11:05:41 -0400 (Mon, 20 Mar 2023).
Hostname | OS | Arch (*) | R version | Installed pkgs |
---|---|---|---|---|
nebbiolo1 | Linux (Ubuntu 22.04.1 LTS) | x86_64 | R Under development (unstable) (2023-03-16 r83996) -- "Unsuffered Consequences" | 4297 |
palomino3 | Windows Server 2022 Datacenter | x64 | R Under development (unstable) (2023-03-15 r83984 ucrt) -- "Unsuffered Consequences" | 4286 |
merida1 | macOS 10.14.6 Mojave | x86_64 | R Under development (unstable) (2023-03-16 r83985) -- "Unsuffered Consequences" | 4150 |
Click on any hostname to see more info about the system (e.g. compilers) (*) as reported by 'uname -p', except on Windows and Mac OS X |
To the developers/maintainers of the ELMER package: - Please allow up to 24 hours (and sometimes 48 hours) for your latest push to git@git.bioconductor.org:packages/ELMER.git to reflect on this report. See How and When does the builder pull? When will my changes propagate? for more information. - Make sure to use the following settings in order to reproduce any error or warning you see on this page. |
Package 610/2189 | Hostname | OS / Arch | INSTALL | BUILD | CHECK | BUILD BIN | ||||||||
ELMER 2.23.0 (landing page) Tiago Chedraoui Silva
| nebbiolo1 | Linux (Ubuntu 22.04.1 LTS) / x86_64 | OK | ERROR | skipped | |||||||||
palomino3 | Windows Server 2022 Datacenter / x64 | OK | ERROR | skipped | skipped | |||||||||
merida1 | macOS 10.14.6 Mojave / x86_64 | OK | ERROR | skipped | skipped | |||||||||
Package: ELMER |
Version: 2.23.0 |
Command: chmod a+r ELMER -R && F:\biocbuild\bbs-3.17-bioc\R\bin\R.exe CMD build --keep-empty-dirs --no-resave-data ELMER |
StartedAt: 2023-03-19 18:32:58 -0400 (Sun, 19 Mar 2023) |
EndedAt: 2023-03-19 18:41:54 -0400 (Sun, 19 Mar 2023) |
EllapsedTime: 535.9 seconds |
RetCode: 1 |
Status: ERROR |
PackageFile: None |
PackageFileSize: NA |
############################################################################## ############################################################################## ### ### Running command: ### ### chmod a+r ELMER -R && F:\biocbuild\bbs-3.17-bioc\R\bin\R.exe CMD build --keep-empty-dirs --no-resave-data ELMER ### ############################################################################## ############################################################################## * checking for file 'ELMER/DESCRIPTION' ... OK * preparing 'ELMER': * checking DESCRIPTION meta-information ... OK * installing the package to build vignettes * creating vignettes ... ERROR --- re-building 'analysis_data_input.Rmd' using rmarkdown --- finished re-building 'analysis_data_input.Rmd' --- re-building 'analysis_diff_meth.Rmd' using rmarkdown --- finished re-building 'analysis_diff_meth.Rmd' --- re-building 'analysis_get_pair.Rmd' using rmarkdown --- finished re-building 'analysis_get_pair.Rmd' --- re-building 'analysis_gui.Rmd' using rmarkdown --- finished re-building 'analysis_gui.Rmd' --- re-building 'analysis_motif_enrichment.Rmd' using rmarkdown --- finished re-building 'analysis_motif_enrichment.Rmd' --- re-building 'analysis_regulatory_tf.Rmd' using rmarkdown Quitting from lines 93-103 (analysis_regulatory_tf.Rmd) Quitting from lines 93-103 (analysis_regulatory_tf.Rmd) Error: processing vignette 'analysis_regulatory_tf.Rmd' failed with diagnostics: argument is of length zero --- failed re-building 'analysis_regulatory_tf.Rmd' --- re-building 'index.Rmd' using rmarkdown --- finished re-building 'index.Rmd' --- re-building 'input.Rmd' using rmarkdown --- finished re-building 'input.Rmd' --- re-building 'pipe.Rmd' using rmarkdown --- finished re-building 'pipe.Rmd' --- re-building 'plots_TF.Rmd' using rmarkdown Quitting from lines 41-46 (plots_TF.Rmd) Error: processing vignette 'plots_TF.Rmd' failed with diagnostics: cannot open the connection --- failed re-building 'plots_TF.Rmd' --- re-building 'plots_heatmap.Rmd' using rmarkdown --- finished re-building 'plots_heatmap.Rmd' --- re-building 'plots_motif_enrichment.Rmd' using rmarkdown --- finished re-building 'plots_motif_enrichment.Rmd' --- re-building 'plots_scatter.Rmd' using rmarkdown --- finished re-building 'plots_scatter.Rmd' --- re-building 'plots_schematic.Rmd' using rmarkdown --- finished re-building 'plots_schematic.Rmd' --- re-building 'usecase.Rmd' using rmarkdown --- finished re-building 'usecase.Rmd' SUMMARY: processing the following files failed: 'analysis_regulatory_tf.Rmd' 'plots_TF.Rmd' Error: Vignette re-building failed. Execution halted