Back to Multiple platform build/check report for BioC 3.17:   simplified   long
AB[C]DEFGHIJKLMNOPQRSTUVWXYZ

This page was generated on 2023-06-02 11:05:54 -0400 (Fri, 02 Jun 2023).

HostnameOSArch (*)R versionInstalled pkgs
nebbiolo1Linux (Ubuntu 22.04.2 LTS)x86_644.3.0 RC (2023-04-13 r84269) -- "Already Tomorrow" 4618
palomino3Windows Server 2022 Datacenterx644.3.0 RC (2023-04-13 r84269 ucrt) -- "Already Tomorrow" 4369
merida1macOS 12.6.4 Montereyx86_644.3.0 RC (2023-04-13 r84257) -- "Already Tomorrow" 4327
Click on any hostname to see more info about the system (e.g. compilers)      (*) as reported by 'uname -p', except on Windows and Mac OS X

CHECK results for CluMSID on palomino3


To the developers/maintainers of the CluMSID package:
- Allow up to 24 hours (and sometimes 48 hours) for your latest push to git@git.bioconductor.org:packages/CluMSID.git to reflect on this report. See Troubleshooting Build Report for more information.

- Use the following Renviron settings to reproduce errors and warnings.

Note: If "R CMD check" recently failed on the Linux builder over a missing dependency, add the missing dependency to "Suggests" in your DESCRIPTION file. See the Renviron.bioc for details.

raw results

Package 363/2229HostnameOS / ArchINSTALLBUILDCHECKBUILD BIN
CluMSID 1.16.0  (landing page)
Tobias Depke
Snapshot Date: 2023-06-01 14:00:08 -0400 (Thu, 01 Jun 2023)
git_url: https://git.bioconductor.org/packages/CluMSID
git_branch: RELEASE_3_17
git_last_commit: e71998f
git_last_commit_date: 2023-04-25 11:06:55 -0400 (Tue, 25 Apr 2023)
nebbiolo1Linux (Ubuntu 22.04.2 LTS) / x86_64  OK    OK    WARNINGS  UNNEEDED, same version is already published
palomino3Windows Server 2022 Datacenter / x64  OK    OK    WARNINGS    OK  UNNEEDED, same version is already published
merida1macOS 12.6.4 Monterey / x86_64  OK    OK    WARNINGS    OK  UNNEEDED, same version is already published

Summary

Package: CluMSID
Version: 1.16.0
Command: F:\biocbuild\bbs-3.17-bioc\R\bin\R.exe CMD check --no-multiarch --install=check:CluMSID.install-out.txt --library=F:\biocbuild\bbs-3.17-bioc\R\library --no-vignettes --timings CluMSID_1.16.0.tar.gz
StartedAt: 2023-06-02 00:40:32 -0400 (Fri, 02 Jun 2023)
EndedAt: 2023-06-02 00:43:59 -0400 (Fri, 02 Jun 2023)
EllapsedTime: 206.6 seconds
RetCode: 0
Status:   WARNINGS  
CheckDir: CluMSID.Rcheck
Warnings: 1

Command output

##############################################################################
##############################################################################
###
### Running command:
###
###   F:\biocbuild\bbs-3.17-bioc\R\bin\R.exe CMD check --no-multiarch --install=check:CluMSID.install-out.txt --library=F:\biocbuild\bbs-3.17-bioc\R\library --no-vignettes --timings CluMSID_1.16.0.tar.gz
###
##############################################################################
##############################################################################


* using log directory 'F:/biocbuild/bbs-3.17-bioc/meat/CluMSID.Rcheck'
* using R version 4.3.0 RC (2023-04-13 r84269 ucrt)
* using platform: x86_64-w64-mingw32 (64-bit)
* R was compiled by
    gcc.exe (GCC) 12.2.0
    GNU Fortran (GCC) 12.2.0
* running under: Windows Server 2022 x64 (build 20348)
* using session charset: UTF-8
* using option '--no-vignettes'
* checking for file 'CluMSID/DESCRIPTION' ... OK
* checking extension type ... Package
* this is package 'CluMSID' version '1.16.0'
* package encoding: UTF-8
* checking package namespace information ... OK
* checking package dependencies ... OK
* checking if this is a source package ... OK
* checking if there is a namespace ... OK
* checking for hidden files and directories ... OK
* checking for portable file names ... OK
* checking whether package 'CluMSID' can be installed ... WARNING
Found the following significant warnings:
  Warning: replacing previous import 'dbscan::as.dendrogram' by 'stats::as.dendrogram' when loading 'CluMSID'
See 'F:/biocbuild/bbs-3.17-bioc/meat/CluMSID.Rcheck/00install.out' for details.
* checking installed package size ... OK
* checking package directory ... OK
* checking 'build' directory ... OK
* checking DESCRIPTION meta-information ... OK
* checking top-level files ... OK
* checking for left-over files ... OK
* checking index information ... OK
* checking package subdirectories ... OK
* checking R files for non-ASCII characters ... OK
* checking R files for syntax errors ... OK
* checking whether the package can be loaded ... OK
* checking whether the package can be loaded with stated dependencies ... OK
* checking whether the package can be unloaded cleanly ... OK
* checking whether the namespace can be loaded with stated dependencies ... OK
* checking whether the namespace can be unloaded cleanly ... OK
* checking dependencies in R code ... OK
* checking S3 generic/method consistency ... OK
* checking replacement functions ... OK
* checking foreign function calls ... OK
* checking R code for possible problems ... OK
* checking Rd files ... OK
* checking Rd metadata ... OK
* checking Rd cross-references ... OK
* checking for missing documentation entries ... OK
* checking for code/documentation mismatches ... OK
* checking Rd \usage sections ... OK
* checking Rd contents ... OK
* checking for unstated dependencies in examples ... OK
* checking files in 'vignettes' ... OK
* checking examples ... OK
Examples with CPU (user + system) or elapsed time > 5s
                   user system elapsed
mergeMS2spectra   21.75   0.24   21.98
splitPolarities   19.30   0.28   19.60
extractMS2spectra 16.71   0.19   17.03
* checking for unstated dependencies in 'tests' ... OK
* checking tests ...
  Running 'testthat.R'
 OK
* checking for unstated dependencies in vignettes ... OK
* checking package vignettes in 'inst/doc' ... OK
* checking running R code from vignettes ... SKIPPED
* checking re-building of vignette outputs ... SKIPPED
* checking PDF version of manual ... OK
* DONE

Status: 1 WARNING
See
  'F:/biocbuild/bbs-3.17-bioc/meat/CluMSID.Rcheck/00check.log'
for details.



Installation output

CluMSID.Rcheck/00install.out

##############################################################################
##############################################################################
###
### Running command:
###
###   F:\biocbuild\bbs-3.17-bioc\R\bin\R.exe CMD INSTALL CluMSID
###
##############################################################################
##############################################################################


* installing to library 'F:/biocbuild/bbs-3.17-bioc/R/library'
* installing *source* package 'CluMSID' ...
** using staged installation
** R
** byte-compile and prepare package for lazy loading
Warning: replacing previous import 'dbscan::as.dendrogram' by 'stats::as.dendrogram' when loading 'CluMSID'
** help
*** installing help indices
** building package indices
** installing vignettes
** testing if installed package can be loaded from temporary location
Warning: replacing previous import 'dbscan::as.dendrogram' by 'stats::as.dendrogram' when loading 'CluMSID'
** testing if installed package can be loaded from final location
Warning: replacing previous import 'dbscan::as.dendrogram' by 'stats::as.dendrogram' when loading 'CluMSID'
** testing if installed package keeps a record of temporary installation path
* DONE (CluMSID)

Tests output

CluMSID.Rcheck/tests/testthat.Rout


R version 4.3.0 RC (2023-04-13 r84269 ucrt) -- "Already Tomorrow"
Copyright (C) 2023 The R Foundation for Statistical Computing
Platform: x86_64-w64-mingw32/x64 (64-bit)

R is free software and comes with ABSOLUTELY NO WARRANTY.
You are welcome to redistribute it under certain conditions.
Type 'license()' or 'licence()' for distribution details.

R is a collaborative project with many contributors.
Type 'contributors()' for more information and
'citation()' on how to cite R or R packages in publications.

Type 'demo()' for some demos, 'help()' for on-line help, or
'help.start()' for an HTML browser interface to help.
Type 'q()' to quit R.

> library(testthat)
> library(CluMSID)
Warning message:
replacing previous import 'dbscan::as.dendrogram' by 'stats::as.dendrogram' when loading 'CluMSID' 
> 
> test_check("CluMSID")
[ FAIL 0 | WARN 0 | SKIP 0 | PASS 16 ]
> 
> proc.time()
   user  system elapsed 
  10.46    0.60   11.06 

Example timings

CluMSID.Rcheck/CluMSID-Ex.timings

nameusersystemelapsed
Featurelist0.000.010.03
HCplot0.170.050.22
HCtbl0.010.000.01
MDSplot0.440.020.46
OPTICSplot0.030.000.03
OPTICStbl0.020.000.01
accessors0.030.010.05
addAnnotations0.060.100.17
as.MS2spectrum0.170.010.20
cossim0.020.000.02
distanceMatrix0.550.000.55
extractMS2spectra16.71 0.1917.03
extractPseudospectra1.360.432.33
findFragment0.020.000.02
findNL0.030.000.03
getSimilarities2.230.012.26
getSpectrum0.040.000.04
mergeMS2spectra21.75 0.2421.98
networkplot0.200.010.22
specplot0.010.000.01
splitPolarities19.30 0.2819.60
writeFeaturelist0.030.000.03