Back to Multiple platform build/check report for BioC 3.17:   simplified   long
AB[C]DEFGHIJKLMNOPQRSTUVWXYZ

This page was generated on 2023-09-27 11:35:32 -0400 (Wed, 27 Sep 2023).

HostnameOSArch (*)R versionInstalled pkgs
nebbiolo1Linux (Ubuntu 22.04.2 LTS)x86_644.3.1 (2023-06-16) -- "Beagle Scouts" 4625
palomino3Windows Server 2022 Datacenterx644.3.1 (2023-06-16 ucrt) -- "Beagle Scouts" 4378
merida1macOS 12.6.4 Montereyx86_644.3.1 (2023-06-16) -- "Beagle Scouts" 4394
Click on any hostname to see more info about the system (e.g. compilers)      (*) as reported by 'uname -p', except on Windows and Mac OS X

Package 415/2230HostnameOS / ArchINSTALLBUILDCHECKBUILD BIN
CONFESS 1.28.0  (landing page)
Diana LOW
Snapshot Date: 2023-09-26 14:00:14 -0400 (Tue, 26 Sep 2023)
git_url: https://git.bioconductor.org/packages/CONFESS
git_branch: RELEASE_3_17
git_last_commit: 147ca6f
git_last_commit_date: 2023-04-25 10:46:02 -0400 (Tue, 25 Apr 2023)
nebbiolo1Linux (Ubuntu 22.04.2 LTS) / x86_64  OK    OK    WARNINGS  UNNEEDED, same version is already published
palomino3Windows Server 2022 Datacenter / x64  OK    OK    WARNINGS    OK  UNNEEDED, same version is already published
merida1macOS 12.6.4 Monterey / x86_64  OK    OK    WARNINGS    OK  UNNEEDED, same version is already published

CHECK results for CONFESS on nebbiolo1


To the developers/maintainers of the CONFESS package:
- Allow up to 24 hours (and sometimes 48 hours) for your latest push to git@git.bioconductor.org:packages/CONFESS.git to reflect on this report. See Troubleshooting Build Report for more information.
- Use the following Renviron settings to reproduce errors and warnings.
- If 'R CMD check' started to fail recently on the Linux builder(s) over a missing dependency, add the missing dependency to 'Suggests:' in your DESCRIPTION file. See Renviron.bioc for more information.

raw results


Summary

Package: CONFESS
Version: 1.28.0
Command: /home/biocbuild/bbs-3.17-bioc/R/bin/R CMD check --install=check:CONFESS.install-out.txt --library=/home/biocbuild/bbs-3.17-bioc/R/site-library --timings CONFESS_1.28.0.tar.gz
StartedAt: 2023-09-26 20:21:55 -0400 (Tue, 26 Sep 2023)
EndedAt: 2023-09-26 20:29:20 -0400 (Tue, 26 Sep 2023)
EllapsedTime: 444.2 seconds
RetCode: 0
Status:   WARNINGS  
CheckDir: CONFESS.Rcheck
Warnings: 1

Command output

##############################################################################
##############################################################################
###
### Running command:
###
###   /home/biocbuild/bbs-3.17-bioc/R/bin/R CMD check --install=check:CONFESS.install-out.txt --library=/home/biocbuild/bbs-3.17-bioc/R/site-library --timings CONFESS_1.28.0.tar.gz
###
##############################################################################
##############################################################################


* using log directory ‘/home/biocbuild/bbs-3.17-bioc/meat/CONFESS.Rcheck’
* using R version 4.3.1 (2023-06-16)
* using platform: x86_64-pc-linux-gnu (64-bit)
* R was compiled by
    gcc (Ubuntu 11.3.0-1ubuntu1~22.04.1) 11.3.0
    GNU Fortran (Ubuntu 11.3.0-1ubuntu1~22.04.1) 11.3.0
* running under: Ubuntu 22.04.3 LTS
* using session charset: UTF-8
* checking for file ‘CONFESS/DESCRIPTION’ ... OK
* checking extension type ... Package
* this is package ‘CONFESS’ version ‘1.28.0’
* package encoding: UTF-8
* checking package namespace information ... OK
* checking package dependencies ... OK
* checking if this is a source package ... OK
* checking if there is a namespace ... OK
* checking for hidden files and directories ... OK
* checking for portable file names ... OK
* checking for sufficient/correct file permissions ... OK
* checking whether package ‘CONFESS’ can be installed ... WARNING
Found the following significant warnings:
  Warning: replacing previous import ‘stats::BIC’ by ‘flowMerge::BIC’ when loading ‘CONFESS’
See ‘/home/biocbuild/bbs-3.17-bioc/meat/CONFESS.Rcheck/00install.out’ for details.
* checking installed package size ... OK
* checking package directory ... OK
* checking ‘build’ directory ... OK
* checking DESCRIPTION meta-information ... OK
* checking top-level files ... OK
* checking for left-over files ... OK
* checking index information ... OK
* checking package subdirectories ... OK
* checking R files for non-ASCII characters ... OK
* checking R files for syntax errors ... OK
* checking whether the package can be loaded ... OK
* checking whether the package can be loaded with stated dependencies ... OK
* checking whether the package can be unloaded cleanly ... OK
* checking whether the namespace can be loaded with stated dependencies ... OK
* checking whether the namespace can be unloaded cleanly ... OK
* checking loading without being on the library search path ... OK
* checking dependencies in R code ... OK
* checking S3 generic/method consistency ... OK
* checking replacement functions ... OK
* checking foreign function calls ... OK
* checking R code for possible problems ... OK
* checking Rd files ... OK
* checking Rd metadata ... OK
* checking Rd cross-references ... OK
* checking for missing documentation entries ... OK
* checking for code/documentation mismatches ... OK
* checking Rd \usage sections ... OK
* checking Rd contents ... OK
* checking for unstated dependencies in examples ... OK
* checking contents of ‘data’ directory ... OK
* checking data for non-ASCII characters ... OK
* checking LazyData ... OK
* checking data for ASCII and uncompressed saves ... OK
* checking files in ‘vignettes’ ... OK
* checking examples ... OK
Examples with CPU (user + system) or elapsed time > 5s
                  user system elapsed
Fluo_CV_prep    34.641  0.724  35.365
Fluo_adjustment 15.263  0.352  15.614
Fluo_modeling   11.617  0.192  11.809
* checking for unstated dependencies in vignettes ... OK
* checking package vignettes in ‘inst/doc’ ... OK
* checking running R code from vignettes ...
  ‘vignette.Rmd’ using ‘UTF-8’... OK
  ‘vignette_tex.Rnw’ using ‘UTF-8’... OK
 NONE
* checking re-building of vignette outputs ... OK
* checking PDF version of manual ... OK
* DONE

Status: 1 WARNING
See
  ‘/home/biocbuild/bbs-3.17-bioc/meat/CONFESS.Rcheck/00check.log’
for details.



Installation output

CONFESS.Rcheck/00install.out

##############################################################################
##############################################################################
###
### Running command:
###
###   /home/biocbuild/bbs-3.17-bioc/R/bin/R CMD INSTALL CONFESS
###
##############################################################################
##############################################################################


* installing to library ‘/home/biocbuild/bbs-3.17-bioc/R/site-library’
* installing *source* package ‘CONFESS’ ...
** using staged installation
** R
** data
*** moving datasets to lazyload DB
** inst
** byte-compile and prepare package for lazy loading
Warning: replacing previous import ‘stats::BIC’ by ‘flowMerge::BIC’ when loading ‘CONFESS’
** help
*** installing help indices
** building package indices
** installing vignettes
** testing if installed package can be loaded from temporary location
Warning: replacing previous import ‘stats::BIC’ by ‘flowMerge::BIC’ when loading ‘CONFESS’
** testing if installed package can be loaded from final location
Warning: replacing previous import ‘stats::BIC’ by ‘flowMerge::BIC’ when loading ‘CONFESS’
** testing if installed package keeps a record of temporary installation path
* DONE (CONFESS)

Tests output


Example timings

CONFESS.Rcheck/CONFESS-Ex.timings

nameusersystemelapsed
FluoSelection_byRun0.010.000.01
Fluo_CV_modeling000
Fluo_CV_prep34.641 0.72435.365
Fluo_adjustment15.263 0.35215.614
Fluo_inspection1.7530.1241.877
Fluo_modeling11.617 0.19211.809
Fluo_ordering0.6530.0200.673
LocationMatrix0.0010.0030.004
cluster2outlier0.0020.0000.001
createFluo0.0070.0000.007
defineLocClusters0.0420.0040.047
files0.0020.0000.002
getFluo0.0190.0000.018
getFluo_byRun0.0370.0000.038
pathEstimator0.0010.0000.001
readFiles0.0140.0000.015
simcells0.8180.0240.842
spotEstimator0.0010.0000.000