Back to Multiple platform build/check report for BioC 3.17:   simplified   long
A[B]CDEFGHIJKLMNOPQRSTUVWXYZ

This page was generated on 2023-03-18 11:05:53 -0400 (Sat, 18 Mar 2023).

HostnameOSArch (*)R versionInstalled pkgs
nebbiolo1Linux (Ubuntu 22.04.1 LTS)x86_64R Under development (unstable) (2023-03-16 r83996) -- "Unsuffered Consequences" 4282
palomino3Windows Server 2022 Datacenterx64R Under development (unstable) (2023-03-15 r83984 ucrt) -- "Unsuffered Consequences" 4279
merida1macOS 10.14.6 Mojavex86_64R Under development (unstable) (2023-03-16 r83985) -- "Unsuffered Consequences" 4145
Click on any hostname to see more info about the system (e.g. compilers)      (*) as reported by 'uname -p', except on Windows and Mac OS X

CHECK results for Biostrings on merida1


To the developers/maintainers of the Biostrings package:
- Please allow up to 24 hours (and sometimes 48 hours) for your latest push to git@git.bioconductor.org:packages/Biostrings.git to
reflect on this report. See How and When does the builder pull? When will my changes propagate? for more information.
- Make sure to use the following settings in order to reproduce any error or warning you see on this page.

raw results

Package 214/2189HostnameOS / ArchINSTALLBUILDCHECKBUILD BIN
Biostrings 2.67.0  (landing page)
H. Pagès
Snapshot Date: 2023-03-17 14:27:35 -0400 (Fri, 17 Mar 2023)
git_url: https://git.bioconductor.org/packages/Biostrings
git_branch: master
git_last_commit: c94e8fb
git_last_commit_date: 2022-11-01 10:36:29 -0400 (Tue, 01 Nov 2022)
nebbiolo1Linux (Ubuntu 22.04.1 LTS) / x86_64  OK    OK    WARNINGS  UNNEEDED, same version is already published
palomino3Windows Server 2022 Datacenter / x64  OK    OK    WARNINGS    OK  UNNEEDED, same version is already published
merida1macOS 10.14.6 Mojave / x86_64  OK    OK    WARNINGS    OK  UNNEEDED, same version is already published

Summary

Package: Biostrings
Version: 2.67.0
Command: /Library/Frameworks/R.framework/Resources/bin/R CMD check --install=check:Biostrings.install-out.txt --library=/Library/Frameworks/R.framework/Resources/library --no-vignettes --timings Biostrings_2.67.0.tar.gz
StartedAt: 2023-03-17 22:44:32 -0400 (Fri, 17 Mar 2023)
EndedAt: 2023-03-17 23:03:54 -0400 (Fri, 17 Mar 2023)
EllapsedTime: 1161.9 seconds
RetCode: 0
Status:   WARNINGS  
CheckDir: Biostrings.Rcheck
Warnings: 2

Command output

##############################################################################
##############################################################################
###
### Running command:
###
###   /Library/Frameworks/R.framework/Resources/bin/R CMD check --install=check:Biostrings.install-out.txt --library=/Library/Frameworks/R.framework/Resources/library --no-vignettes --timings Biostrings_2.67.0.tar.gz
###
##############################################################################
##############################################################################


* using log directory ‘/Users/biocbuild/bbs-3.17-bioc/meat/Biostrings.Rcheck’
* using R Under development (unstable) (2023-03-16 r83985)
* using platform: x86_64-apple-darwin17.0 (64-bit)
* R was compiled by
    Apple clang version 12.0.0 (clang-1200.0.32.29)
    GNU Fortran (GCC) 8.2.0
* running under: macOS Mojave 10.14.6
* using session charset: UTF-8
* using option ‘--no-vignettes’
* checking for file ‘Biostrings/DESCRIPTION’ ... OK
* this is package ‘Biostrings’ version ‘2.67.0’
* package encoding: UTF-8
* checking package namespace information ... OK
* checking package dependencies ... OK
* checking if this is a source package ... OK
* checking if there is a namespace ... OK
* checking for hidden files and directories ... OK
* checking for portable file names ... OK
* checking for sufficient/correct file permissions ... OK
* checking whether package ‘Biostrings’ can be installed ... OK
* used C compiler: ‘Apple clang version 11.0.0 (clang-1100.0.33.17)’
* used SDK: ‘’
* checking installed package size ... NOTE
  installed size is 14.0Mb
  sub-directories of 1Mb or more:
    R         1.7Mb
    extdata  11.1Mb
* checking package directory ... OK
* checking ‘build’ directory ... OK
* checking DESCRIPTION meta-information ... NOTE
Package listed in more than one of Depends, Imports, Suggests, Enhances:
  ‘methods’
A package should be listed in only one of these fields.
* checking top-level files ... OK
* checking for left-over files ... OK
* checking index information ... OK
* checking package subdirectories ... OK
* checking R files for non-ASCII characters ... OK
* checking R files for syntax errors ... OK
* checking whether the package can be loaded ... OK
* checking whether the package can be loaded with stated dependencies ... OK
* checking whether the package can be unloaded cleanly ... OK
* checking whether the namespace can be loaded with stated dependencies ... OK
* checking whether the namespace can be unloaded cleanly ... OK
* checking startup messages can be suppressed ... OK
* checking dependencies in R code ... NOTE
Unexported objects imported by ':::' calls:
  ‘BiocGenerics:::testPackage’ ‘IRanges:::.showAtomicList’
  ‘IRanges:::from_Vector_to_CompressedList’
  ‘IRanges:::new_CompressedList_from_list’ ‘IRanges:::new_Views’
  ‘IRanges:::regroupBySupergroup’ ‘IRanges:::show_IntegerRangesList’
  ‘IRanges:::unlist_as_integer’ ‘S4Vectors:::anyMissingOrOutside’
  ‘XVector:::close_filexp’
  ‘XVector:::extract_character_from_XRaw_by_positions’
  ‘XVector:::extract_character_from_XRaw_by_ranges’
  ‘XVector:::new_XVectorList_from_list_of_XVector’
  ‘XVector:::open_output_file’
  See the note in ?`:::` about the use of this operator.
* checking S3 generic/method consistency ... OK
* checking replacement functions ... OK
* checking foreign function calls ... OK
* checking R code for possible problems ... OK
* checking Rd files ... WARNING
checkRd: (5) AAString-class.Rd:74-78: \item in \describe must have non-empty label
checkRd: (5) AAString-class.Rd:86-92: \item in \describe must have non-empty label
checkRd: (5) AlignedXStringSet-class.Rd:87-90: \item in \describe must have non-empty label
checkRd: (5) AlignedXStringSet-class.Rd:91-96: \item in \describe must have non-empty label
checkRd: (5) AlignedXStringSet-class.Rd:97-99: \item in \describe must have non-empty label
checkRd: (5) AlignedXStringSet-class.Rd:100-103: \item in \describe must have non-empty label
checkRd: (5) AlignedXStringSet-class.Rd:104-107: \item in \describe must have non-empty label
checkRd: (5) AlignedXStringSet-class.Rd:108-111: \item in \describe must have non-empty label
checkRd: (5) AlignedXStringSet-class.Rd:112-116: \item in \describe must have non-empty label
checkRd: (5) AlignedXStringSet-class.Rd:117-121: \item in \describe must have non-empty label
checkRd: (5) AlignedXStringSet-class.Rd:122-125: \item in \describe must have non-empty label
checkRd: (5) AlignedXStringSet-class.Rd:126-129: \item in \describe must have non-empty label
checkRd: (5) AlignedXStringSet-class.Rd:130-133: \item in \describe must have non-empty label
checkRd: (5) AlignedXStringSet-class.Rd:134-137: \item in \describe must have non-empty label
checkRd: (5) AlignedXStringSet-class.Rd:138-141: \item in \describe must have non-empty label
checkRd: (5) AlignedXStringSet-class.Rd:147-151: \item in \describe must have non-empty label
checkRd: (5) AlignedXStringSet-class.Rd:152-156: \item in \describe must have non-empty label
checkRd: (5) DNAString-class.Rd:57-61: \item in \describe must have non-empty label
checkRd: (5) DNAString-class.Rd:69-75: \item in \describe must have non-empty label
checkRd: (5) InDel-class.Rd:32-35: \item in \describe must have non-empty label
checkRd: (5) InDel-class.Rd:36-39: \item in \describe must have non-empty label
checkRd: (5) MIndex-class.Rd:49-52: \item in \describe must have non-empty label
checkRd: (5) MIndex-class.Rd:53-56: \item in \describe must have non-empty label
checkRd: (5) MIndex-class.Rd:57-61: \item in \describe must have non-empty label
checkRd: (5) MIndex-class.Rd:62-66: \item in \describe must have non-empty label
checkRd: (5) MIndex-class.Rd:67-71: \item in \describe must have non-empty label
checkRd: (5) MIndex-class.Rd:79-83: \item in \describe must have non-empty label
checkRd: (5) MIndex-class.Rd:91-99: \item in \describe must have non-empty label
checkRd: (5) MIndex-class.Rd:110-115: \item in \describe must have non-empty label
checkRd: (5) MIndex-class.Rd:116-119: \item in \describe must have non-empty label
checkRd: (5) MaskedXString-class.Rd:113-116: \item in \describe must have non-empty label
checkRd: (5) MaskedXString-class.Rd:117-122: \item in \describe must have non-empty label
checkRd: (5) MaskedXString-class.Rd:123-140: \item in \describe must have non-empty label
checkRd: (5) MaskedXString-class.Rd:141-145: \item in \describe must have non-empty label
checkRd: (5) MaskedXString-class.Rd:146-152: \item in \describe must have non-empty label
checkRd: (5) MaskedXString-class.Rd:160-164: \item in \describe must have non-empty label
checkRd: (5) MaskedXString-class.Rd:165-168: \item in \describe must have non-empty label
checkRd: (5) MaskedXString-class.Rd:169-172: \item in \describe must have non-empty label
checkRd: (5) MaskedXString-class.Rd:180-185: \item in \describe must have non-empty label
checkRd: (5) MaskedXString-class.Rd:193-197: \item in \describe must have non-empty label
checkRd: (5) MaskedXString-class.Rd:198-203: \item in \describe must have non-empty label
checkRd: (5) MultipleAlignment-class.Rd:157-161: \item in \describe must have non-empty label
checkRd: (5) MultipleAlignment-class.Rd:162-167: \item in \describe must have non-empty label
checkRd: (5) MultipleAlignment-class.Rd:168-178: \item in \describe must have non-empty label
checkRd: (5) MultipleAlignment-class.Rd:179-189: \item in \describe must have non-empty label
checkRd: (5) MultipleAlignment-class.Rd:190-200: \item in \describe must have non-empty label
checkRd: (5) MultipleAlignment-class.Rd:201-216: \item in \describe must have non-empty label
checkRd: (5) MultipleAlignment-class.Rd:217-220: \item in \describe must have non-empty label
checkRd: (5) MultipleAlignment-class.Rd:221-224: \item in \describe must have non-empty label
checkRd: (5) MultipleAlignment-class.Rd:225-228: \item in \describe must have non-empty label
checkRd: (5) MultipleAlignment-class.Rd:229-232: \item in \describe must have non-empty label
checkRd: (5) MultipleAlignment-class.Rd:233-236: \item in \describe must have non-empty label
checkRd: (5) MultipleAlignment-class.Rd:237-240: \item in \describe must have non-empty label
checkRd: (5) MultipleAlignment-class.Rd:241-244: \item in \describe must have non-empty label
checkRd: (5) MultipleAlignment-class.Rd:245-249: \item in \describe must have non-empty label
checkRd: (5) MultipleAlignment-class.Rd:250-253: \item in \describe must have non-empty label
checkRd: (5) MultipleAlignment-class.Rd:261-267: \item in \describe must have non-empty label
checkRd: (5) MultipleAlignment-class.Rd:268-274: \item in \describe must have non-empty label
checkRd: (5) MultipleAlignment-class.Rd:275-282: \item in \describe must have non-empty label
checkRd: (5) MultipleAlignment-class.Rd:290-298: \item in \describe must have non-empty label
checkRd: (5) MultipleAlignment-class.Rd:299-304: \item in \describe must have non-empty label
checkRd: (5) MultipleAlignment-class.Rd:305-312: \item in \describe must have non-empty label
checkRd: (5) MultipleAlignment-class.Rd:313-320: \item in \describe must have non-empty label
checkRd: (5) MultipleAlignment-class.Rd:321-337: \item in \describe must have non-empty label
checkRd: (5) PDict-class.Rd:241-244: \item in \describe must have non-empty label
checkRd: (5) PDict-class.Rd:245-249: \item in \describe must have non-empty label
checkRd: (5) PDict-class.Rd:250-253: \item in \describe must have non-empty label
checkRd: (5) PDict-class.Rd:254-257: \item in \describe must have non-empty label
checkRd: (5) PDict-class.Rd:258-261: \item in \describe must have non-empty label
checkRd: (5) PDict-class.Rd:262-269: \item in \describe must have non-empty label
checkRd: (5) PDict-class.Rd:270-273: \item in \describe must have non-empty label
checkRd: (5) PDict-class.Rd:282-285: \item in \describe must have non-empty label
checkRd: (5) PDict-class.Rd:294-297: \item in \describe must have non-empty label
checkRd: (5) PDict-class.Rd:298-301: \item in \describe must have non-empty label
checkRd: (5) PairwiseAlignments-class.Rd:154-160: \item in \describe must have non-empty label
checkRd: (5) PairwiseAlignments-class.Rd:161-165: \item in \describe must have non-empty label
checkRd: (5) PairwiseAlignments-class.Rd:166-169: \item in \describe must have non-empty label
checkRd: (5) PairwiseAlignments-class.Rd:177-180: \item in \describe must have non-empty label
checkRd: (5) PairwiseAlignments-class.Rd:181-187: \item in \describe must have non-empty label
checkRd: (5) PairwiseAlignments-class.Rd:188-193: \item in \describe must have non-empty label
checkRd: (5) PairwiseAlignments-class.Rd:202-210: \item in \describe must have non-empty label
checkRd: (5) PairwiseAlignments-class.Rd:211-214: \item in \describe must have non-empty label
checkRd: (5) PairwiseAlignments-class.Rd:215-218: \item in \describe must have non-empty label
checkRd: (5) PairwiseAlignments-class.Rd:219-222: \item in \describe must have non-empty label
checkRd: (5) PairwiseAlignments-class.Rd:230-234: \item in \describe must have non-empty label
checkRd: (5) PairwiseAlignments-class.Rd:235-238: \item in \describe must have non-empty label
checkRd: (5) PairwiseAlignments-class.Rd:239-243: \item in \describe must have non-empty label
checkRd: (5) PairwiseAlignments-class.Rd:244-250: \item in \describe must have non-empty label
checkRd: (5) PairwiseAlignments-class.Rd:258-262: \item in \describe must have non-empty label
checkRd: (5) PairwiseAlignments-class.Rd:263-268: \item in \describe must have non-empty label
checkRd: (5) PairwiseAlignments-class.Rd:269-274: \item in \describe must have non-empty label
checkRd: (5) PairwiseAlignments-class.Rd:275-279: \item in \describe must have non-empty label
checkRd: (5) PairwiseAlignments-class.Rd:280-283: \item in \describe must have non-empty label
checkRd: (5) PairwiseAlignments-class.Rd:284-289: \item in \describe must have non-empty label
checkRd: (5) PairwiseAlignments-class.Rd:295-299: \item in \describe must have non-empty label
checkRd: (5) PairwiseAlignments-class.Rd:300-304: \item in \describe must have non-empty label
checkRd: (5) QualityScaledXStringSet-class.Rd:111-114: \item in \describe must have non-empty label
checkRd: (5) QualityScaledXStringSet-class.Rd:115-119: \item in \describe must have non-empty label
checkRd: (5) QualityScaledXStringSet-class.Rd:120-123: \item in \describe must have non-empty label
checkRd: (5) QualityScaledXStringSet-class.Rd:124-129: \item in \describe must have non-empty label
checkRd: (5) QualityScaledXStringSet-class.Rd:130-133: \item in \describe must have non-empty label
checkRd: (5) QualityScaledXStringSet-class.Rd:143-146: \item in \describe must have non-empty label
checkRd: (5) RNAString-class.Rd:55-59: \item in \describe must have non-empty label
checkRd: (5) RNAString-class.Rd:67-73: \item in \describe must have non-empty label
checkRd: (5) XString-class.Rd:94-98: \item in \describe must have non-empty label
checkRd: (5) XString-class.Rd:106-111: \item in \describe must have non-empty label
checkRd: (5) XString-class.Rd:112-115: \item in \describe must have non-empty label
checkRd: (5) XString-class.Rd:123-126: \item in \describe must have non-empty label
checkRd: (5) XString-class.Rd:127-130: \item in \describe must have non-empty label
checkRd: (5) XString-class.Rd:138-148: \item in \describe must have non-empty label
checkRd: (5) XString-class.Rd:156-169: \item in \describe must have non-empty label
checkRd: (5) XString-class.Rd:170-173: \item in \describe must have non-empty label
checkRd: (5) XStringPartialMatches-class.Rd:32-35: \item in \describe must have non-empty label
checkRd: (5) XStringPartialMatches-class.Rd:36-39: \item in \describe must have non-empty label
checkRd: (5) XStringPartialMatches-class.Rd:49-54: \item in \describe must have non-empty label
checkRd: (-1) XStringQuality-class.Rd:86: Escaped LaTeX specials: \#
checkRd: (5) XStringQuality-class.Rd:106-109: \item in \describe must have non-empty label
checkRd: (5) XStringQuality-class.Rd:111-115: \item in \describe must have non-empty label
checkRd: (5) XStringSet-class.Rd:116-118: \item in \describe must have non-empty label
checkRd: (5) XStringSet-class.Rd:119-121: \item in \describe must have non-empty label
checkRd: (5) XStringSet-class.Rd:122-124: \item in \describe must have non-empty label
checkRd: (5) XStringSet-class.Rd:135-138: \item in \describe must have non-empty label
checkRd: (5) XStringSet-class.Rd:139-145: \item in \describe must have non-empty label
checkRd: (5) XStringSet-class.Rd:146-155: \item in \describe must have non-empty label
checkRd: (5) XStringSet-class.Rd:156-162: \item in \describe must have non-empty label
checkRd: (5) XStringSet-class.Rd:163-166: \item in \describe must have non-empty label
checkRd: (5) XStringSet-class.Rd:176-193: \item in \describe must have non-empty label
checkRd: (5) XStringSet-class.Rd:194-204: \item in \describe must have non-empty label
checkRd: (5) XStringSet-class.Rd:205-215: \item in \describe must have non-empty label
checkRd: (5) XStringSet-class.Rd:216-221: \item in \describe must have non-empty label
checkRd: (5) XStringSet-class.Rd:231-234: \item in \describe must have non-empty label
checkRd: (5) XStringSet-class.Rd:235-238: \item in \describe must have non-empty label
checkRd: (5) XStringSet-class.Rd:239-242: \item in \describe must have non-empty label
checkRd: (5) XStringSet-class.Rd:251-254: \item in \describe must have non-empty label
checkRd: (5) XStringSet-class.Rd:255-258: \item in \describe must have non-empty label
checkRd: (5) XStringSet-class.Rd:259-262: \item in \describe must have non-empty label
checkRd: (5) XStringSet-class.Rd:263-266: \item in \describe must have non-empty label
checkRd: (5) XStringSet-class.Rd:275-280: \item in \describe must have non-empty label
checkRd: (5) XStringSet-class.Rd:281-286: \item in \describe must have non-empty label
checkRd: (5) XStringSet-class.Rd:287-290: \item in \describe must have non-empty label
checkRd: (5) XStringSet-class.Rd:291-298: \item in \describe must have non-empty label
checkRd: (5) XStringSet-class.Rd:299-302: \item in \describe must have non-empty label
checkRd: (5) XStringSet-class.Rd:303-311: \item in \describe must have non-empty label
checkRd: (5) XStringSet-comparison.Rd:55-65: \item in \describe must have non-empty label
checkRd: (5) XStringSet-comparison.Rd:66-72: \item in \describe must have non-empty label
checkRd: (5) XStringSet-comparison.Rd:80-85: \item in \describe must have non-empty label
checkRd: (5) XStringSet-comparison.Rd:86-90: \item in \describe must have non-empty label
checkRd: (5) XStringSet-comparison.Rd:91-94: \item in \describe must have non-empty label
checkRd: (5) XStringSet-comparison.Rd:95-98: \item in \describe must have non-empty label
checkRd: (5) XStringSet-comparison.Rd:106-109: \item in \describe must have non-empty label
checkRd: (5) XStringSet-comparison.Rd:110-113: \item in \describe must have non-empty label
checkRd: (5) XStringSet-comparison.Rd:122-126: \item in \describe must have non-empty label
checkRd: (5) XStringSet-comparison.Rd:127-131: \item in \describe must have non-empty label
checkRd: (5) XStringSet-comparison.Rd:141-143: \item in \describe must have non-empty label
checkRd: (5) XStringSet-comparison.Rd:144-146: \item in \describe must have non-empty label
checkRd: (5) XStringViews-class.Rd:73-77: \item in \describe must have non-empty label
checkRd: (5) XStringViews-class.Rd:87-93: \item in \describe must have non-empty label
checkRd: (5) XStringViews-class.Rd:103-117: \item in \describe must have non-empty label
checkRd: (5) XStringViews-class.Rd:118-121: \item in \describe must have non-empty label
checkRd: (5) XStringViews-class.Rd:122-131: \item in \describe must have non-empty label
checkRd: (5) XStringViews-class.Rd:136-143: \item in \describe must have non-empty label
checkRd: (5) XStringViews-class.Rd:144-147: \item in \describe must have non-empty label
checkRd: (5) injectHardMask.Rd:58-61: \item in \describe must have non-empty label
checkRd: (5) injectHardMask.Rd:62-70: \item in \describe must have non-empty label
checkRd: (5) injectHardMask.Rd:71-74: \item in \describe must have non-empty label
checkRd: (-1) matchLRPatterns.Rd:65: Escaped LaTeX specials: \_ \_
checkRd: (-1) matchProbePair.Rd:53: Escaped LaTeX specials: \_ \_
checkRd: (-1) matchProbePair.Rd:54: Escaped LaTeX specials: \_ \_
checkRd: (-1) matchProbePair.Rd:55: Escaped LaTeX specials: \_ \_
checkRd: (-1) matchProbePair.Rd:56: Escaped LaTeX specials: \_ \_
checkRd: (-1) phiX174Phage.Rd:18: Escaped LaTeX specials: \_
* checking Rd metadata ... OK
* checking Rd cross-references ... OK
* checking for missing documentation entries ... WARNING
Undocumented code objects:
  ‘strsplit’ ‘twoWayAlphabetFrequency’
Undocumented S4 methods:
  generic 'match' and siglist 'Vector,XStringSet'
  generic 'match' and siglist 'XStringSet,Vector'
  generic 'match' and siglist 'XStringSet,vector'
  generic 'match' and siglist 'vector,XStringSet'
  generic 'parallel_slot_names' and siglist 'ByPos_MIndex'
  generic 'parallel_slot_names' and siglist 'MIndex'
  generic 'pcompare' and siglist 'Vector,XStringSet'
  generic 'pcompare' and siglist 'XStringSet,Vector'
  generic 'pcompare' and siglist 'XStringSet,vector'
  generic 'pcompare' and siglist 'vector,XStringSet'
  generic 'relistToClass' and siglist 'XString'
  generic 'strsplit' and siglist 'XStringSet'
  generic 'twoWayAlphabetFrequency' and siglist 'XString,XString'
  generic 'twoWayAlphabetFrequency' and siglist 'XString,XStringSet'
  generic 'twoWayAlphabetFrequency' and siglist 'XStringSet,XString'
  generic 'twoWayAlphabetFrequency' and siglist 'XStringSet,XStringSet'
  generic 'unstrsplit' and siglist 'XStringSet'
  generic 'unstrsplit' and siglist 'XStringSetList'
All user-level objects in a package (including S4 classes and methods)
should have documentation entries.
See chapter ‘Writing R documentation files’ in the ‘Writing R
Extensions’ manual.
* checking for code/documentation mismatches ... OK
* checking Rd \usage sections ... OK
* checking Rd contents ... OK
* checking for unstated dependencies in examples ... OK
* checking contents of ‘data’ directory ... OK
* checking data for non-ASCII characters ... OK
* checking data for ASCII and uncompressed saves ... OK
* checking line endings in C/C++/Fortran sources/headers ... OK
* checking compiled code ... NOTE
Note: information on .o files is not available
* checking sizes of PDF files under ‘inst/doc’ ... OK
* checking files in ‘vignettes’ ... OK
* checking examples ... OK
Examples with CPU (user + system) or elapsed time > 5s
                         user system elapsed
matchPDict-exact      420.428  4.151 559.422
findPalindromes        64.251  0.259  87.822
matchPDict-inexact     61.566  0.804  80.147
XStringSet-class       18.480  0.555  23.920
XStringSet-io          11.907  0.857  16.061
stringDist              9.108  0.041  12.681
matchPattern            7.929  0.226  10.500
PDict-class             5.852  0.165   7.794
XStringSet-comparison   4.582  0.132   5.819
PairwiseAlignments-io   4.160  0.175   5.576
replaceAt               3.925  0.025   5.052
* checking for unstated dependencies in ‘tests’ ... OK
* checking tests ...
  Running ‘run_unitTests.R’
 OK
* checking for unstated dependencies in vignettes ... OK
* checking package vignettes in ‘inst/doc’ ... OK
* checking running R code from vignettes ... SKIPPED
* checking re-building of vignette outputs ... SKIPPED
* checking PDF version of manual ... OK
* DONE

Status: 2 WARNINGs, 4 NOTEs
See
  ‘/Users/biocbuild/bbs-3.17-bioc/meat/Biostrings.Rcheck/00check.log’
for details.



Installation output

Biostrings.Rcheck/00install.out

##############################################################################
##############################################################################
###
### Running command:
###
###   /Library/Frameworks/R.framework/Resources/bin/R CMD INSTALL Biostrings
###
##############################################################################
##############################################################################


* installing to library ‘/Library/Frameworks/R.framework/Versions/4.3/Resources/library’
* installing *source* package ‘Biostrings’ ...
** using staged installation
** libs
using C compiler: ‘Apple clang version 11.0.0 (clang-1100.0.33.17)’
using SDK: ‘’
clang -mmacosx-version-min=10.13 -I"/Library/Frameworks/R.framework/Resources/include" -DNDEBUG  -I'/Library/Frameworks/R.framework/Versions/4.3/Resources/library/S4Vectors/include' -I'/Library/Frameworks/R.framework/Versions/4.3/Resources/library/IRanges/include' -I'/Library/Frameworks/R.framework/Versions/4.3/Resources/library/XVector/include' -I/usr/local/include    -fPIC  -Wall -g -O2  -c BAB_class.c -o BAB_class.o
clang -mmacosx-version-min=10.13 -I"/Library/Frameworks/R.framework/Resources/include" -DNDEBUG  -I'/Library/Frameworks/R.framework/Versions/4.3/Resources/library/S4Vectors/include' -I'/Library/Frameworks/R.framework/Versions/4.3/Resources/library/IRanges/include' -I'/Library/Frameworks/R.framework/Versions/4.3/Resources/library/XVector/include' -I/usr/local/include    -fPIC  -Wall -g -O2  -c BitMatrix.c -o BitMatrix.o
BitMatrix.c:299:13: warning: unused function 'BitMatrix_print' [-Wunused-function]
static void BitMatrix_print(BitMatrix *bitmat)
            ^
1 warning generated.
clang -mmacosx-version-min=10.13 -I"/Library/Frameworks/R.framework/Resources/include" -DNDEBUG  -I'/Library/Frameworks/R.framework/Versions/4.3/Resources/library/S4Vectors/include' -I'/Library/Frameworks/R.framework/Versions/4.3/Resources/library/IRanges/include' -I'/Library/Frameworks/R.framework/Versions/4.3/Resources/library/XVector/include' -I/usr/local/include    -fPIC  -Wall -g -O2  -c IRanges_stubs.c -o IRanges_stubs.o
clang -mmacosx-version-min=10.13 -I"/Library/Frameworks/R.framework/Resources/include" -DNDEBUG  -I'/Library/Frameworks/R.framework/Versions/4.3/Resources/library/S4Vectors/include' -I'/Library/Frameworks/R.framework/Versions/4.3/Resources/library/IRanges/include' -I'/Library/Frameworks/R.framework/Versions/4.3/Resources/library/XVector/include' -I/usr/local/include    -fPIC  -Wall -g -O2  -c MIndex_class.c -o MIndex_class.o
MIndex_class.c:184:20: warning: unused variable 'poffsets_order' [-Wunused-variable]
        IntAE *poffsets, *poffsets_order;
                          ^
1 warning generated.
clang -mmacosx-version-min=10.13 -I"/Library/Frameworks/R.framework/Resources/include" -DNDEBUG  -I'/Library/Frameworks/R.framework/Versions/4.3/Resources/library/S4Vectors/include' -I'/Library/Frameworks/R.framework/Versions/4.3/Resources/library/IRanges/include' -I'/Library/Frameworks/R.framework/Versions/4.3/Resources/library/XVector/include' -I/usr/local/include    -fPIC  -Wall -g -O2  -c PreprocessedTB_class.c -o PreprocessedTB_class.o
clang -mmacosx-version-min=10.13 -I"/Library/Frameworks/R.framework/Resources/include" -DNDEBUG  -I'/Library/Frameworks/R.framework/Versions/4.3/Resources/library/S4Vectors/include' -I'/Library/Frameworks/R.framework/Versions/4.3/Resources/library/IRanges/include' -I'/Library/Frameworks/R.framework/Versions/4.3/Resources/library/XVector/include' -I/usr/local/include    -fPIC  -Wall -g -O2  -c R_init_Biostrings.c -o R_init_Biostrings.o
clang -mmacosx-version-min=10.13 -I"/Library/Frameworks/R.framework/Resources/include" -DNDEBUG  -I'/Library/Frameworks/R.framework/Versions/4.3/Resources/library/S4Vectors/include' -I'/Library/Frameworks/R.framework/Versions/4.3/Resources/library/IRanges/include' -I'/Library/Frameworks/R.framework/Versions/4.3/Resources/library/XVector/include' -I/usr/local/include    -fPIC  -Wall -g -O2  -c RoSeqs_utils.c -o RoSeqs_utils.o
clang -mmacosx-version-min=10.13 -I"/Library/Frameworks/R.framework/Resources/include" -DNDEBUG  -I'/Library/Frameworks/R.framework/Versions/4.3/Resources/library/S4Vectors/include' -I'/Library/Frameworks/R.framework/Versions/4.3/Resources/library/IRanges/include' -I'/Library/Frameworks/R.framework/Versions/4.3/Resources/library/XVector/include' -I/usr/local/include    -fPIC  -Wall -g -O2  -c S4Vectors_stubs.c -o S4Vectors_stubs.o
clang -mmacosx-version-min=10.13 -I"/Library/Frameworks/R.framework/Resources/include" -DNDEBUG  -I'/Library/Frameworks/R.framework/Versions/4.3/Resources/library/S4Vectors/include' -I'/Library/Frameworks/R.framework/Versions/4.3/Resources/library/IRanges/include' -I'/Library/Frameworks/R.framework/Versions/4.3/Resources/library/XVector/include' -I/usr/local/include    -fPIC  -Wall -g -O2  -c SparseList_utils.c -o SparseList_utils.o
clang -mmacosx-version-min=10.13 -I"/Library/Frameworks/R.framework/Resources/include" -DNDEBUG  -I'/Library/Frameworks/R.framework/Versions/4.3/Resources/library/S4Vectors/include' -I'/Library/Frameworks/R.framework/Versions/4.3/Resources/library/IRanges/include' -I'/Library/Frameworks/R.framework/Versions/4.3/Resources/library/XVector/include' -I/usr/local/include    -fPIC  -Wall -g -O2  -c XStringSetList_class.c -o XStringSetList_class.o
clang -mmacosx-version-min=10.13 -I"/Library/Frameworks/R.framework/Resources/include" -DNDEBUG  -I'/Library/Frameworks/R.framework/Versions/4.3/Resources/library/S4Vectors/include' -I'/Library/Frameworks/R.framework/Versions/4.3/Resources/library/IRanges/include' -I'/Library/Frameworks/R.framework/Versions/4.3/Resources/library/XVector/include' -I/usr/local/include    -fPIC  -Wall -g -O2  -c XStringSet_class.c -o XStringSet_class.o
clang -mmacosx-version-min=10.13 -I"/Library/Frameworks/R.framework/Resources/include" -DNDEBUG  -I'/Library/Frameworks/R.framework/Versions/4.3/Resources/library/S4Vectors/include' -I'/Library/Frameworks/R.framework/Versions/4.3/Resources/library/IRanges/include' -I'/Library/Frameworks/R.framework/Versions/4.3/Resources/library/XVector/include' -I/usr/local/include    -fPIC  -Wall -g -O2  -c XString_class.c -o XString_class.o
clang -mmacosx-version-min=10.13 -I"/Library/Frameworks/R.framework/Resources/include" -DNDEBUG  -I'/Library/Frameworks/R.framework/Versions/4.3/Resources/library/S4Vectors/include' -I'/Library/Frameworks/R.framework/Versions/4.3/Resources/library/IRanges/include' -I'/Library/Frameworks/R.framework/Versions/4.3/Resources/library/XVector/include' -I/usr/local/include    -fPIC  -Wall -g -O2  -c XVector_stubs.c -o XVector_stubs.o
clang -mmacosx-version-min=10.13 -I"/Library/Frameworks/R.framework/Resources/include" -DNDEBUG  -I'/Library/Frameworks/R.framework/Versions/4.3/Resources/library/S4Vectors/include' -I'/Library/Frameworks/R.framework/Versions/4.3/Resources/library/IRanges/include' -I'/Library/Frameworks/R.framework/Versions/4.3/Resources/library/XVector/include' -I/usr/local/include    -fPIC  -Wall -g -O2  -c align_needwunsQS.c -o align_needwunsQS.o
clang -mmacosx-version-min=10.13 -I"/Library/Frameworks/R.framework/Resources/include" -DNDEBUG  -I'/Library/Frameworks/R.framework/Versions/4.3/Resources/library/S4Vectors/include' -I'/Library/Frameworks/R.framework/Versions/4.3/Resources/library/IRanges/include' -I'/Library/Frameworks/R.framework/Versions/4.3/Resources/library/XVector/include' -I/usr/local/include    -fPIC  -Wall -g -O2  -c align_pairwiseAlignment.c -o align_pairwiseAlignment.o
clang -mmacosx-version-min=10.13 -I"/Library/Frameworks/R.framework/Resources/include" -DNDEBUG  -I'/Library/Frameworks/R.framework/Versions/4.3/Resources/library/S4Vectors/include' -I'/Library/Frameworks/R.framework/Versions/4.3/Resources/library/IRanges/include' -I'/Library/Frameworks/R.framework/Versions/4.3/Resources/library/XVector/include' -I/usr/local/include    -fPIC  -Wall -g -O2  -c align_utils.c -o align_utils.o
clang -mmacosx-version-min=10.13 -I"/Library/Frameworks/R.framework/Resources/include" -DNDEBUG  -I'/Library/Frameworks/R.framework/Versions/4.3/Resources/library/S4Vectors/include' -I'/Library/Frameworks/R.framework/Versions/4.3/Resources/library/IRanges/include' -I'/Library/Frameworks/R.framework/Versions/4.3/Resources/library/XVector/include' -I/usr/local/include    -fPIC  -Wall -g -O2  -c find_palindromes.c -o find_palindromes.o
clang -mmacosx-version-min=10.13 -I"/Library/Frameworks/R.framework/Resources/include" -DNDEBUG  -I'/Library/Frameworks/R.framework/Versions/4.3/Resources/library/S4Vectors/include' -I'/Library/Frameworks/R.framework/Versions/4.3/Resources/library/IRanges/include' -I'/Library/Frameworks/R.framework/Versions/4.3/Resources/library/XVector/include' -I/usr/local/include    -fPIC  -Wall -g -O2  -c gtestsim.c -o gtestsim.o
clang -mmacosx-version-min=10.13 -I"/Library/Frameworks/R.framework/Resources/include" -DNDEBUG  -I'/Library/Frameworks/R.framework/Versions/4.3/Resources/library/S4Vectors/include' -I'/Library/Frameworks/R.framework/Versions/4.3/Resources/library/IRanges/include' -I'/Library/Frameworks/R.framework/Versions/4.3/Resources/library/XVector/include' -I/usr/local/include    -fPIC  -Wall -g -O2  -c inject_code.c -o inject_code.o
clang -mmacosx-version-min=10.13 -I"/Library/Frameworks/R.framework/Resources/include" -DNDEBUG  -I'/Library/Frameworks/R.framework/Versions/4.3/Resources/library/S4Vectors/include' -I'/Library/Frameworks/R.framework/Versions/4.3/Resources/library/IRanges/include' -I'/Library/Frameworks/R.framework/Versions/4.3/Resources/library/XVector/include' -I/usr/local/include    -fPIC  -Wall -g -O2  -c letter_frequency.c -o letter_frequency.o
letter_frequency.c:956:13: warning: unused variable 'ans_dimnames' [-Wunused-variable]
  SEXP ans, ans_dimnames;
            ^
letter_frequency.c:957:48: warning: unused variable 'x_pos' [-Wunused-variable]
  int x_width, y_width, x_length, *ans_mat, i, x_pos;
                                               ^
2 warnings generated.
clang -mmacosx-version-min=10.13 -I"/Library/Frameworks/R.framework/Resources/include" -DNDEBUG  -I'/Library/Frameworks/R.framework/Versions/4.3/Resources/library/S4Vectors/include' -I'/Library/Frameworks/R.framework/Versions/4.3/Resources/library/IRanges/include' -I'/Library/Frameworks/R.framework/Versions/4.3/Resources/library/XVector/include' -I/usr/local/include    -fPIC  -Wall -g -O2  -c lowlevel_matching.c -o lowlevel_matching.o
clang -mmacosx-version-min=10.13 -I"/Library/Frameworks/R.framework/Resources/include" -DNDEBUG  -I'/Library/Frameworks/R.framework/Versions/4.3/Resources/library/S4Vectors/include' -I'/Library/Frameworks/R.framework/Versions/4.3/Resources/library/IRanges/include' -I'/Library/Frameworks/R.framework/Versions/4.3/Resources/library/XVector/include' -I/usr/local/include    -fPIC  -Wall -g -O2  -c match_PWM.c -o match_PWM.o
clang -mmacosx-version-min=10.13 -I"/Library/Frameworks/R.framework/Resources/include" -DNDEBUG  -I'/Library/Frameworks/R.framework/Versions/4.3/Resources/library/S4Vectors/include' -I'/Library/Frameworks/R.framework/Versions/4.3/Resources/library/IRanges/include' -I'/Library/Frameworks/R.framework/Versions/4.3/Resources/library/XVector/include' -I/usr/local/include    -fPIC  -Wall -g -O2  -c match_pattern.c -o match_pattern.o
clang -mmacosx-version-min=10.13 -I"/Library/Frameworks/R.framework/Resources/include" -DNDEBUG  -I'/Library/Frameworks/R.framework/Versions/4.3/Resources/library/S4Vectors/include' -I'/Library/Frameworks/R.framework/Versions/4.3/Resources/library/IRanges/include' -I'/Library/Frameworks/R.framework/Versions/4.3/Resources/library/XVector/include' -I/usr/local/include    -fPIC  -Wall -g -O2  -c match_pattern_boyermoore.c -o match_pattern_boyermoore.o
clang -mmacosx-version-min=10.13 -I"/Library/Frameworks/R.framework/Resources/include" -DNDEBUG  -I'/Library/Frameworks/R.framework/Versions/4.3/Resources/library/S4Vectors/include' -I'/Library/Frameworks/R.framework/Versions/4.3/Resources/library/IRanges/include' -I'/Library/Frameworks/R.framework/Versions/4.3/Resources/library/XVector/include' -I/usr/local/include    -fPIC  -Wall -g -O2  -c match_pattern_indels.c -o match_pattern_indels.o
match_pattern_indels.c:7:13: warning: unused function 'test_match_pattern_indels' [-Wunused-function]
static void test_match_pattern_indels(const char *p, const char *s,
            ^
1 warning generated.
clang -mmacosx-version-min=10.13 -I"/Library/Frameworks/R.framework/Resources/include" -DNDEBUG  -I'/Library/Frameworks/R.framework/Versions/4.3/Resources/library/S4Vectors/include' -I'/Library/Frameworks/R.framework/Versions/4.3/Resources/library/IRanges/include' -I'/Library/Frameworks/R.framework/Versions/4.3/Resources/library/XVector/include' -I/usr/local/include    -fPIC  -Wall -g -O2  -c match_pattern_shiftor.c -o match_pattern_shiftor.o
clang -mmacosx-version-min=10.13 -I"/Library/Frameworks/R.framework/Resources/include" -DNDEBUG  -I'/Library/Frameworks/R.framework/Versions/4.3/Resources/library/S4Vectors/include' -I'/Library/Frameworks/R.framework/Versions/4.3/Resources/library/IRanges/include' -I'/Library/Frameworks/R.framework/Versions/4.3/Resources/library/XVector/include' -I/usr/local/include    -fPIC  -Wall -g -O2  -c match_pdict.c -o match_pdict.o
clang -mmacosx-version-min=10.13 -I"/Library/Frameworks/R.framework/Resources/include" -DNDEBUG  -I'/Library/Frameworks/R.framework/Versions/4.3/Resources/library/S4Vectors/include' -I'/Library/Frameworks/R.framework/Versions/4.3/Resources/library/IRanges/include' -I'/Library/Frameworks/R.framework/Versions/4.3/Resources/library/XVector/include' -I/usr/local/include    -fPIC  -Wall -g -O2  -c match_pdict_ACtree2.c -o match_pdict_ACtree2.o
match_pdict_ACtree2.c:139:13: warning: unused function 'debug_node_counting_functions' [-Wunused-function]
static void debug_node_counting_functions(int maxdepth)
            ^
match_pdict_ACtree2.c:602:21: warning: unused function 'a_nice_max_nodeextbuf_nelt' [-Wunused-function]
static unsigned int a_nice_max_nodeextbuf_nelt(int nnodes)
                    ^
2 warnings generated.
clang -mmacosx-version-min=10.13 -I"/Library/Frameworks/R.framework/Resources/include" -DNDEBUG  -I'/Library/Frameworks/R.framework/Versions/4.3/Resources/library/S4Vectors/include' -I'/Library/Frameworks/R.framework/Versions/4.3/Resources/library/IRanges/include' -I'/Library/Frameworks/R.framework/Versions/4.3/Resources/library/XVector/include' -I/usr/local/include    -fPIC  -Wall -g -O2  -c match_pdict_Twobit.c -o match_pdict_Twobit.o
clang -mmacosx-version-min=10.13 -I"/Library/Frameworks/R.framework/Resources/include" -DNDEBUG  -I'/Library/Frameworks/R.framework/Versions/4.3/Resources/library/S4Vectors/include' -I'/Library/Frameworks/R.framework/Versions/4.3/Resources/library/IRanges/include' -I'/Library/Frameworks/R.framework/Versions/4.3/Resources/library/XVector/include' -I/usr/local/include    -fPIC  -Wall -g -O2  -c match_pdict_utils.c -o match_pdict_utils.o
match_pdict_utils.c:653:49: warning: unused variable 'ncol' [-Wunused-variable]
        int nelt, min_safe_tb_end, max_safe_tb_end, j, ncol;
                                                       ^
match_pdict_utils.c:713:6: warning: unused variable 'nelt' [-Wunused-variable]
        int nelt, nkey0, nkey1, nkey2, i, key;
            ^
match_pdict_utils.c:819:20: warning: unused variable 'ndup' [-Wunused-variable]
        unsigned long int ndup, nloci, NFC; // NFC = Number of Flank Comparisons
                          ^
match_pdict_utils.c:819:26: warning: unused variable 'nloci' [-Wunused-variable]
        unsigned long int ndup, nloci, NFC; // NFC = Number of Flank Comparisons
                                ^
match_pdict_utils.c:819:33: warning: unused variable 'NFC' [-Wunused-variable]
        unsigned long int ndup, nloci, NFC; // NFC = Number of Flank Comparisons
                                       ^
match_pdict_utils.c:820:27: warning: unused variable 'total_NFC' [-Wunused-variable]
        static unsigned long int total_NFC = 0UL, subtotal_NFC = 0UL;
                                 ^
match_pdict_utils.c:820:44: warning: unused variable 'subtotal_NFC' [-Wunused-variable]
        static unsigned long int total_NFC = 0UL, subtotal_NFC = 0UL;
                                                  ^
match_pdict_utils.c:261:13: warning: unused function 'match_headtail_by_loc' [-Wunused-function]
static void match_headtail_by_loc(const HeadTail *headtail,
            ^
8 warnings generated.
clang -mmacosx-version-min=10.13 -I"/Library/Frameworks/R.framework/Resources/include" -DNDEBUG  -I'/Library/Frameworks/R.framework/Versions/4.3/Resources/library/S4Vectors/include' -I'/Library/Frameworks/R.framework/Versions/4.3/Resources/library/IRanges/include' -I'/Library/Frameworks/R.framework/Versions/4.3/Resources/library/XVector/include' -I/usr/local/include    -fPIC  -Wall -g -O2  -c match_reporting.c -o match_reporting.o
clang -mmacosx-version-min=10.13 -I"/Library/Frameworks/R.framework/Resources/include" -DNDEBUG  -I'/Library/Frameworks/R.framework/Versions/4.3/Resources/library/S4Vectors/include' -I'/Library/Frameworks/R.framework/Versions/4.3/Resources/library/IRanges/include' -I'/Library/Frameworks/R.framework/Versions/4.3/Resources/library/XVector/include' -I/usr/local/include    -fPIC  -Wall -g -O2  -c matchprobes.c -o matchprobes.o
clang -mmacosx-version-min=10.13 -I"/Library/Frameworks/R.framework/Resources/include" -DNDEBUG  -I'/Library/Frameworks/R.framework/Versions/4.3/Resources/library/S4Vectors/include' -I'/Library/Frameworks/R.framework/Versions/4.3/Resources/library/IRanges/include' -I'/Library/Frameworks/R.framework/Versions/4.3/Resources/library/XVector/include' -I/usr/local/include    -fPIC  -Wall -g -O2  -c pmatchPattern.c -o pmatchPattern.o
clang -mmacosx-version-min=10.13 -I"/Library/Frameworks/R.framework/Resources/include" -DNDEBUG  -I'/Library/Frameworks/R.framework/Versions/4.3/Resources/library/S4Vectors/include' -I'/Library/Frameworks/R.framework/Versions/4.3/Resources/library/IRanges/include' -I'/Library/Frameworks/R.framework/Versions/4.3/Resources/library/XVector/include' -I/usr/local/include    -fPIC  -Wall -g -O2  -c read_fasta_files.c -o read_fasta_files.o
clang -mmacosx-version-min=10.13 -I"/Library/Frameworks/R.framework/Resources/include" -DNDEBUG  -I'/Library/Frameworks/R.framework/Versions/4.3/Resources/library/S4Vectors/include' -I'/Library/Frameworks/R.framework/Versions/4.3/Resources/library/IRanges/include' -I'/Library/Frameworks/R.framework/Versions/4.3/Resources/library/XVector/include' -I/usr/local/include    -fPIC  -Wall -g -O2  -c read_fastq_files.c -o read_fastq_files.o
clang -mmacosx-version-min=10.13 -I"/Library/Frameworks/R.framework/Resources/include" -DNDEBUG  -I'/Library/Frameworks/R.framework/Versions/4.3/Resources/library/S4Vectors/include' -I'/Library/Frameworks/R.framework/Versions/4.3/Resources/library/IRanges/include' -I'/Library/Frameworks/R.framework/Versions/4.3/Resources/library/XVector/include' -I/usr/local/include    -fPIC  -Wall -g -O2  -c replaceAt.c -o replaceAt.o
clang -mmacosx-version-min=10.13 -I"/Library/Frameworks/R.framework/Resources/include" -DNDEBUG  -I'/Library/Frameworks/R.framework/Versions/4.3/Resources/library/S4Vectors/include' -I'/Library/Frameworks/R.framework/Versions/4.3/Resources/library/IRanges/include' -I'/Library/Frameworks/R.framework/Versions/4.3/Resources/library/XVector/include' -I/usr/local/include    -fPIC  -Wall -g -O2  -c replace_letter_at.c -o replace_letter_at.o
clang -mmacosx-version-min=10.13 -I"/Library/Frameworks/R.framework/Resources/include" -DNDEBUG  -I'/Library/Frameworks/R.framework/Versions/4.3/Resources/library/S4Vectors/include' -I'/Library/Frameworks/R.framework/Versions/4.3/Resources/library/IRanges/include' -I'/Library/Frameworks/R.framework/Versions/4.3/Resources/library/XVector/include' -I/usr/local/include    -fPIC  -Wall -g -O2  -c strutils.c -o strutils.o
clang -mmacosx-version-min=10.13 -I"/Library/Frameworks/R.framework/Resources/include" -DNDEBUG  -I'/Library/Frameworks/R.framework/Versions/4.3/Resources/library/S4Vectors/include' -I'/Library/Frameworks/R.framework/Versions/4.3/Resources/library/IRanges/include' -I'/Library/Frameworks/R.framework/Versions/4.3/Resources/library/XVector/include' -I/usr/local/include    -fPIC  -Wall -g -O2  -c translate.c -o translate.o
clang -mmacosx-version-min=10.13 -I"/Library/Frameworks/R.framework/Resources/include" -DNDEBUG  -I'/Library/Frameworks/R.framework/Versions/4.3/Resources/library/S4Vectors/include' -I'/Library/Frameworks/R.framework/Versions/4.3/Resources/library/IRanges/include' -I'/Library/Frameworks/R.framework/Versions/4.3/Resources/library/XVector/include' -I/usr/local/include    -fPIC  -Wall -g -O2  -c unstrsplit_methods.c -o unstrsplit_methods.o
clang -mmacosx-version-min=10.13 -I"/Library/Frameworks/R.framework/Resources/include" -DNDEBUG  -I'/Library/Frameworks/R.framework/Versions/4.3/Resources/library/S4Vectors/include' -I'/Library/Frameworks/R.framework/Versions/4.3/Resources/library/IRanges/include' -I'/Library/Frameworks/R.framework/Versions/4.3/Resources/library/XVector/include' -I/usr/local/include    -fPIC  -Wall -g -O2  -c utils.c -o utils.o
clang -mmacosx-version-min=10.13 -I"/Library/Frameworks/R.framework/Resources/include" -DNDEBUG  -I'/Library/Frameworks/R.framework/Versions/4.3/Resources/library/S4Vectors/include' -I'/Library/Frameworks/R.framework/Versions/4.3/Resources/library/IRanges/include' -I'/Library/Frameworks/R.framework/Versions/4.3/Resources/library/XVector/include' -I/usr/local/include    -fPIC  -Wall -g -O2  -c xscat.c -o xscat.o
clang -mmacosx-version-min=10.13 -dynamiclib -Wl,-headerpad_max_install_names -undefined dynamic_lookup -single_module -multiply_defined suppress -L/Library/Frameworks/R.framework/Resources/lib -L/usr/local/lib -o Biostrings.so BAB_class.o BitMatrix.o IRanges_stubs.o MIndex_class.o PreprocessedTB_class.o R_init_Biostrings.o RoSeqs_utils.o S4Vectors_stubs.o SparseList_utils.o XStringSetList_class.o XStringSet_class.o XString_class.o XVector_stubs.o align_needwunsQS.o align_pairwiseAlignment.o align_utils.o find_palindromes.o gtestsim.o inject_code.o letter_frequency.o lowlevel_matching.o match_PWM.o match_pattern.o match_pattern_boyermoore.o match_pattern_indels.o match_pattern_shiftor.o match_pdict.o match_pdict_ACtree2.o match_pdict_Twobit.o match_pdict_utils.o match_reporting.o matchprobes.o pmatchPattern.o read_fasta_files.o read_fastq_files.o replaceAt.o replace_letter_at.o strutils.o translate.o unstrsplit_methods.o utils.o xscat.o -F/Library/Frameworks/R.framework/.. -framework R -Wl,-framework -Wl,CoreFoundation
installing to /Library/Frameworks/R.framework/Versions/4.3/Resources/library/00LOCK-Biostrings/00new/Biostrings/libs
** R
** data
** inst
** byte-compile and prepare package for lazy loading
in method for ‘twoWayAlphabetFrequencyByQuality’ with signature ‘"QualityScaledXStringSet"’: no definition for class “QualityScaledXStringSet”
Creating a new generic function for ‘strsplit’ in package ‘Biostrings’
Creating a generic function for ‘ls’ from package ‘base’ in package ‘Biostrings’
Creating a new generic function for ‘pattern’ in package ‘Biostrings’
Creating a new generic function for ‘offset’ in package ‘Biostrings’
** help
*** installing help indices
** building package indices
** installing vignettes
** testing if installed package can be loaded from temporary location
** checking absolute paths in shared objects and dynamic libraries
** testing if installed package can be loaded from final location
** testing if installed package keeps a record of temporary installation path
* DONE (Biostrings)

Tests output

Biostrings.Rcheck/tests/run_unitTests.Rout


R Under development (unstable) (2023-03-16 r83985) -- "Unsuffered Consequences"
Copyright (C) 2023 The R Foundation for Statistical Computing
Platform: x86_64-apple-darwin17.0 (64-bit)

R is free software and comes with ABSOLUTELY NO WARRANTY.
You are welcome to redistribute it under certain conditions.
Type 'license()' or 'licence()' for distribution details.

R is a collaborative project with many contributors.
Type 'contributors()' for more information and
'citation()' on how to cite R or R packages in publications.

Type 'demo()' for some demos, 'help()' for on-line help, or
'help.start()' for an HTML browser interface to help.
Type 'q()' to quit R.

> require("Biostrings") || stop("unable to load Biostrings package")
Loading required package: Biostrings
Loading required package: BiocGenerics

Attaching package: 'BiocGenerics'

The following objects are masked from 'package:stats':

    IQR, mad, sd, var, xtabs

The following objects are masked from 'package:base':

    Filter, Find, Map, Position, Reduce, anyDuplicated, aperm, append,
    as.data.frame, basename, cbind, colnames, dirname, do.call,
    duplicated, eval, evalq, get, grep, grepl, intersect, is.unsorted,
    lapply, mapply, match, mget, order, paste, pmax, pmax.int, pmin,
    pmin.int, rank, rbind, rownames, sapply, setdiff, sort, table,
    tapply, union, unique, unsplit, which.max, which.min

Loading required package: S4Vectors
Loading required package: stats4

Attaching package: 'S4Vectors'

The following objects are masked from 'package:base':

    I, expand.grid, unname

Loading required package: IRanges
Loading required package: XVector
Loading required package: GenomeInfoDb

Attaching package: 'Biostrings'

The following object is masked from 'package:base':

    strsplit

[1] TRUE
> Biostrings:::.test()


RUNIT TEST PROTOCOL -- Fri Mar 17 23:03:26 2023 
*********************************************** 
Number of test functions: 41 
Number of errors: 0 
Number of failures: 0 

 
1 Test Suite : 
Biostrings RUnit Tests - 41 test functions, 0 errors, 0 failures
Number of test functions: 41 
Number of errors: 0 
Number of failures: 0 
Warning messages:
1: In XStringSet("DNA", x, start = start, end = end, width = width,  :
  metadata columns on input DNAStringSet object were dropped
2: In XStringSet("DNA", x, start = start, end = end, width = width,  :
  metadata columns on input DNAStringSet object were dropped
3: In XStringSet("DNA", x, start = start, end = end, width = width,  :
  metadata columns on input DNAStringSet object were dropped
> 
> proc.time()
   user  system elapsed 
 17.258   0.948  23.660 

Example timings

Biostrings.Rcheck/Biostrings-Ex.timings

nameusersystemelapsed
AAString-class0.0060.0010.006
AMINO_ACID_CODE0.0030.0000.004
AlignedXStringSet-class0.1150.0010.138
DNAString-class0.0080.0000.010
GENETIC_CODE0.0180.0040.028
HNF4alpha0.0420.0050.059
IUPAC_CODE_MAP0.2840.0290.389
MIndex-class0.0010.0000.000
MaskedXString-class0.4160.0500.618
MultipleAlignment-class2.6440.0603.569
PDict-class5.8520.1657.794
PairwiseAlignments-class1.1370.0111.525
PairwiseAlignments-io4.1600.1755.576
QualityScaledXStringSet-class0.2740.0090.343
RNAString-class0.0120.0010.017
XString-class0.0140.0010.017
XStringQuality-class0.2760.0030.341
XStringSet-class18.480 0.55523.920
XStringSet-comparison4.5820.1325.819
XStringSet-io11.907 0.85716.061
XStringSetList-class0.4840.0110.608
XStringViews-class0.2270.0140.289
align-utils0.0800.0120.111
chartr0.8090.0341.026
detail0.6840.0981.011
dinucleotideFrequencyTest0.0220.0040.032
findPalindromes64.251 0.25987.822
getSeq0.0890.0060.122
gregexpr20.0010.0000.006
injectHardMask0.0730.0010.096
letter0.0360.0010.044
letterFrequency1.4260.0261.897
longestConsecutive0.0000.0010.000
lowlevel-matching0.6240.0320.851
maskMotif1.5830.0782.171
match-utils0.0380.0000.052
matchLRPatterns0.7060.0170.940
matchPDict-exact420.428 4.151559.422
matchPDict-inexact61.566 0.80480.147
matchPWM3.0410.0173.931
matchPattern 7.929 0.22610.500
matchProbePair1.4310.0291.860
matchprobes0.5210.0090.678
misc0.0320.0000.044
needwunsQS0.0010.0010.000
nucleotideFrequency1.0490.0541.483
padAndClip0.8150.0100.998
pairwiseAlignment1.2410.0071.631
phiX174Phage0.8240.0211.094
pid0.7830.2081.303
replaceAt3.9250.0255.052
replaceLetterAt0.7000.1781.121
reverseComplement1.6130.0352.067
seqinfo-methods0.9100.0131.210
stringDist 9.108 0.04112.681
substitution_matrices1.7180.1742.762
toComplex0.0020.0000.002
translate2.5010.0293.513
trimLRPatterns0.1260.0010.168
xscat2.1650.0232.776
yeastSEQCHR10.0040.0020.011