Back to Multiple platform build/check report for BioC 3.16:   simplified   long
ABCDEFGHIJKLMNOPQR[S]TUVWXYZ

This page was generated on 2023-03-22 11:05:16 -0400 (Wed, 22 Mar 2023).

HostnameOSArch (*)R versionInstalled pkgs
nebbiolo2Linux (Ubuntu 20.04.5 LTS)x86_644.2.3 (2023-03-15) -- "Shortstop Beagle" 4271
palomino4Windows Server 2022 Datacenterx644.2.3 (2023-03-15 ucrt) -- "Shortstop Beagle" 4214
lconwaymacOS 12.5.1 Montereyx86_644.2.3 (2023-03-15) -- "Shortstop Beagle" 4259
Click on any hostname to see more info about the system (e.g. compilers)      (*) as reported by 'uname -p', except on Windows and Mac OS X

CHECK results for scPipe on nebbiolo2


To the developers/maintainers of the scPipe package:
- Please allow up to 24 hours (and sometimes 48 hours) for your latest push to git@git.bioconductor.org:packages/scPipe.git to
reflect on this report. See How and When does the builder pull? When will my changes propagate? for more information.
- Make sure to use the following settings in order to reproduce any error or warning you see on this page.

raw results

Package 1815/2183HostnameOS / ArchINSTALLBUILDCHECKBUILD BIN
scPipe 1.20.6  (landing page)
Shian Su
Snapshot Date: 2023-03-20 14:00:04 -0400 (Mon, 20 Mar 2023)
git_url: https://git.bioconductor.org/packages/scPipe
git_branch: RELEASE_3_16
git_last_commit: defa6ff
git_last_commit_date: 2023-03-06 19:45:39 -0400 (Mon, 06 Mar 2023)
nebbiolo2Linux (Ubuntu 20.04.5 LTS) / x86_64  OK    OK    WARNINGS  UNNEEDED, same version is already published
palomino4Windows Server 2022 Datacenter / x64  OK    OK    OK    OK  UNNEEDED, same version is already published
lconwaymacOS 12.5.1 Monterey / x86_64  OK    OK    OK    OK  UNNEEDED, same version is already published

Summary

Package: scPipe
Version: 1.20.6
Command: /home/biocbuild/bbs-3.16-bioc/R/bin/R CMD check --install=check:scPipe.install-out.txt --library=/home/biocbuild/bbs-3.16-bioc/R/library --timings scPipe_1.20.6.tar.gz
StartedAt: 2023-03-20 23:15:56 -0400 (Mon, 20 Mar 2023)
EndedAt: 2023-03-20 23:22:23 -0400 (Mon, 20 Mar 2023)
EllapsedTime: 387.4 seconds
RetCode: 0
Status:   WARNINGS  
CheckDir: scPipe.Rcheck
Warnings: 2

Command output

##############################################################################
##############################################################################
###
### Running command:
###
###   /home/biocbuild/bbs-3.16-bioc/R/bin/R CMD check --install=check:scPipe.install-out.txt --library=/home/biocbuild/bbs-3.16-bioc/R/library --timings scPipe_1.20.6.tar.gz
###
##############################################################################
##############################################################################


* using log directory ‘/home/biocbuild/bbs-3.16-bioc/meat/scPipe.Rcheck’
* using R version 4.2.3 (2023-03-15)
* using platform: x86_64-pc-linux-gnu (64-bit)
* using session charset: UTF-8
* checking for file ‘scPipe/DESCRIPTION’ ... OK
* checking extension type ... Package
* this is package ‘scPipe’ version ‘1.20.6’
* package encoding: UTF-8
* checking package namespace information ... OK
* checking package dependencies ... OK
* checking if this is a source package ... OK
* checking if there is a namespace ... OK
* checking for hidden files and directories ... OK
* checking for portable file names ... OK
* checking for sufficient/correct file permissions ... OK
* checking whether package ‘scPipe’ can be installed ... OK
* checking package directory ... OK
* checking ‘build’ directory ... OK
* checking DESCRIPTION meta-information ... OK
* checking top-level files ... OK
* checking for left-over files ... OK
* checking index information ... OK
* checking package subdirectories ... WARNING
Invalid citation information in ‘inst/CITATION’:
  Warning message:
  In utils::packageDescription(basename(dir), dirname(dir)) :
    no package 'scPipe' was found
* checking R files for non-ASCII characters ... OK
* checking R files for syntax errors ... OK
* checking whether the package can be loaded ... OK
* checking whether the package can be loaded with stated dependencies ... OK
* checking whether the package can be unloaded cleanly ... OK
* checking whether the namespace can be loaded with stated dependencies ... OK
* checking whether the namespace can be unloaded cleanly ... OK
* checking loading without being on the library search path ... WARNING
Error in library(scPipe, lib.loc = "/home/biocbuild/bbs-3.16-bioc/R/library") : 
  there is no package called ‘scPipe’
Execution halted

It looks like this package has a loading problem when not on .libPaths:
see the messages for details.
* checking dependencies in R code ... NOTE
Namespace in Imports field not imported from: ‘flexmix’
  All declared Imports should be used.
* checking S3 generic/method consistency ... OK
* checking replacement functions ... OK
* checking foreign function calls ... OK
* checking R code for possible problems ... NOTE
sc_atac_feature_counting: warning in sc_atac_create_sce(input_folder =
  output_folder, organism = organism, sample = sample_name,
  feature_type = feature_type, pheno_data = pheno_data, report =
  create_report): partial argument match of 'sample' to 'sample_name'
sc_aligning: no visible binding for global variable ‘Var1’
sc_aligning: no visible binding for global variable ‘Freq’
sc_atac_bam_tagging: no visible binding for global variable ‘.N’
sc_atac_bam_tagging: no visible binding for global variable ‘count’
sc_atac_bam_tagging: no visible binding for global variable ‘.SD’
sc_atac_create_cell_qc_metrics: no visible binding for global variable
  ‘seqnames’
sc_atac_create_cell_qc_metrics: no visible binding for global variable
  ‘start’
sc_atac_create_cell_qc_metrics: no visible binding for global variable
  ‘end’
sc_atac_create_cell_qc_metrics: no visible binding for global variable
  ‘barcode’
sc_atac_create_cell_qc_metrics: no visible binding for global variable
  ‘count’
sc_atac_create_sce: no visible binding for global variable
  ‘output_folder’
sc_atac_feature_counting: no visible binding for global variable
  ‘start’
sc_atac_feature_counting: no visible binding for global variable ‘end’
sc_atac_feature_counting: no visible global function definition for
  ‘makeGRangesFromDataFrame’
sc_atac_feature_counting: no visible global function definition for
  ‘write.csv’
sc_atac_plot_cells_per_feature: no visible binding for global variable
  ‘log_cells_per_feature’
sc_atac_plot_cells_per_feature: no visible binding for global variable
  ‘..count..’
sc_atac_plot_features_per_cell: no visible binding for global variable
  ‘log_features_per_cell’
sc_atac_plot_features_per_cell: no visible binding for global variable
  ‘..count..’
sc_atac_plot_fragments_cells_per_feature: no visible binding for global
  variable ‘log_counts_per_feature’
sc_atac_plot_fragments_cells_per_feature: no visible binding for global
  variable ‘log_cells_per_feature’
sc_atac_plot_fragments_features_per_cell: no visible binding for global
  variable ‘log_counts_per_cell’
sc_atac_plot_fragments_features_per_cell: no visible binding for global
  variable ‘log_features_per_cell’
sc_atac_plot_fragments_per_cell: no visible binding for global variable
  ‘log_counts_per_cell’
sc_atac_plot_fragments_per_cell: no visible binding for global variable
  ‘..count..’
sc_atac_plot_fragments_per_feature: no visible binding for global
  variable ‘log_counts_per_feature’
sc_atac_plot_fragments_per_feature: no visible binding for global
  variable ‘..count..’
sc_get_umap_data: no visible global function definition for ‘irlba’
sc_get_umap_data: no visible binding for global variable ‘value’
sc_get_umap_data: no visible binding for global variable ‘cluster’
sc_interactive_umap_plot : server: no visible binding for global
  variable ‘UMAP1’
sc_interactive_umap_plot : server: no visible binding for global
  variable ‘UMAP2’
sc_interactive_umap_plot : server: no visible binding for global
  variable ‘barcode’
sc_mae_plot_umap : <anonymous>: no visible global function definition
  for ‘irlba’
sc_mae_plot_umap : <anonymous>: no visible binding for global variable
  ‘value’
sc_mae_plot_umap : <anonymous>: no visible binding for global variable
  ‘cluster’
sc_mae_plot_umap : <anonymous>: no visible global function definition
  for ‘experiments’
sc_mae_plot_umap: no visible binding for global variable ‘UMAP1’
sc_mae_plot_umap: no visible binding for global variable ‘UMAP2’
Undefined global functions or variables:
  ..count.. .N .SD Freq UMAP1 UMAP2 Var1 barcode cluster count end
  experiments irlba log_cells_per_feature log_counts_per_cell
  log_counts_per_feature log_features_per_cell makeGRangesFromDataFrame
  output_folder seqnames start value write.csv
Consider adding
  importFrom("stats", "end", "start")
  importFrom("utils", "write.csv")
to your NAMESPACE file.
* checking Rd files ... OK
* checking Rd metadata ... OK
* checking Rd cross-references ... OK
* checking for missing documentation entries ... OK
* checking for code/documentation mismatches ... OK
* checking Rd \usage sections ... OK
* checking Rd contents ... OK
* checking for unstated dependencies in examples ... OK
* checking contents of ‘data’ directory ... OK
* checking data for non-ASCII characters ... OK
* checking data for ASCII and uncompressed saves ... OK
* checking line endings in C/C++/Fortran sources/headers ... OK
* checking line endings in Makefiles ... OK
* checking compilation flags in Makevars ... OK
* checking for GNU extensions in Makefiles ... NOTE
GNU make is a SystemRequirements.
* checking for portable use of $(BLAS_LIBS) and $(LAPACK_LIBS) ... OK
* checking use of PKG_*FLAGS in Makefiles ... OK
* checking compiled code ... OK
* checking files in ‘vignettes’ ... OK
* checking examples ... SKIPPED
* checking for unstated dependencies in ‘tests’ ... OK
* checking tests ...
  Running ‘testthat.R’
 OK
* checking for unstated dependencies in vignettes ... OK
* checking package vignettes in ‘inst/doc’ ... OK
* checking running R code from vignettes ...
  ‘scPipe_atac_tutorial.Rmd’ using ‘UTF-8’... OK
  ‘scPipe_tutorial.Rmd’ using ‘UTF-8’... OK
 NONE
* checking re-building of vignette outputs ... OK
* checking PDF version of manual ... OK
* DONE

Status: 2 WARNINGs, 3 NOTEs
See
  ‘/home/biocbuild/bbs-3.16-bioc/meat/scPipe.Rcheck/00check.log’
for details.



Installation output

scPipe.Rcheck/00install.out

##############################################################################
##############################################################################
###
### Running command:
###
###   /home/biocbuild/bbs-3.16-bioc/R/bin/R CMD INSTALL scPipe
###
##############################################################################
##############################################################################


* installing to library ‘/home/biocbuild/bbs-3.16-bioc/R/site-library’
* installing *source* package ‘scPipe’ ...
** using staged installation
** libs
g++ -std=gnu++11 -I"/home/biocbuild/bbs-3.16-bioc/R/include" -DNDEBUG -D_FILE_OFFSET_BITS=64 -I'/home/biocbuild/bbs-3.16-bioc/R/site-library/Rcpp/include' -I'/home/biocbuild/bbs-3.16-bioc/R/site-library/Rhtslib/include' -I'/home/biocbuild/bbs-3.16-bioc/R/site-library/zlibbioc/include' -I'/home/biocbuild/bbs-3.16-bioc/R/site-library/testthat/include' -I/usr/local/include   -fpic  -g -O2  -Wall -c FragmentThread.cpp -o FragmentThread.o
g++ -std=gnu++11 -I"/home/biocbuild/bbs-3.16-bioc/R/include" -DNDEBUG -D_FILE_OFFSET_BITS=64 -I'/home/biocbuild/bbs-3.16-bioc/R/site-library/Rcpp/include' -I'/home/biocbuild/bbs-3.16-bioc/R/site-library/Rhtslib/include' -I'/home/biocbuild/bbs-3.16-bioc/R/site-library/zlibbioc/include' -I'/home/biocbuild/bbs-3.16-bioc/R/site-library/testthat/include' -I/usr/local/include   -fpic  -g -O2  -Wall -c FragmentUtils.cpp -o FragmentUtils.o
g++ -std=gnu++11 -I"/home/biocbuild/bbs-3.16-bioc/R/include" -DNDEBUG -D_FILE_OFFSET_BITS=64 -I'/home/biocbuild/bbs-3.16-bioc/R/site-library/Rcpp/include' -I'/home/biocbuild/bbs-3.16-bioc/R/site-library/Rhtslib/include' -I'/home/biocbuild/bbs-3.16-bioc/R/site-library/zlibbioc/include' -I'/home/biocbuild/bbs-3.16-bioc/R/site-library/testthat/include' -I/usr/local/include   -fpic  -g -O2  -Wall -c Gene.cpp -o Gene.o
g++ -std=gnu++11 -I"/home/biocbuild/bbs-3.16-bioc/R/include" -DNDEBUG -D_FILE_OFFSET_BITS=64 -I'/home/biocbuild/bbs-3.16-bioc/R/site-library/Rcpp/include' -I'/home/biocbuild/bbs-3.16-bioc/R/site-library/Rhtslib/include' -I'/home/biocbuild/bbs-3.16-bioc/R/site-library/zlibbioc/include' -I'/home/biocbuild/bbs-3.16-bioc/R/site-library/testthat/include' -I/usr/local/include   -fpic  -g -O2  -Wall -c Interval.cpp -o Interval.o
g++ -std=gnu++11 -I"/home/biocbuild/bbs-3.16-bioc/R/include" -DNDEBUG -D_FILE_OFFSET_BITS=64 -I'/home/biocbuild/bbs-3.16-bioc/R/site-library/Rcpp/include' -I'/home/biocbuild/bbs-3.16-bioc/R/site-library/Rhtslib/include' -I'/home/biocbuild/bbs-3.16-bioc/R/site-library/zlibbioc/include' -I'/home/biocbuild/bbs-3.16-bioc/R/site-library/testthat/include' -I/usr/local/include   -fpic  -g -O2  -Wall -c RcppExports.cpp -o RcppExports.o
g++ -std=gnu++11 -I"/home/biocbuild/bbs-3.16-bioc/R/include" -DNDEBUG -D_FILE_OFFSET_BITS=64 -I'/home/biocbuild/bbs-3.16-bioc/R/site-library/Rcpp/include' -I'/home/biocbuild/bbs-3.16-bioc/R/site-library/Rhtslib/include' -I'/home/biocbuild/bbs-3.16-bioc/R/site-library/zlibbioc/include' -I'/home/biocbuild/bbs-3.16-bioc/R/site-library/testthat/include' -I/usr/local/include   -fpic  -g -O2  -Wall -c ResizeArray.cpp -o ResizeArray.o
g++ -std=gnu++11 -I"/home/biocbuild/bbs-3.16-bioc/R/include" -DNDEBUG -D_FILE_OFFSET_BITS=64 -I'/home/biocbuild/bbs-3.16-bioc/R/site-library/Rcpp/include' -I'/home/biocbuild/bbs-3.16-bioc/R/site-library/Rhtslib/include' -I'/home/biocbuild/bbs-3.16-bioc/R/site-library/zlibbioc/include' -I'/home/biocbuild/bbs-3.16-bioc/R/site-library/testthat/include' -I/usr/local/include   -fpic  -g -O2  -Wall -c ThreadOutputFile.cpp -o ThreadOutputFile.o
g++ -std=gnu++11 -I"/home/biocbuild/bbs-3.16-bioc/R/include" -DNDEBUG -D_FILE_OFFSET_BITS=64 -I'/home/biocbuild/bbs-3.16-bioc/R/site-library/Rcpp/include' -I'/home/biocbuild/bbs-3.16-bioc/R/site-library/Rhtslib/include' -I'/home/biocbuild/bbs-3.16-bioc/R/site-library/zlibbioc/include' -I'/home/biocbuild/bbs-3.16-bioc/R/site-library/testthat/include' -I/usr/local/include   -fpic  -g -O2  -Wall -c Trie.cpp -o Trie.o
Trie.cpp: In member function ‘void Trie::SeqMismatchAux(std::vector<MismatchResult>&, const string&, trie_node*, int, int, int) const’:
Trie.cpp:265:21: warning: comparison of integer expressions of different signedness: ‘int’ and ‘std::vector<trie_node*>::size_type’ {aka ‘long unsigned int’} [-Wsign-compare]
  265 |   for (int i = 0; i < valid_nodes.size(); i++) {
      |                   ~~^~~~~~~~~~~~~~~~~~~~
Trie.cpp:274:22: warning: comparison of integer expressions of different signedness: ‘int’ and ‘std::vector<trie_node*>::size_type’ {aka ‘long unsigned int’} [-Wsign-compare]
  274 |    for (int i = 0; i < valid_nodes.size(); i++) {
      |                    ~~^~~~~~~~~~~~~~~~~~~~
gcc -I"/home/biocbuild/bbs-3.16-bioc/R/include" -DNDEBUG -D_FILE_OFFSET_BITS=64 -I'/home/biocbuild/bbs-3.16-bioc/R/site-library/Rcpp/include' -I'/home/biocbuild/bbs-3.16-bioc/R/site-library/Rhtslib/include' -I'/home/biocbuild/bbs-3.16-bioc/R/site-library/zlibbioc/include' -I'/home/biocbuild/bbs-3.16-bioc/R/site-library/testthat/include' -I/usr/local/include   -fpic  -g -O2  -Wall -c bam.c -o bam.o
g++ -std=gnu++11 -I"/home/biocbuild/bbs-3.16-bioc/R/include" -DNDEBUG -D_FILE_OFFSET_BITS=64 -I'/home/biocbuild/bbs-3.16-bioc/R/site-library/Rcpp/include' -I'/home/biocbuild/bbs-3.16-bioc/R/site-library/Rhtslib/include' -I'/home/biocbuild/bbs-3.16-bioc/R/site-library/zlibbioc/include' -I'/home/biocbuild/bbs-3.16-bioc/R/site-library/testthat/include' -I/usr/local/include   -fpic  -g -O2  -Wall -c cellbarcode.cpp -o cellbarcode.o
g++ -std=gnu++11 -I"/home/biocbuild/bbs-3.16-bioc/R/include" -DNDEBUG -D_FILE_OFFSET_BITS=64 -I'/home/biocbuild/bbs-3.16-bioc/R/site-library/Rcpp/include' -I'/home/biocbuild/bbs-3.16-bioc/R/site-library/Rhtslib/include' -I'/home/biocbuild/bbs-3.16-bioc/R/site-library/zlibbioc/include' -I'/home/biocbuild/bbs-3.16-bioc/R/site-library/testthat/include' -I/usr/local/include   -fpic  -g -O2  -Wall -c check_barcode_reads.cpp -o check_barcode_reads.o
g++ -std=gnu++11 -I"/home/biocbuild/bbs-3.16-bioc/R/include" -DNDEBUG -D_FILE_OFFSET_BITS=64 -I'/home/biocbuild/bbs-3.16-bioc/R/site-library/Rcpp/include' -I'/home/biocbuild/bbs-3.16-bioc/R/site-library/Rhtslib/include' -I'/home/biocbuild/bbs-3.16-bioc/R/site-library/zlibbioc/include' -I'/home/biocbuild/bbs-3.16-bioc/R/site-library/testthat/include' -I/usr/local/include   -fpic  -g -O2  -Wall -c detect_barcode.cpp -o detect_barcode.o
g++ -std=gnu++11 -I"/home/biocbuild/bbs-3.16-bioc/R/include" -DNDEBUG -D_FILE_OFFSET_BITS=64 -I'/home/biocbuild/bbs-3.16-bioc/R/site-library/Rcpp/include' -I'/home/biocbuild/bbs-3.16-bioc/R/site-library/Rhtslib/include' -I'/home/biocbuild/bbs-3.16-bioc/R/site-library/zlibbioc/include' -I'/home/biocbuild/bbs-3.16-bioc/R/site-library/testthat/include' -I/usr/local/include   -fpic  -g -O2  -Wall -c parsebam.cpp -o parsebam.o
g++ -std=gnu++11 -I"/home/biocbuild/bbs-3.16-bioc/R/include" -DNDEBUG -D_FILE_OFFSET_BITS=64 -I'/home/biocbuild/bbs-3.16-bioc/R/site-library/Rcpp/include' -I'/home/biocbuild/bbs-3.16-bioc/R/site-library/Rhtslib/include' -I'/home/biocbuild/bbs-3.16-bioc/R/site-library/zlibbioc/include' -I'/home/biocbuild/bbs-3.16-bioc/R/site-library/testthat/include' -I/usr/local/include   -fpic  -g -O2  -Wall -c parsecount.cpp -o parsecount.o
g++ -std=gnu++11 -I"/home/biocbuild/bbs-3.16-bioc/R/include" -DNDEBUG -D_FILE_OFFSET_BITS=64 -I'/home/biocbuild/bbs-3.16-bioc/R/site-library/Rcpp/include' -I'/home/biocbuild/bbs-3.16-bioc/R/site-library/Rhtslib/include' -I'/home/biocbuild/bbs-3.16-bioc/R/site-library/zlibbioc/include' -I'/home/biocbuild/bbs-3.16-bioc/R/site-library/testthat/include' -I/usr/local/include   -fpic  -g -O2  -Wall -c qc_per_bc_file_helper.cpp -o qc_per_bc_file_helper.o
g++ -std=gnu++11 -I"/home/biocbuild/bbs-3.16-bioc/R/include" -DNDEBUG -D_FILE_OFFSET_BITS=64 -I'/home/biocbuild/bbs-3.16-bioc/R/site-library/Rcpp/include' -I'/home/biocbuild/bbs-3.16-bioc/R/site-library/Rhtslib/include' -I'/home/biocbuild/bbs-3.16-bioc/R/site-library/zlibbioc/include' -I'/home/biocbuild/bbs-3.16-bioc/R/site-library/testthat/include' -I/usr/local/include   -fpic  -g -O2  -Wall -c rcpp_scPipe_func.cpp -o rcpp_scPipe_func.o
g++ -std=gnu++11 -I"/home/biocbuild/bbs-3.16-bioc/R/include" -DNDEBUG -D_FILE_OFFSET_BITS=64 -I'/home/biocbuild/bbs-3.16-bioc/R/site-library/Rcpp/include' -I'/home/biocbuild/bbs-3.16-bioc/R/site-library/Rhtslib/include' -I'/home/biocbuild/bbs-3.16-bioc/R/site-library/zlibbioc/include' -I'/home/biocbuild/bbs-3.16-bioc/R/site-library/testthat/include' -I/usr/local/include   -fpic  -g -O2  -Wall -c sc_atac_create_fragments.cpp -o sc_atac_create_fragments.o
g++ -std=gnu++11 -I"/home/biocbuild/bbs-3.16-bioc/R/include" -DNDEBUG -D_FILE_OFFSET_BITS=64 -I'/home/biocbuild/bbs-3.16-bioc/R/site-library/Rcpp/include' -I'/home/biocbuild/bbs-3.16-bioc/R/site-library/Rhtslib/include' -I'/home/biocbuild/bbs-3.16-bioc/R/site-library/zlibbioc/include' -I'/home/biocbuild/bbs-3.16-bioc/R/site-library/testthat/include' -I/usr/local/include   -fpic  -g -O2  -Wall -c test-cpp.cpp -o test-cpp.o
g++ -std=gnu++11 -I"/home/biocbuild/bbs-3.16-bioc/R/include" -DNDEBUG -D_FILE_OFFSET_BITS=64 -I'/home/biocbuild/bbs-3.16-bioc/R/site-library/Rcpp/include' -I'/home/biocbuild/bbs-3.16-bioc/R/site-library/Rhtslib/include' -I'/home/biocbuild/bbs-3.16-bioc/R/site-library/zlibbioc/include' -I'/home/biocbuild/bbs-3.16-bioc/R/site-library/testthat/include' -I/usr/local/include   -fpic  -g -O2  -Wall -c test-example.cpp -o test-example.o
g++ -std=gnu++11 -I"/home/biocbuild/bbs-3.16-bioc/R/include" -DNDEBUG -D_FILE_OFFSET_BITS=64 -I'/home/biocbuild/bbs-3.16-bioc/R/site-library/Rcpp/include' -I'/home/biocbuild/bbs-3.16-bioc/R/site-library/Rhtslib/include' -I'/home/biocbuild/bbs-3.16-bioc/R/site-library/zlibbioc/include' -I'/home/biocbuild/bbs-3.16-bioc/R/site-library/testthat/include' -I/usr/local/include   -fpic  -g -O2  -Wall -c test-fragmentThread.cpp -o test-fragmentThread.o
g++ -std=gnu++11 -I"/home/biocbuild/bbs-3.16-bioc/R/include" -DNDEBUG -D_FILE_OFFSET_BITS=64 -I'/home/biocbuild/bbs-3.16-bioc/R/site-library/Rcpp/include' -I'/home/biocbuild/bbs-3.16-bioc/R/site-library/Rhtslib/include' -I'/home/biocbuild/bbs-3.16-bioc/R/site-library/zlibbioc/include' -I'/home/biocbuild/bbs-3.16-bioc/R/site-library/testthat/include' -I/usr/local/include   -fpic  -g -O2  -Wall -c test-resizearray.cpp -o test-resizearray.o
g++ -std=gnu++11 -I"/home/biocbuild/bbs-3.16-bioc/R/include" -DNDEBUG -D_FILE_OFFSET_BITS=64 -I'/home/biocbuild/bbs-3.16-bioc/R/site-library/Rcpp/include' -I'/home/biocbuild/bbs-3.16-bioc/R/site-library/Rhtslib/include' -I'/home/biocbuild/bbs-3.16-bioc/R/site-library/zlibbioc/include' -I'/home/biocbuild/bbs-3.16-bioc/R/site-library/testthat/include' -I/usr/local/include   -fpic  -g -O2  -Wall -c test-runner.cpp -o test-runner.o
g++ -std=gnu++11 -I"/home/biocbuild/bbs-3.16-bioc/R/include" -DNDEBUG -D_FILE_OFFSET_BITS=64 -I'/home/biocbuild/bbs-3.16-bioc/R/site-library/Rcpp/include' -I'/home/biocbuild/bbs-3.16-bioc/R/site-library/Rhtslib/include' -I'/home/biocbuild/bbs-3.16-bioc/R/site-library/zlibbioc/include' -I'/home/biocbuild/bbs-3.16-bioc/R/site-library/testthat/include' -I/usr/local/include   -fpic  -g -O2  -Wall -c test-trie_matching.cpp -o test-trie_matching.o
g++ -std=gnu++11 -I"/home/biocbuild/bbs-3.16-bioc/R/include" -DNDEBUG -D_FILE_OFFSET_BITS=64 -I'/home/biocbuild/bbs-3.16-bioc/R/site-library/Rcpp/include' -I'/home/biocbuild/bbs-3.16-bioc/R/site-library/Rhtslib/include' -I'/home/biocbuild/bbs-3.16-bioc/R/site-library/zlibbioc/include' -I'/home/biocbuild/bbs-3.16-bioc/R/site-library/testthat/include' -I/usr/local/include   -fpic  -g -O2  -Wall -c transcriptmapping.cpp -o transcriptmapping.o
g++ -std=gnu++11 -I"/home/biocbuild/bbs-3.16-bioc/R/include" -DNDEBUG -D_FILE_OFFSET_BITS=64 -I'/home/biocbuild/bbs-3.16-bioc/R/site-library/Rcpp/include' -I'/home/biocbuild/bbs-3.16-bioc/R/site-library/Rhtslib/include' -I'/home/biocbuild/bbs-3.16-bioc/R/site-library/zlibbioc/include' -I'/home/biocbuild/bbs-3.16-bioc/R/site-library/testthat/include' -I/usr/local/include   -fpic  -g -O2  -Wall -c trimbarcode.cpp -o trimbarcode.o
trimbarcode.cpp: In function ‘void paired_fastq_to_fastq(char*, char*, char*, read_s, filter_s, bool)’:
trimbarcode.cpp:613:24: warning: ‘o_stream_gz’ may be used uninitialized in this function [-Wmaybe-uninitialized]
  613 |             fq_gz_write(o_stream_gz, seq1, bc1_end); // write to gzipped fastq file
      |             ~~~~~~~~~~~^~~~~~~~~~~~~~~~~~~~~~~~~~~~
trimbarcode.cpp: In function ‘std::vector<int> sc_atac_paired_fastq_to_csv(char*, char*, char*, char*, char*, int, int, char*, bool, bool, bool, int, int, int, int, int, int)’:
trimbarcode.cpp:1349:68: warning: ‘bc1_end’ may be used uninitialized in this function [-Wmaybe-uninitialized]
 1349 |         memmove(seq1->seq.s, seq1->seq.s + bc1_end, seq1->name.l - bc1_end);
      |                                                                    ^~~~~~~
trimbarcode.cpp:1118:13: warning: ‘seq3’ may be used uninitialized in this function [-Wmaybe-uninitialized]
 1118 |     kseq_t *seq3;
      |             ^~~~
trimbarcode.cpp:1500:16: warning: ‘fq3’ may be used uninitialized in this function [-Wmaybe-uninitialized]
 1500 |         gzclose(fq3);
      |         ~~~~~~~^~~~~
trimbarcode.cpp: In function ‘std::vector<int> sc_atac_paired_fastq_to_fastq(const char*, std::vector<std::__cxx11::basic_string<char> >, const char*, const char*, const char*, bool, bool, bool, int, int, bool)’:
trimbarcode.cpp:751:13: warning: ‘seq3’ may be used uninitialized in this function [-Wmaybe-uninitialized]
  751 |     kseq_t *seq3;
      |             ^~~~
trimbarcode.cpp:983:16: warning: ‘fq3’ may be used uninitialized in this function [-Wmaybe-uninitialized]
  983 |         gzclose(fq3);
      |         ~~~~~~~^~~~~
g++ -std=gnu++11 -I"/home/biocbuild/bbs-3.16-bioc/R/include" -DNDEBUG -D_FILE_OFFSET_BITS=64 -I'/home/biocbuild/bbs-3.16-bioc/R/site-library/Rcpp/include' -I'/home/biocbuild/bbs-3.16-bioc/R/site-library/Rhtslib/include' -I'/home/biocbuild/bbs-3.16-bioc/R/site-library/zlibbioc/include' -I'/home/biocbuild/bbs-3.16-bioc/R/site-library/testthat/include' -I/usr/local/include   -fpic  -g -O2  -Wall -c tsscreatebins.cpp -o tsscreatebins.o
g++ -std=gnu++11 -I"/home/biocbuild/bbs-3.16-bioc/R/include" -DNDEBUG -D_FILE_OFFSET_BITS=64 -I'/home/biocbuild/bbs-3.16-bioc/R/site-library/Rcpp/include' -I'/home/biocbuild/bbs-3.16-bioc/R/site-library/Rhtslib/include' -I'/home/biocbuild/bbs-3.16-bioc/R/site-library/zlibbioc/include' -I'/home/biocbuild/bbs-3.16-bioc/R/site-library/testthat/include' -I/usr/local/include   -fpic  -g -O2  -Wall -c utils.cpp -o utils.o
g++ -std=gnu++11 -shared -L/home/biocbuild/bbs-3.16-bioc/R/lib -L/usr/local/lib -o scPipe.so FragmentThread.o FragmentUtils.o Gene.o Interval.o RcppExports.o ResizeArray.o ThreadOutputFile.o Trie.o bam.o cellbarcode.o check_barcode_reads.o detect_barcode.o parsebam.o parsecount.o qc_per_bc_file_helper.o rcpp_scPipe_func.o sc_atac_create_fragments.o test-cpp.o test-example.o test-fragmentThread.o test-resizearray.o test-runner.o test-trie_matching.o transcriptmapping.o trimbarcode.o tsscreatebins.o utils.o /home/biocbuild/bbs-3.16-bioc/R/site-library/Rhtslib/usrlib/libhts.a -lcurl -L/home/biocbuild/bbs-3.16-bioc/R/lib -lR
installing to /home/biocbuild/bbs-3.16-bioc/R/site-library/00LOCK-scPipe/00new/scPipe/libs
** R
** data
** inst
** byte-compile and prepare package for lazy loading
** help
*** installing help indices
** building package indices
** installing vignettes
** testing if installed package can be loaded from temporary location
** checking absolute paths in shared objects and dynamic libraries
** testing if installed package can be loaded from final location
** testing if installed package keeps a record of temporary installation path
* DONE (scPipe)

Tests output

scPipe.Rcheck/tests/testthat.Rout


R version 4.2.3 (2023-03-15) -- "Shortstop Beagle"
Copyright (C) 2023 The R Foundation for Statistical Computing
Platform: x86_64-pc-linux-gnu (64-bit)

R is free software and comes with ABSOLUTELY NO WARRANTY.
You are welcome to redistribute it under certain conditions.
Type 'license()' or 'licence()' for distribution details.

R is a collaborative project with many contributors.
Type 'contributors()' for more information and
'citation()' on how to cite R or R packages in publications.

Type 'demo()' for some demos, 'help()' for on-line help, or
'help.start()' for an HTML browser interface to help.
Type 'q()' to quit R.

> library(testthat)
> library(scPipe)
Loading required package: SingleCellExperiment
Loading required package: SummarizedExperiment
Loading required package: MatrixGenerics
Loading required package: matrixStats

Attaching package: 'MatrixGenerics'

The following objects are masked from 'package:matrixStats':

    colAlls, colAnyNAs, colAnys, colAvgsPerRowSet, colCollapse,
    colCounts, colCummaxs, colCummins, colCumprods, colCumsums,
    colDiffs, colIQRDiffs, colIQRs, colLogSumExps, colMadDiffs,
    colMads, colMaxs, colMeans2, colMedians, colMins, colOrderStats,
    colProds, colQuantiles, colRanges, colRanks, colSdDiffs, colSds,
    colSums2, colTabulates, colVarDiffs, colVars, colWeightedMads,
    colWeightedMeans, colWeightedMedians, colWeightedSds,
    colWeightedVars, rowAlls, rowAnyNAs, rowAnys, rowAvgsPerColSet,
    rowCollapse, rowCounts, rowCummaxs, rowCummins, rowCumprods,
    rowCumsums, rowDiffs, rowIQRDiffs, rowIQRs, rowLogSumExps,
    rowMadDiffs, rowMads, rowMaxs, rowMeans2, rowMedians, rowMins,
    rowOrderStats, rowProds, rowQuantiles, rowRanges, rowRanks,
    rowSdDiffs, rowSds, rowSums2, rowTabulates, rowVarDiffs, rowVars,
    rowWeightedMads, rowWeightedMeans, rowWeightedMedians,
    rowWeightedSds, rowWeightedVars

Loading required package: GenomicRanges
Loading required package: stats4
Loading required package: BiocGenerics

Attaching package: 'BiocGenerics'

The following objects are masked from 'package:stats':

    IQR, mad, sd, var, xtabs

The following objects are masked from 'package:base':

    Filter, Find, Map, Position, Reduce, anyDuplicated, aperm, append,
    as.data.frame, basename, cbind, colnames, dirname, do.call,
    duplicated, eval, evalq, get, grep, grepl, intersect, is.unsorted,
    lapply, mapply, match, mget, order, paste, pmax, pmax.int, pmin,
    pmin.int, rank, rbind, rownames, sapply, setdiff, sort, table,
    tapply, union, unique, unsplit, which.max, which.min

Loading required package: S4Vectors

Attaching package: 'S4Vectors'

The following objects are masked from 'package:base':

    I, expand.grid, unname

Loading required package: IRanges
Loading required package: GenomeInfoDb
Loading required package: Biobase
Welcome to Bioconductor

    Vignettes contain introductory material; view with
    'browseVignettes()'. To cite Bioconductor, see
    'citation("Biobase")', and for packages 'citation("pkgname")'.


Attaching package: 'Biobase'

The following object is masked from 'package:MatrixGenerics':

    rowMedians

The following objects are masked from 'package:matrixStats':

    anyMissing, rowMedians



Linux/MacOS detected! 

Checking if samtools is installed ... 

samtools was not located. Please specify the path of it when running sc_atac_remove_duplicates()
> 
> test_check("scPipe")
Successful; continuing with program.
Invalid barcode start index given, with only 0 percent of reads containing a barcode match. However, a better barcode start location is 0 , where 55 percent of barcodes were found.
Unsuccessful. No location was found with a high number of barcode matches. Did both smallbarcode1col.csv and /home/biocbuild/bbs-3.16-bioc/R/site-library/scPipe/extdata/simu_R1.fastq.gz come from the same provider?
[ FAIL 0 | WARN 0 | SKIP 0 | PASS 110 ]
> 
> proc.time()
   user  system elapsed 
 16.433   0.885  17.306 

Example timings