Back to Multiple platform build/check report for BioC 3.16: simplified long |
|
This page was generated on 2023-03-20 11:05:42 -0400 (Mon, 20 Mar 2023).
Hostname | OS | Arch (*) | R version | Installed pkgs |
---|---|---|---|---|
nebbiolo2 | Linux (Ubuntu 20.04.5 LTS) | x86_64 | 4.2.2 (2022-10-31) -- "Innocent and Trusting" | 4516 |
palomino4 | Windows Server 2022 Datacenter | x64 | 4.2.2 (2022-10-31 ucrt) -- "Innocent and Trusting" | 4295 |
lconway | macOS 12.5.1 Monterey | x86_64 | 4.2.2 (2022-10-31) -- "Innocent and Trusting" | 4324 |
Click on any hostname to see more info about the system (e.g. compilers) (*) as reported by 'uname -p', except on Windows and Mac OS X |
To the developers/maintainers of the proFIA package: - Please allow up to 24 hours (and sometimes 48 hours) for your latest push to git@git.bioconductor.org:packages/proFIA.git to reflect on this report. See How and When does the builder pull? When will my changes propagate? for more information. - Make sure to use the following settings in order to reproduce any error or warning you see on this page. |
Package 1527/2183 | Hostname | OS / Arch | INSTALL | BUILD | CHECK | BUILD BIN | ||||||||
proFIA 1.24.0 (landing page) Alexis Delabriere
| nebbiolo2 | Linux (Ubuntu 20.04.5 LTS) / x86_64 | OK | ERROR | skipped | |||||||||
palomino4 | Windows Server 2022 Datacenter / x64 | OK | ERROR | skipped | skipped | |||||||||
lconway | macOS 12.5.1 Monterey / x86_64 | OK | ERROR | skipped | skipped | |||||||||
Package: proFIA |
Version: 1.24.0 |
Command: chmod a+r proFIA -R && F:\biocbuild\bbs-3.16-bioc\R\bin\R.exe CMD build --keep-empty-dirs --no-resave-data proFIA |
StartedAt: 2023-03-17 20:49:29 -0400 (Fri, 17 Mar 2023) |
EndedAt: 2023-03-17 20:51:49 -0400 (Fri, 17 Mar 2023) |
EllapsedTime: 139.9 seconds |
RetCode: 1 |
Status: ERROR |
PackageFile: None |
PackageFileSize: NA |
############################################################################## ############################################################################## ### ### Running command: ### ### chmod a+r proFIA -R && F:\biocbuild\bbs-3.16-bioc\R\bin\R.exe CMD build --keep-empty-dirs --no-resave-data proFIA ### ############################################################################## ############################################################################## * checking for file 'proFIA/DESCRIPTION' ... OK * preparing 'proFIA': * checking DESCRIPTION meta-information ... OK * cleaning src * installing the package to build vignettes * creating vignettes ... ERROR --- re-building 'proFIA-vignette.Rmd' using rmarkdown Quitting from lines 214-215 (proFIA-vignette.Rmd) Error: processing vignette 'proFIA-vignette.Rmd' failed with diagnostics: unused argument (plotL = FALSE) --- failed re-building 'proFIA-vignette.Rmd' SUMMARY: processing the following file failed: 'proFIA-vignette.Rmd' Error: Vignette re-building failed. Execution halted