Back to Multiple platform build/check report for BioC 3.16
ABCDEFGHIJKLMNOPQRSTUVWX[Y]Z

This page was generated on 2022-08-06 11:05:50 -0400 (Sat, 06 Aug 2022).

HostnameOSArch (*)R versionInstalled pkgs
nebbiolo2Linux (Ubuntu 20.04.4 LTS)x86_644.2.1 (2022-06-23) -- "Funny-Looking Kid" 4371
palomino4Windows Server 2022 Datacenterx644.2.1 (2022-06-23 ucrt) -- "Funny-Looking Kid" 4155
lconwaymacOS 12.2.1 Montereyx86_644.2.1 Patched (2022-07-09 r82577) -- "Funny-Looking Kid" 4155
Click on any hostname to see more info about the system (e.g. compilers)      (*) as reported by 'uname -p', except on Windows and Mac OS X

CHECK results for YAPSA on nebbiolo2


To the developers/maintainers of the YAPSA package:
- Please allow up to 24 hours (and sometimes 48 hours) for your latest push to git@git.bioconductor.org:packages/YAPSA.git to
reflect on this report. See How and When does the builder pull? When will my changes propagate? for more information.
- Make sure to use the following settings in order to reproduce any error or warning you see on this page.

raw results

Package 2132/2137HostnameOS / ArchINSTALLBUILDCHECKBUILD BIN
YAPSA 1.23.0  (landing page)
Daniel Huebschmann
Snapshot Date: 2022-08-05 14:00:05 -0400 (Fri, 05 Aug 2022)
git_url: https://git.bioconductor.org/packages/YAPSA
git_branch: master
git_last_commit: 68d5478
git_last_commit_date: 2022-04-26 11:35:04 -0400 (Tue, 26 Apr 2022)
nebbiolo2Linux (Ubuntu 20.04.4 LTS) / x86_64  OK    OK    WARNINGS  UNNEEDED, same version is already published
palomino4Windows Server 2022 Datacenter / x64  OK    OK    WARNINGS    NA  
lconwaymacOS 12.2.1 Monterey / x86_64  OK    OK    WARNINGS    OK  UNNEEDED, same version is already published

Summary

Package: YAPSA
Version: 1.23.0
Command: /home/biocbuild/bbs-3.16-bioc/R/bin/R CMD check --install=check:YAPSA.install-out.txt --library=/home/biocbuild/bbs-3.16-bioc/R/library --no-vignettes --timings YAPSA_1.23.0.tar.gz
StartedAt: 2022-08-05 22:28:45 -0400 (Fri, 05 Aug 2022)
EndedAt: 2022-08-05 22:35:11 -0400 (Fri, 05 Aug 2022)
EllapsedTime: 386.3 seconds
RetCode: 0
Status:   WARNINGS  
CheckDir: YAPSA.Rcheck
Warnings: 1

Command output

##############################################################################
##############################################################################
###
### Running command:
###
###   /home/biocbuild/bbs-3.16-bioc/R/bin/R CMD check --install=check:YAPSA.install-out.txt --library=/home/biocbuild/bbs-3.16-bioc/R/library --no-vignettes --timings YAPSA_1.23.0.tar.gz
###
##############################################################################
##############################################################################


* using log directory ‘/home/biocbuild/bbs-3.16-bioc/meat/YAPSA.Rcheck’
* using R version 4.2.1 (2022-06-23)
* using platform: x86_64-pc-linux-gnu (64-bit)
* using session charset: UTF-8
* using option ‘--no-vignettes’
* checking for file ‘YAPSA/DESCRIPTION’ ... OK
* checking extension type ... Package
* this is package ‘YAPSA’ version ‘1.23.0’
* package encoding: UTF-8
* checking package namespace information ... OK
* checking package dependencies ... OK
* checking if this is a source package ... OK
* checking if there is a namespace ... OK
* checking for hidden files and directories ... OK
* checking for portable file names ... OK
* checking for sufficient/correct file permissions ... OK
* checking whether package ‘YAPSA’ can be installed ... WARNING
Found the following significant warnings:
  Warning: replacing previous import ‘GenomicRanges::subtract’ by ‘magrittr::subtract’ when loading ‘YAPSA’
See ‘/home/biocbuild/bbs-3.16-bioc/meat/YAPSA.Rcheck/00install.out’ for details.
* checking installed package size ... OK
* checking package directory ... OK
* checking ‘build’ directory ... OK
* checking DESCRIPTION meta-information ... OK
* checking top-level files ... OK
* checking for left-over files ... OK
* checking index information ... OK
* checking package subdirectories ... OK
* checking R files for non-ASCII characters ... OK
* checking R files for syntax errors ... OK
* checking whether the package can be loaded ... OK
* checking whether the package can be loaded with stated dependencies ... OK
* checking whether the package can be unloaded cleanly ... OK
* checking whether the namespace can be loaded with stated dependencies ... OK
* checking whether the namespace can be unloaded cleanly ... OK
* checking dependencies in R code ... OK
* checking S3 generic/method consistency ... OK
* checking replacement functions ... OK
* checking foreign function calls ... OK
* checking R code for possible problems ... NOTE
read_list: no visible global function definition for 'detectCores'
read_list: no visible global function definition for 'makeCluster'
read_list: no visible global function definition for 'mclapply'
read_list: no visible global function definition for 'stopCluster'
Undefined global functions or variables:
  detectCores makeCluster mclapply stopCluster
* checking Rd files ... OK
* checking Rd metadata ... OK
* checking Rd cross-references ... OK
* checking for missing documentation entries ... OK
* checking for code/documentation mismatches ... OK
* checking Rd \usage sections ... OK
* checking Rd contents ... OK
* checking for unstated dependencies in examples ... OK
* checking contents of ‘data’ directory ... OK
* checking data for non-ASCII characters ... OK
* checking data for ASCII and uncompressed saves ... OK
* checking installed files from ‘inst/doc’ ... OK
* checking files in ‘vignettes’ ... OK
* checking examples ... OK
Examples with CPU (user + system) or elapsed time > 5s
                                          user system elapsed
confidence_indel_only_calulation        15.749  0.388  16.137
create_indel_mutation_catalogue_from_df  9.576  0.380   9.955
build_gene_list_for_pathway              3.688  0.776  22.801
* checking for unstated dependencies in ‘tests’ ... OK
* checking tests ...
  Running ‘testthat.R’
 OK
* checking for unstated dependencies in vignettes ... OK
* checking package vignettes in ‘inst/doc’ ... OK
* checking running R code from vignettes ... SKIPPED
* checking re-building of vignette outputs ... SKIPPED
* checking PDF version of manual ... OK
* DONE

Status: 1 WARNING, 1 NOTE
See
  ‘/home/biocbuild/bbs-3.16-bioc/meat/YAPSA.Rcheck/00check.log’
for details.



Installation output

YAPSA.Rcheck/00install.out

##############################################################################
##############################################################################
###
### Running command:
###
###   /home/biocbuild/bbs-3.16-bioc/R/bin/R CMD INSTALL YAPSA
###
##############################################################################
##############################################################################


* installing to library ‘/home/biocbuild/bbs-3.16-bioc/R/library’
* installing *source* package ‘YAPSA’ ...
** using staged installation
** R
** data
** inst
** byte-compile and prepare package for lazy loading
Found more than one class "atomicVector" in cache; using the first, from namespace 'Matrix'
Also defined by ‘Rmpfr’
Found more than one class "atomicVector" in cache; using the first, from namespace 'Matrix'
Also defined by ‘Rmpfr’
Found more than one class "atomicVector" in cache; using the first, from namespace 'Matrix'
Also defined by ‘Rmpfr’
Found more than one class "atomicVector" in cache; using the first, from namespace 'Matrix'
Also defined by ‘Rmpfr’
Found more than one class "atomicVector" in cache; using the first, from namespace 'Matrix'
Also defined by ‘Rmpfr’
Found more than one class "atomicVector" in cache; using the first, from namespace 'Matrix'
Also defined by ‘Rmpfr’
Found more than one class "atomicVector" in cache; using the first, from namespace 'Matrix'
Also defined by ‘Rmpfr’
Found more than one class "atomicVector" in cache; using the first, from namespace 'Matrix'
Also defined by ‘Rmpfr’
Found more than one class "atomicVector" in cache; using the first, from namespace 'Matrix'
Also defined by ‘Rmpfr’
Found more than one class "atomicVector" in cache; using the first, from namespace 'Matrix'
Also defined by ‘Rmpfr’
Found more than one class "atomicVector" in cache; using the first, from namespace 'Matrix'
Also defined by ‘Rmpfr’
Found more than one class "atomicVector" in cache; using the first, from namespace 'Matrix'
Also defined by ‘Rmpfr’
Warning: replacing previous import ‘GenomicRanges::subtract’ by ‘magrittr::subtract’ when loading ‘YAPSA’
** help
*** installing help indices
** building package indices
** installing vignettes
** testing if installed package can be loaded from temporary location
Found more than one class "atomicVector" in cache; using the first, from namespace 'Matrix'
Also defined by ‘Rmpfr’
Found more than one class "atomicVector" in cache; using the first, from namespace 'Matrix'
Also defined by ‘Rmpfr’
Found more than one class "atomicVector" in cache; using the first, from namespace 'Matrix'
Also defined by ‘Rmpfr’
Found more than one class "atomicVector" in cache; using the first, from namespace 'Matrix'
Also defined by ‘Rmpfr’
Found more than one class "atomicVector" in cache; using the first, from namespace 'Matrix'
Also defined by ‘Rmpfr’
Found more than one class "atomicVector" in cache; using the first, from namespace 'Matrix'
Also defined by ‘Rmpfr’
Found more than one class "atomicVector" in cache; using the first, from namespace 'Matrix'
Also defined by ‘Rmpfr’
Found more than one class "atomicVector" in cache; using the first, from namespace 'Matrix'
Also defined by ‘Rmpfr’
Found more than one class "atomicVector" in cache; using the first, from namespace 'Matrix'
Also defined by ‘Rmpfr’
Found more than one class "atomicVector" in cache; using the first, from namespace 'Matrix'
Also defined by ‘Rmpfr’
Found more than one class "atomicVector" in cache; using the first, from namespace 'Matrix'
Also defined by ‘Rmpfr’
Found more than one class "atomicVector" in cache; using the first, from namespace 'Matrix'
Also defined by ‘Rmpfr’
Warning: replacing previous import ‘GenomicRanges::subtract’ by ‘magrittr::subtract’ when loading ‘YAPSA’
** testing if installed package can be loaded from final location
Found more than one class "atomicVector" in cache; using the first, from namespace 'Matrix'
Also defined by ‘Rmpfr’
Found more than one class "atomicVector" in cache; using the first, from namespace 'Matrix'
Also defined by ‘Rmpfr’
Found more than one class "atomicVector" in cache; using the first, from namespace 'Matrix'
Also defined by ‘Rmpfr’
Found more than one class "atomicVector" in cache; using the first, from namespace 'Matrix'
Also defined by ‘Rmpfr’
Found more than one class "atomicVector" in cache; using the first, from namespace 'Matrix'
Also defined by ‘Rmpfr’
Found more than one class "atomicVector" in cache; using the first, from namespace 'Matrix'
Also defined by ‘Rmpfr’
Found more than one class "atomicVector" in cache; using the first, from namespace 'Matrix'
Also defined by ‘Rmpfr’
Found more than one class "atomicVector" in cache; using the first, from namespace 'Matrix'
Also defined by ‘Rmpfr’
Found more than one class "atomicVector" in cache; using the first, from namespace 'Matrix'
Also defined by ‘Rmpfr’
Found more than one class "atomicVector" in cache; using the first, from namespace 'Matrix'
Also defined by ‘Rmpfr’
Found more than one class "atomicVector" in cache; using the first, from namespace 'Matrix'
Also defined by ‘Rmpfr’
Found more than one class "atomicVector" in cache; using the first, from namespace 'Matrix'
Also defined by ‘Rmpfr’
Warning: replacing previous import ‘GenomicRanges::subtract’ by ‘magrittr::subtract’ when loading ‘YAPSA’
** testing if installed package keeps a record of temporary installation path
* DONE (YAPSA)

Tests output

YAPSA.Rcheck/tests/testthat.Rout


R version 4.2.1 (2022-06-23) -- "Funny-Looking Kid"
Copyright (C) 2022 The R Foundation for Statistical Computing
Platform: x86_64-pc-linux-gnu (64-bit)

R is free software and comes with ABSOLUTELY NO WARRANTY.
You are welcome to redistribute it under certain conditions.
Type 'license()' or 'licence()' for distribution details.

R is a collaborative project with many contributors.
Type 'contributors()' for more information and
'citation()' on how to cite R or R packages in publications.

Type 'demo()' for some demos, 'help()' for on-line help, or
'help.start()' for an HTML browser interface to help.
Type 'q()' to quit R.

> Sys.setenv(R_TESTS=" ")
> library(testthat)
> library(YAPSA)
Loading required package: GenomicRanges
Loading required package: stats4
Loading required package: BiocGenerics

Attaching package: 'BiocGenerics'

The following objects are masked from 'package:stats':

    IQR, mad, sd, var, xtabs

The following objects are masked from 'package:base':

    Filter, Find, Map, Position, Reduce, anyDuplicated, append,
    as.data.frame, basename, cbind, colnames, dirname, do.call,
    duplicated, eval, evalq, get, grep, grepl, intersect, is.unsorted,
    lapply, mapply, match, mget, order, paste, pmax, pmax.int, pmin,
    pmin.int, rank, rbind, rownames, sapply, setdiff, sort, table,
    tapply, union, unique, unsplit, which.max, which.min

Loading required package: S4Vectors

Attaching package: 'S4Vectors'

The following objects are masked from 'package:base':

    I, expand.grid, unname

Loading required package: IRanges
Loading required package: GenomeInfoDb
Loading required package: ggplot2
Loading required package: grid
Found more than one class "atomicVector" in cache; using the first, from namespace 'Matrix'
Also defined by 'Rmpfr'
Found more than one class "atomicVector" in cache; using the first, from namespace 'Matrix'
Also defined by 'Rmpfr'
Found more than one class "atomicVector" in cache; using the first, from namespace 'Matrix'
Also defined by 'Rmpfr'
Found more than one class "atomicVector" in cache; using the first, from namespace 'Matrix'
Also defined by 'Rmpfr'
Found more than one class "atomicVector" in cache; using the first, from namespace 'Matrix'
Also defined by 'Rmpfr'
Found more than one class "atomicVector" in cache; using the first, from namespace 'Matrix'
Also defined by 'Rmpfr'
Found more than one class "atomicVector" in cache; using the first, from namespace 'Matrix'
Also defined by 'Rmpfr'
Found more than one class "atomicVector" in cache; using the first, from namespace 'Matrix'
Also defined by 'Rmpfr'
Found more than one class "atomicVector" in cache; using the first, from namespace 'Matrix'
Also defined by 'Rmpfr'
Found more than one class "atomicVector" in cache; using the first, from namespace 'Matrix'
Also defined by 'Rmpfr'
Found more than one class "atomicVector" in cache; using the first, from namespace 'Matrix'
Also defined by 'Rmpfr'
Found more than one class "atomicVector" in cache; using the first, from namespace 'Matrix'
Also defined by 'Rmpfr'
Warning message:
replacing previous import 'GenomicRanges::subtract' by 'magrittr::subtract' when loading 'YAPSA' 
> 
> test_check("YAPSA")
YAPSA:::shapiro_if_possible::error: Non-numeric inputYAPSA:::makeVRangesFromDataFrame::warning:strand  information missing, set to "+".
YAPSA:::makeVRangesFromDataFrame::in_PID.field found.  Retrieving PID information.
YAPSA:::makeVRangesFromDataFrame::in_subgroup.field found.  Retrieving subgroup information.
[ FAIL 0 | WARN 0 | SKIP 0 | PASS 62 ]
> 
> proc.time()
   user  system elapsed 
 13.507   0.725  14.214 

Example timings

YAPSA.Rcheck/YAPSA-Ex.timings

nameusersystemelapsed
GenomeOfNl_raw0.0060.0000.007
LCD0.0060.0000.005
LCD_complex_cutoff000
MutCat_indel_df0.0030.0000.002
SMC000
SMC_perPID000
add_annotation000
add_as_fist_to_list000
aggregate_exposures_by_category000
annotate_intermut_dist_PID0.0120.0000.013
annotate_intermut_dist_cohort0.0150.0000.016
annotation_exposures_barplot000
annotation_exposures_list_barplot000
annotation_heatmap_exposures000
attribute_nucleotide_exchanges0.0010.0000.002
attribute_sequence_contex_indel0.3770.0160.394
attribution_of_indels0.3260.0600.386
build_gene_list_for_pathway 3.688 0.77622.801
classify_indels000
compare_SMCs000
compare_exposures000
compare_expousre_sets0.0040.0000.004
compare_sets0.0080.0000.008
compare_to_catalogues000
complex_heatmap_exposures0.7320.0840.816
computeLogLik000
compute_comparison_stat_df000
confIntExp1.2070.2001.407
confidence_indel_calulation0.0010.0000.000
confidence_indel_only_calulation15.749 0.38816.137
correct_rounded000
cosineDist000
cosineMatchDist0.0020.0000.001
create_indel_mut_cat_from_df0.3290.0160.345
create_indel_mutation_catalogue_from_df9.5760.3809.955
create_mutation_catalogue_from_VR0.8910.0440.935
create_mutation_catalogue_from_df0.6670.0400.708
cut_breaks_as_intervals0.0910.0000.092
deriveSigInd_df000
disambiguateVector000
enrichSigs000
exampleYAPSA0.0580.0080.067
exome_mutCatRaw_df0.0060.0000.007
exposures_barplot1.9630.0241.988
extract_names_from_gene_list000
find_affected_PIDs000
getSequenceContext0.1000.0080.108
get_extreme_PIDs0.0210.0000.021
hclust_exposures0.0050.0000.005
logLikelihood0.6450.0720.717
lymphomaNature2013_mutCat_df0.0030.0000.004
makeVRangesFromDataFrame0.090.000.09
make_catalogue_strata_df000
make_comparison_matrix0.0570.0040.062
make_strata_df000
make_subgroups_df0.0230.0040.027
melt_exposures000
merge_exposures0.0000.0000.001
normalizeMotifs_otherRownames000
normalize_df_per_dim0.0030.0040.006
plotExchangeSpectra000
plotExchangeSpectra_indel0.8440.0120.855
plotExposuresConfidence000
plotExposuresConfidence_indel000
plot_SMC000
plot_exposures0.3930.0120.404
plot_strata000
read_entry0.0010.0000.000
relateSigs0.0000.0000.001
repeat_df0.0020.0000.001
round_precision000
run_SMC3.1790.0803.258
run_annotate_vcf_pl000
run_comparison_catalogues000
run_comparison_general000
run_kmer_frequency_correction000
run_kmer_frequency_normalization000
run_plot_strata_general000
shapiro_if_possible0.0000.0010.001
split_exposures_by_subgroups000
stat_plot_subgroups0.0000.0000.001
stat_test_SMC000
stat_test_subgroups0.0010.0000.000
stderrmean0.0000.0000.001
sum_over_list_of_df0.0020.0000.001
temp_trellis_rainfall_plot1.2940.0041.298
testSigs000
test_exposureAffected000
test_gene_list_in_exposures000
transform_rownames_R_to_MATLAB000
translate_to_hg190.0020.0010.003
trellis_rainfall_plot1.3090.0031.313
trellis_rainfall_plot_old1.3190.0081.327
variateExp1.7280.0521.780
variateExpSingle0.6560.0250.680