Back to Multiple platform build/check report for BioC 3.16:   simplified   long
ABCDEFGHIJKLMNOPQ[R]STUVWXYZ

This page was generated on 2023-03-22 11:06:20 -0400 (Wed, 22 Mar 2023).

HostnameOSArch (*)R versionInstalled pkgs
nebbiolo2Linux (Ubuntu 20.04.5 LTS)x86_644.2.3 (2023-03-15) -- "Shortstop Beagle" 4271
palomino4Windows Server 2022 Datacenterx644.2.3 (2023-03-15 ucrt) -- "Shortstop Beagle" 4214
lconwaymacOS 12.5.1 Montereyx86_644.2.3 (2023-03-15) -- "Shortstop Beagle" 4259
Click on any hostname to see more info about the system (e.g. compilers)      (*) as reported by 'uname -p', except on Windows and Mac OS X

CHECK results for ReactomeGSA on lconway


To the developers/maintainers of the ReactomeGSA package:
- Please allow up to 24 hours (and sometimes 48 hours) for your latest push to git@git.bioconductor.org:packages/ReactomeGSA.git to
reflect on this report. See How and When does the builder pull? When will my changes propagate? for more information.
- Make sure to use the following settings in order to reproduce any error or warning you see on this page.

raw results

Package 1627/2183HostnameOS / ArchINSTALLBUILDCHECKBUILD BIN
ReactomeGSA 1.12.0  (landing page)
Johannes Griss
Snapshot Date: 2023-03-20 14:00:04 -0400 (Mon, 20 Mar 2023)
git_url: https://git.bioconductor.org/packages/ReactomeGSA
git_branch: RELEASE_3_16
git_last_commit: 8ff0616
git_last_commit_date: 2022-11-01 11:20:32 -0400 (Tue, 01 Nov 2022)
nebbiolo2Linux (Ubuntu 20.04.5 LTS) / x86_64  OK    OK    WARNINGS  UNNEEDED, same version is already published
palomino4Windows Server 2022 Datacenter / x64  OK    OK    WARNINGS    OK  UNNEEDED, same version is already published
lconwaymacOS 12.5.1 Monterey / x86_64  OK    OK    WARNINGS    OK  UNNEEDED, same version is already published

Summary

Package: ReactomeGSA
Version: 1.12.0
Command: /Library/Frameworks/R.framework/Resources/bin/R CMD check --install=check:ReactomeGSA.install-out.txt --library=/Library/Frameworks/R.framework/Resources/library --no-vignettes --timings ReactomeGSA_1.12.0.tar.gz
StartedAt: 2023-03-20 22:23:30 -0400 (Mon, 20 Mar 2023)
EndedAt: 2023-03-20 22:39:01 -0400 (Mon, 20 Mar 2023)
EllapsedTime: 930.2 seconds
RetCode: 0
Status:   WARNINGS  
CheckDir: ReactomeGSA.Rcheck
Warnings: 1

Command output

##############################################################################
##############################################################################
###
### Running command:
###
###   /Library/Frameworks/R.framework/Resources/bin/R CMD check --install=check:ReactomeGSA.install-out.txt --library=/Library/Frameworks/R.framework/Resources/library --no-vignettes --timings ReactomeGSA_1.12.0.tar.gz
###
##############################################################################
##############################################################################


* using log directory ‘/Users/biocbuild/bbs-3.16-bioc/meat/ReactomeGSA.Rcheck’
* using R version 4.2.3 (2023-03-15)
* using platform: x86_64-apple-darwin17.0 (64-bit)
* using session charset: UTF-8
* using option ‘--no-vignettes’
* checking for file ‘ReactomeGSA/DESCRIPTION’ ... OK
* checking extension type ... Package
* this is package ‘ReactomeGSA’ version ‘1.12.0’
* package encoding: UTF-8
* checking package namespace information ... OK
* checking package dependencies ... OK
* checking if this is a source package ... OK
* checking if there is a namespace ... OK
* checking for hidden files and directories ... OK
* checking for portable file names ... OK
* checking for sufficient/correct file permissions ... OK
* checking whether package ‘ReactomeGSA’ can be installed ... OK
* checking installed package size ... OK
* checking package directory ... OK
* checking ‘build’ directory ... OK
* checking DESCRIPTION meta-information ... OK
* checking top-level files ... OK
* checking for left-over files ... OK
* checking index information ... OK
* checking package subdirectories ... OK
* checking R files for non-ASCII characters ... OK
* checking R files for syntax errors ... OK
* checking whether the package can be loaded ... OK
* checking whether the package can be loaded with stated dependencies ... OK
* checking whether the package can be unloaded cleanly ... OK
* checking whether the namespace can be loaded with stated dependencies ... OK
* checking whether the namespace can be unloaded cleanly ... OK
* checking dependencies in R code ... OK
* checking S3 generic/method consistency ... OK
* checking replacement functions ... OK
* checking foreign function calls ... OK
* checking R code for possible problems ... NOTE
plot_correlations,ReactomeAnalysisResult: no visible binding for global
  variable ‘combined_sig’
plot_correlations,ReactomeAnalysisResult: no visible binding for global
  variable ‘alpha’
plot_gsva_pathway,ReactomeAnalysisResult: no visible binding for global
  variable ‘cluster_id’
plot_gsva_pathway,ReactomeAnalysisResult: no visible binding for global
  variable ‘expr’
plot_gsva_pca,ReactomeAnalysisResult: no visible binding for global
  variable ‘gsva_result’
plot_gsva_pca,ReactomeAnalysisResult: no visible binding for global
  variable ‘PC1’
plot_gsva_pca,ReactomeAnalysisResult: no visible binding for global
  variable ‘PC2’
plot_heatmap,ReactomeAnalysisResult: no visible global function
  definition for ‘desc’
plot_heatmap,ReactomeAnalysisResult: no visible binding for global
  variable ‘n_sig’
plot_heatmap,ReactomeAnalysisResult: no visible binding for global
  variable ‘dataset’
plot_heatmap,ReactomeAnalysisResult: no visible binding for global
  variable ‘Name’
plot_volcano,ReactomeAnalysisResult: no visible binding for global
  variable ‘av_foldchange’
plot_volcano,ReactomeAnalysisResult: no visible binding for global
  variable ‘FDR’
Undefined global functions or variables:
  FDR Name PC1 PC2 alpha av_foldchange cluster_id combined_sig dataset
  desc expr gsva_result n_sig
* checking Rd files ... OK
* checking Rd metadata ... OK
* checking Rd cross-references ... OK
* checking for missing documentation entries ... OK
* checking for code/documentation mismatches ... WARNING
Codoc mismatches from documentation object 'plot_heatmap,ReactomeAnalysisResult-method':
\S4method{plot_heatmap}{ReactomeAnalysisResult}
  Code: function(x, fdr = 0.01, max_pathways = 30, break_long_names =
                 TRUE, return_data = FALSE)
  Docs: function(x, fdr = 0.05, max_pathways = 30, break_long_names =
                 TRUE, return_data = FALSE)
  Mismatches in argument default values:
    Name: 'fdr' Code: 0.01 Docs: 0.05

* checking Rd \usage sections ... OK
* checking Rd contents ... OK
* checking for unstated dependencies in examples ... OK
* checking files in ‘vignettes’ ... OK
* checking examples ... OK
Examples with CPU (user + system) or elapsed time > 5s
                                                  user system elapsed
analyse_sc_clusters-Seurat-method               36.790  1.612 118.213
plot_gsva_pathway                               34.076  2.008  93.995
plot_gsva_heatmap-ReactomeAnalysisResult-method 32.249  1.853  92.735
plot_gsva_pathway-ReactomeAnalysisResult-method 31.648  2.152  90.064
analyse_sc_clusters                             31.575  1.881  92.103
analyse_sc_clusters-SingleCellExperiment-method 31.642  1.747  90.067
plot_gsva_heatmap                               29.935  2.006  89.315
plot_gsva_pca                                   28.802  2.127  88.060
plot_gsva_pca-ReactomeAnalysisResult-method     28.540  1.917  89.779
perform_reactome_analysis                        2.136  0.152  18.186
* checking for unstated dependencies in ‘tests’ ... OK
* checking tests ...
  Running ‘testthat.R’
 OK
* checking for unstated dependencies in vignettes ... OK
* checking package vignettes in ‘inst/doc’ ... OK
* checking running R code from vignettes ... SKIPPED
* checking re-building of vignette outputs ... SKIPPED
* checking PDF version of manual ... OK
* DONE

Status: 1 WARNING, 1 NOTE
See
  ‘/Users/biocbuild/bbs-3.16-bioc/meat/ReactomeGSA.Rcheck/00check.log’
for details.



Installation output

ReactomeGSA.Rcheck/00install.out

##############################################################################
##############################################################################
###
### Running command:
###
###   /Library/Frameworks/R.framework/Resources/bin/R CMD INSTALL ReactomeGSA
###
##############################################################################
##############################################################################


* installing to library ‘/Library/Frameworks/R.framework/Versions/4.2/Resources/library’
* installing *source* package ‘ReactomeGSA’ ...
** using staged installation
** R
** inst
** byte-compile and prepare package for lazy loading
in method for ‘analyse_sc_clusters’ with signature ‘object="Seurat"’: no definition for class “Seurat”
in method for ‘analyse_sc_clusters’ with signature ‘object="SingleCellExperiment"’: no definition for class “SingleCellExperiment”
in method for ‘add_dataset’ with signature ‘request="ReactomeAnalysisRequest",expression_values="EList"’: no definition for class “EList”
in method for ‘add_dataset’ with signature ‘request="ReactomeAnalysisRequest",expression_values="DGEList"’: no definition for class “DGEList”
in method for ‘add_dataset’ with signature ‘request="ReactomeAnalysisRequest",expression_values="ExpressionSet"’: no definition for class “ExpressionSet”
** help
*** installing help indices
** building package indices
** installing vignettes
** testing if installed package can be loaded from temporary location
** testing if installed package can be loaded from final location
** testing if installed package keeps a record of temporary installation path
* DONE (ReactomeGSA)

Tests output

ReactomeGSA.Rcheck/tests/testthat.Rout


R version 4.2.3 (2023-03-15) -- "Shortstop Beagle"
Copyright (C) 2023 The R Foundation for Statistical Computing
Platform: x86_64-apple-darwin17.0 (64-bit)

R is free software and comes with ABSOLUTELY NO WARRANTY.
You are welcome to redistribute it under certain conditions.
Type 'license()' or 'licence()' for distribution details.

R is a collaborative project with many contributors.
Type 'contributors()' for more information and
'citation()' on how to cite R or R packages in publications.

Type 'demo()' for some demos, 'help()' for on-line help, or
'help.start()' for an HTML browser interface to help.
Type 'q()' to quit R.

> library(testthat)
> library(ReactomeGSA)
> 
> test_check("ReactomeGSA")
[ FAIL 0 | WARN 0 | SKIP 0 | PASS 17 ]
> 
> proc.time()
   user  system elapsed 
  1.178   0.154   1.328 

Example timings

ReactomeGSA.Rcheck/ReactomeGSA-Ex.timings

nameusersystemelapsed
ReactomeAnalysisRequest4.3290.3344.708
ReactomeAnalysisResult-class1.1670.0171.192
add_dataset-ReactomeAnalysisRequest-DGEList-method0.6160.0660.686
add_dataset-ReactomeAnalysisRequest-EList-method0.5410.0630.607
add_dataset-ReactomeAnalysisRequest-ExpressionSet-method0.6150.0340.655
add_dataset-ReactomeAnalysisRequest-data.frame-method0.6530.0410.700
add_dataset-ReactomeAnalysisRequest-matrix-method0.8810.0450.934
add_dataset0.5850.0520.640
analyse_sc_clusters-Seurat-method 36.790 1.612118.213
analyse_sc_clusters-SingleCellExperiment-method31.642 1.74790.067
analyse_sc_clusters31.575 1.88192.103
get_reactome_data_types0.0430.0071.684
get_reactome_methods0.0760.0112.122
get_result-ReactomeAnalysisResult-method0.1630.0060.170
get_result0.1630.0050.168
names-ReactomeAnalysisResult-method0.1690.0060.176
open_reactome-ReactomeAnalysisResult-method0.1770.0070.187
open_reactome0.1640.0060.172
pathways-ReactomeAnalysisResult-method1.2390.0311.278
pathways1.2130.0131.232
perform_reactome_analysis 2.136 0.15218.186
plot_correlations-ReactomeAnalysisResult-method1.2390.0451.295
plot_correlations1.0920.0081.104
plot_gsva_heatmap-ReactomeAnalysisResult-method32.249 1.85392.735
plot_gsva_heatmap29.935 2.00689.315
plot_gsva_pathway-ReactomeAnalysisResult-method31.648 2.15290.064
plot_gsva_pathway34.076 2.00893.995
plot_gsva_pca-ReactomeAnalysisResult-method28.540 1.91789.779
plot_gsva_pca28.802 2.12788.060
plot_heatmap-ReactomeAnalysisResult-method1.4580.1301.599
plot_heatmap1.5000.0191.536
plot_volcano-ReactomeAnalysisResult-method0.2050.0070.213
plot_volcano0.2480.0110.263
print-ReactomeAnalysisRequest-method0.0010.0010.002
print-ReactomeAnalysisResult-method0.1730.0050.179
reactome_links-ReactomeAnalysisResult-method0.1770.0080.189
reactome_links0.1590.0050.164
result_types-ReactomeAnalysisResult-method0.1570.0050.163
result_types0.1650.0060.172
set_method-ReactomeAnalysisRequest-method0.0020.0020.004
set_method0.0010.0010.002
set_parameters-ReactomeAnalysisRequest-method0.0010.0000.001
set_parameters0.0010.0000.001
show-ReactomeAnalysisRequest-method0.0020.0000.002
show-ReactomeAnalysisResult-method0.1870.0080.199