Back to Multiple platform build/check report for BioC 3.16:   simplified   long
ABCDEFGHIJKLMNOPQ[R]STUVWXYZ

This page was generated on 2023-03-24 11:05:39 -0400 (Fri, 24 Mar 2023).

HostnameOSArch (*)R versionInstalled pkgs
nebbiolo2Linux (Ubuntu 20.04.5 LTS)x86_644.2.3 (2023-03-15) -- "Shortstop Beagle" 4286
palomino4Windows Server 2022 Datacenterx644.2.3 (2023-03-15 ucrt) -- "Shortstop Beagle" 4276
lconwaymacOS 12.5.1 Montereyx86_644.2.3 (2023-03-15) -- "Shortstop Beagle" 4303
Click on any hostname to see more info about the system (e.g. compilers)      (*) as reported by 'uname -p', except on Windows and Mac OS X

CHECK results for ReactomeGSA on nebbiolo2


To the developers/maintainers of the ReactomeGSA package:
- Please allow up to 24 hours (and sometimes 48 hours) for your latest push to git@git.bioconductor.org:packages/ReactomeGSA.git to
reflect on this report. See How and When does the builder pull? When will my changes propagate? for more information.
- Make sure to use the following settings in order to reproduce any error or warning you see on this page.

raw results

Package 1627/2183HostnameOS / ArchINSTALLBUILDCHECKBUILD BIN
ReactomeGSA 1.12.0  (landing page)
Johannes Griss
Snapshot Date: 2023-03-22 14:00:04 -0400 (Wed, 22 Mar 2023)
git_url: https://git.bioconductor.org/packages/ReactomeGSA
git_branch: RELEASE_3_16
git_last_commit: 8ff0616
git_last_commit_date: 2022-11-01 11:20:32 -0400 (Tue, 01 Nov 2022)
nebbiolo2Linux (Ubuntu 20.04.5 LTS) / x86_64  OK    OK    WARNINGS  UNNEEDED, same version is already published
palomino4Windows Server 2022 Datacenter / x64  OK    OK    WARNINGS    OK  UNNEEDED, same version is already published
lconwaymacOS 12.5.1 Monterey / x86_64  OK    OK    WARNINGS    OK  UNNEEDED, same version is already published

Summary

Package: ReactomeGSA
Version: 1.12.0
Command: /home/biocbuild/bbs-3.16-bioc/R/bin/R CMD check --install=check:ReactomeGSA.install-out.txt --library=/home/biocbuild/bbs-3.16-bioc/R/site-library --timings ReactomeGSA_1.12.0.tar.gz
StartedAt: 2023-03-22 23:32:14 -0400 (Wed, 22 Mar 2023)
EndedAt: 2023-03-22 23:50:36 -0400 (Wed, 22 Mar 2023)
EllapsedTime: 1102.4 seconds
RetCode: 0
Status:   WARNINGS  
CheckDir: ReactomeGSA.Rcheck
Warnings: 1

Command output

##############################################################################
##############################################################################
###
### Running command:
###
###   /home/biocbuild/bbs-3.16-bioc/R/bin/R CMD check --install=check:ReactomeGSA.install-out.txt --library=/home/biocbuild/bbs-3.16-bioc/R/site-library --timings ReactomeGSA_1.12.0.tar.gz
###
##############################################################################
##############################################################################


* using log directory ‘/home/biocbuild/bbs-3.16-bioc/meat/ReactomeGSA.Rcheck’
* using R version 4.2.3 (2023-03-15)
* using platform: x86_64-pc-linux-gnu (64-bit)
* using session charset: UTF-8
* checking for file ‘ReactomeGSA/DESCRIPTION’ ... OK
* checking extension type ... Package
* this is package ‘ReactomeGSA’ version ‘1.12.0’
* package encoding: UTF-8
* checking package namespace information ... OK
* checking package dependencies ... OK
* checking if this is a source package ... OK
* checking if there is a namespace ... OK
* checking for hidden files and directories ... OK
* checking for portable file names ... OK
* checking for sufficient/correct file permissions ... OK
* checking whether package ‘ReactomeGSA’ can be installed ... OK
* checking installed package size ... OK
* checking package directory ... OK
* checking ‘build’ directory ... OK
* checking DESCRIPTION meta-information ... OK
* checking top-level files ... OK
* checking for left-over files ... OK
* checking index information ... OK
* checking package subdirectories ... OK
* checking R files for non-ASCII characters ... OK
* checking R files for syntax errors ... OK
* checking whether the package can be loaded ... OK
* checking whether the package can be loaded with stated dependencies ... OK
* checking whether the package can be unloaded cleanly ... OK
* checking whether the namespace can be loaded with stated dependencies ... OK
* checking whether the namespace can be unloaded cleanly ... OK
* checking loading without being on the library search path ... OK
* checking dependencies in R code ... OK
* checking S3 generic/method consistency ... OK
* checking replacement functions ... OK
* checking foreign function calls ... OK
* checking R code for possible problems ... NOTE
plot_correlations,ReactomeAnalysisResult: no visible binding for global
  variable ‘combined_sig’
plot_correlations,ReactomeAnalysisResult: no visible binding for global
  variable ‘alpha’
plot_gsva_pathway,ReactomeAnalysisResult: no visible binding for global
  variable ‘cluster_id’
plot_gsva_pathway,ReactomeAnalysisResult: no visible binding for global
  variable ‘expr’
plot_gsva_pca,ReactomeAnalysisResult: no visible binding for global
  variable ‘gsva_result’
plot_gsva_pca,ReactomeAnalysisResult: no visible binding for global
  variable ‘PC1’
plot_gsva_pca,ReactomeAnalysisResult: no visible binding for global
  variable ‘PC2’
plot_heatmap,ReactomeAnalysisResult: no visible global function
  definition for ‘desc’
plot_heatmap,ReactomeAnalysisResult: no visible binding for global
  variable ‘n_sig’
plot_heatmap,ReactomeAnalysisResult: no visible binding for global
  variable ‘dataset’
plot_heatmap,ReactomeAnalysisResult: no visible binding for global
  variable ‘Name’
plot_volcano,ReactomeAnalysisResult: no visible binding for global
  variable ‘av_foldchange’
plot_volcano,ReactomeAnalysisResult: no visible binding for global
  variable ‘FDR’
Undefined global functions or variables:
  FDR Name PC1 PC2 alpha av_foldchange cluster_id combined_sig dataset
  desc expr gsva_result n_sig
* checking Rd files ... OK
* checking Rd metadata ... OK
* checking Rd cross-references ... OK
* checking for missing documentation entries ... OK
* checking for code/documentation mismatches ... WARNING
Codoc mismatches from documentation object 'plot_heatmap,ReactomeAnalysisResult-method':
\S4method{plot_heatmap}{ReactomeAnalysisResult}
  Code: function(x, fdr = 0.01, max_pathways = 30, break_long_names =
                 TRUE, return_data = FALSE)
  Docs: function(x, fdr = 0.05, max_pathways = 30, break_long_names =
                 TRUE, return_data = FALSE)
  Mismatches in argument default values:
    Name: 'fdr' Code: 0.01 Docs: 0.05

* checking Rd \usage sections ... OK
* checking Rd contents ... OK
* checking for unstated dependencies in examples ... OK
* checking files in ‘vignettes’ ... OK
* checking examples ... OK
Examples with CPU (user + system) or elapsed time > 5s
                                                  user system elapsed
plot_gsva_heatmap-ReactomeAnalysisResult-method 33.633  0.984  94.776
analyse_sc_clusters-Seurat-method               32.967  1.141  94.827
plot_gsva_heatmap                               32.622  1.036  88.710
plot_gsva_pathway-ReactomeAnalysisResult-method 32.570  0.997  93.836
plot_gsva_pca                                   32.004  0.949  93.731
analyse_sc_clusters-SingleCellExperiment-method 31.687  0.843  96.299
plot_gsva_pca-ReactomeAnalysisResult-method     31.477  0.870  89.273
plot_gsva_pathway                               30.966  0.902  88.035
analyse_sc_clusters                             29.888  0.765  90.358
perform_reactome_analysis                        2.140  0.129  17.372
* checking for unstated dependencies in ‘tests’ ... OK
* checking tests ...
  Running ‘testthat.R’
 OK
* checking for unstated dependencies in vignettes ... OK
* checking package vignettes in ‘inst/doc’ ... OK
* checking running R code from vignettes ...
  ‘analysing-scRNAseq.Rmd’ using ‘UTF-8’... OK
  ‘using-reactomegsa.Rmd’ using ‘UTF-8’... OK
 NONE
* checking re-building of vignette outputs ... OK
* checking PDF version of manual ... OK
* DONE

Status: 1 WARNING, 1 NOTE
See
  ‘/home/biocbuild/bbs-3.16-bioc/meat/ReactomeGSA.Rcheck/00check.log’
for details.



Installation output

ReactomeGSA.Rcheck/00install.out

##############################################################################
##############################################################################
###
### Running command:
###
###   /home/biocbuild/bbs-3.16-bioc/R/bin/R CMD INSTALL ReactomeGSA
###
##############################################################################
##############################################################################


* installing to library ‘/home/biocbuild/bbs-3.16-bioc/R/site-library’
* installing *source* package ‘ReactomeGSA’ ...
** using staged installation
** R
** inst
** byte-compile and prepare package for lazy loading
in method for ‘analyse_sc_clusters’ with signature ‘object="Seurat"’: no definition for class “Seurat”
in method for ‘analyse_sc_clusters’ with signature ‘object="SingleCellExperiment"’: no definition for class “SingleCellExperiment”
in method for ‘add_dataset’ with signature ‘request="ReactomeAnalysisRequest",expression_values="EList"’: no definition for class “EList”
in method for ‘add_dataset’ with signature ‘request="ReactomeAnalysisRequest",expression_values="DGEList"’: no definition for class “DGEList”
in method for ‘add_dataset’ with signature ‘request="ReactomeAnalysisRequest",expression_values="ExpressionSet"’: no definition for class “ExpressionSet”
** help
*** installing help indices
** building package indices
** installing vignettes
** testing if installed package can be loaded from temporary location
** testing if installed package can be loaded from final location
** testing if installed package keeps a record of temporary installation path
* DONE (ReactomeGSA)

Tests output

ReactomeGSA.Rcheck/tests/testthat.Rout


R version 4.2.3 (2023-03-15) -- "Shortstop Beagle"
Copyright (C) 2023 The R Foundation for Statistical Computing
Platform: x86_64-pc-linux-gnu (64-bit)

R is free software and comes with ABSOLUTELY NO WARRANTY.
You are welcome to redistribute it under certain conditions.
Type 'license()' or 'licence()' for distribution details.

R is a collaborative project with many contributors.
Type 'contributors()' for more information and
'citation()' on how to cite R or R packages in publications.

Type 'demo()' for some demos, 'help()' for on-line help, or
'help.start()' for an HTML browser interface to help.
Type 'q()' to quit R.

> library(testthat)
> library(ReactomeGSA)
> 
> test_check("ReactomeGSA")
[ FAIL 0 | WARN 0 | SKIP 0 | PASS 17 ]
> 
> proc.time()
   user  system elapsed 
  1.097   0.061   1.142 

Example timings

ReactomeGSA.Rcheck/ReactomeGSA-Ex.timings

nameusersystemelapsed
ReactomeAnalysisRequest3.7530.2564.009
ReactomeAnalysisResult-class1.2750.0281.303
add_dataset-ReactomeAnalysisRequest-DGEList-method0.6630.0040.667
add_dataset-ReactomeAnalysisRequest-EList-method0.9580.0190.978
add_dataset-ReactomeAnalysisRequest-ExpressionSet-method0.5860.0000.586
add_dataset-ReactomeAnalysisRequest-data.frame-method0.5660.0080.574
add_dataset-ReactomeAnalysisRequest-matrix-method0.5480.0040.552
add_dataset0.5830.0120.595
analyse_sc_clusters-Seurat-method32.967 1.14194.827
analyse_sc_clusters-SingleCellExperiment-method31.687 0.84396.299
analyse_sc_clusters29.888 0.76590.358
get_reactome_data_types0.0860.0121.224
get_reactome_methods0.1250.0163.345
get_result-ReactomeAnalysisResult-method0.2100.0160.225
get_result0.1640.0040.168
names-ReactomeAnalysisResult-method0.1570.0020.159
open_reactome-ReactomeAnalysisResult-method0.1880.0000.187
open_reactome0.1680.0040.172
pathways-ReactomeAnalysisResult-method1.4040.0721.476
pathways1.4580.0351.491
perform_reactome_analysis 2.140 0.12917.372
plot_correlations-ReactomeAnalysisResult-method1.5780.0601.638
plot_correlations1.5890.0271.616
plot_gsva_heatmap-ReactomeAnalysisResult-method33.633 0.98494.776
plot_gsva_heatmap32.622 1.03688.710
plot_gsva_pathway-ReactomeAnalysisResult-method32.570 0.99793.836
plot_gsva_pathway30.966 0.90288.035
plot_gsva_pca-ReactomeAnalysisResult-method31.477 0.87089.273
plot_gsva_pca32.004 0.94993.731
plot_heatmap-ReactomeAnalysisResult-method1.4840.0801.564
plot_heatmap1.4210.0161.437
plot_volcano-ReactomeAnalysisResult-method0.1620.0040.166
plot_volcano0.1810.0040.186
print-ReactomeAnalysisRequest-method0.0010.0000.001
print-ReactomeAnalysisResult-method0.1760.0040.180
reactome_links-ReactomeAnalysisResult-method0.1600.0040.163
reactome_links0.1850.0000.185
result_types-ReactomeAnalysisResult-method0.1650.0000.165
result_types0.1540.0000.154
set_method-ReactomeAnalysisRequest-method0.0020.0000.002
set_method0.0020.0000.002
set_parameters-ReactomeAnalysisRequest-method0.0010.0000.002
set_parameters0.0010.0000.001
show-ReactomeAnalysisRequest-method0.0020.0000.001
show-ReactomeAnalysisResult-method0.1550.0120.167