Back to Multiple platform build/check report for BioC 3.15
ABCDEFGHIJKL[M]NOPQRSTUVWXYZ

This page was generated on 2022-08-12 13:21:49 -0400 (Fri, 12 Aug 2022).

HostnameOSArch (*)R versionInstalled pkgs
nebbiolo1Linux (Ubuntu 20.04.4 LTS)x86_644.2.1 (2022-06-23) -- "Funny-Looking Kid" 4364
palomino3Windows Server 2022 Datacenterx644.2.1 (2022-06-23 ucrt) -- "Funny-Looking Kid" 4117
merida1macOS 10.14.6 Mojavex86_644.2.1 (2022-06-23) -- "Funny-Looking Kid" 4182
Click on any hostname to see more info about the system (e.g. compilers)      (*) as reported by 'uname -p', except on Windows and Mac OS X

CHECK results for motifbreakR on palomino3


To the developers/maintainers of the motifbreakR package:
- Please allow up to 24 hours (and sometimes 48 hours) for your latest push to git@git.bioconductor.org:packages/motifbreakR.git to
reflect on this report. See How and When does the builder pull? When will my changes propagate? for more information.
- Make sure to use the following settings in order to reproduce any error or warning you see on this page.

raw results

Package 1232/2140HostnameOS / ArchINSTALLBUILDCHECKBUILD BIN
motifbreakR 2.10.0  (landing page)
Simon Gert Coetzee
Snapshot Date: 2022-08-11 13:55:06 -0400 (Thu, 11 Aug 2022)
git_url: https://git.bioconductor.org/packages/motifbreakR
git_branch: RELEASE_3_15
git_last_commit: 26aa0e4
git_last_commit_date: 2022-04-26 11:27:11 -0400 (Tue, 26 Apr 2022)
nebbiolo1Linux (Ubuntu 20.04.4 LTS) / x86_64  OK    OK    OK  UNNEEDED, same version is already published
palomino3Windows Server 2022 Datacenter / x64  OK    OK    WARNINGS    OK  UNNEEDED, same version is already published
merida1macOS 10.14.6 Mojave / x86_64  OK    OK    OK    OK  UNNEEDED, same version is already published

Summary

Package: motifbreakR
Version: 2.10.0
Command: F:\biocbuild\bbs-3.15-bioc\R\bin\R.exe CMD check --no-multiarch --install=check:motifbreakR.install-out.txt --library=F:\biocbuild\bbs-3.15-bioc\R\library --no-vignettes --timings motifbreakR_2.10.0.tar.gz
StartedAt: 2022-08-12 02:43:53 -0400 (Fri, 12 Aug 2022)
EndedAt: 2022-08-12 02:57:05 -0400 (Fri, 12 Aug 2022)
EllapsedTime: 792.8 seconds
RetCode: 0
Status:   WARNINGS  
CheckDir: motifbreakR.Rcheck
Warnings: 1

Command output

##############################################################################
##############################################################################
###
### Running command:
###
###   F:\biocbuild\bbs-3.15-bioc\R\bin\R.exe CMD check --no-multiarch --install=check:motifbreakR.install-out.txt --library=F:\biocbuild\bbs-3.15-bioc\R\library --no-vignettes --timings motifbreakR_2.10.0.tar.gz
###
##############################################################################
##############################################################################


* using log directory 'F:/biocbuild/bbs-3.15-bioc/meat/motifbreakR.Rcheck'
* using R version 4.2.1 (2022-06-23 ucrt)
* using platform: x86_64-w64-mingw32 (64-bit)
* using session charset: UTF-8
* using option '--no-vignettes'
* checking for file 'motifbreakR/DESCRIPTION' ... OK
* this is package 'motifbreakR' version '2.10.0'
* checking package namespace information ... OK
* checking package dependencies ... OK
* checking if this is a source package ... OK
* checking if there is a namespace ... OK
* checking for hidden files and directories ... OK
* checking for portable file names ... OK
* checking whether package 'motifbreakR' can be installed ... WARNING
Found the following significant warnings:
  Warning: replacing previous import 'IRanges::windows' by 'grDevices::windows' when loading 'motifbreakR'
See 'F:/biocbuild/bbs-3.15-bioc/meat/motifbreakR.Rcheck/00install.out' for details.
* checking installed package size ... OK
* checking package directory ... OK
* checking 'build' directory ... OK
* checking DESCRIPTION meta-information ... OK
* checking top-level files ... OK
* checking for left-over files ... OK
* checking index information ... OK
* checking package subdirectories ... OK
* checking R files for non-ASCII characters ... OK
* checking R files for syntax errors ... OK
* checking whether the package can be loaded ... OK
* checking whether the package can be loaded with stated dependencies ... OK
* checking whether the package can be unloaded cleanly ... OK
* checking whether the namespace can be loaded with stated dependencies ... OK
* checking whether the namespace can be unloaded cleanly ... OK
* checking dependencies in R code ... NOTE
Package in Depends field not imported from: 'MotifDb'
  These packages need to be imported from (in the NAMESPACE file)
  for when this namespace is loaded but not attached.
* checking S3 generic/method consistency ... OK
* checking replacement functions ... OK
* checking foreign function calls ... OK
* checking R code for possible problems ... OK
* checking Rd files ... OK
* checking Rd metadata ... OK
* checking Rd cross-references ... OK
* checking for missing documentation entries ... OK
* checking for code/documentation mismatches ... OK
* checking Rd \usage sections ... OK
* checking Rd contents ... OK
* checking for unstated dependencies in examples ... OK
* checking contents of 'data' directory ... OK
* checking data for non-ASCII characters ... OK
* checking data for ASCII and uncompressed saves ... OK
* checking files in 'vignettes' ... OK
* checking examples ... OK
Examples with CPU (user + system) or elapsed time > 5s
                 user system elapsed
snps.from.rsid  41.89   4.83  312.64
motifbreakR     11.76   0.44   12.22
calculatePvalue  9.25   0.00    9.25
* checking for unstated dependencies in vignettes ... OK
* checking package vignettes in 'inst/doc' ... OK
* checking running R code from vignettes ... SKIPPED
* checking re-building of vignette outputs ... SKIPPED
* checking PDF version of manual ... OK
* DONE

Status: 1 WARNING, 1 NOTE
See
  'F:/biocbuild/bbs-3.15-bioc/meat/motifbreakR.Rcheck/00check.log'
for details.



Installation output

motifbreakR.Rcheck/00install.out

##############################################################################
##############################################################################
###
### Running command:
###
###   F:\biocbuild\bbs-3.15-bioc\R\bin\R.exe CMD INSTALL motifbreakR
###
##############################################################################
##############################################################################


* installing to library 'F:/biocbuild/bbs-3.15-bioc/R/library'
* installing *source* package 'motifbreakR' ...
** using staged installation
** R
** data
** inst
** byte-compile and prepare package for lazy loading
See system.file("LICENSE", package="MotifDb") for use restrictions.
Warning: replacing previous import 'IRanges::windows' by 'grDevices::windows' when loading 'motifbreakR'
** help
*** installing help indices
** building package indices
** installing vignettes
** testing if installed package can be loaded from temporary location
See system.file("LICENSE", package="MotifDb") for use restrictions.
Warning: replacing previous import 'IRanges::windows' by 'grDevices::windows' when loading 'motifbreakR'
** testing if installed package can be loaded from final location
See system.file("LICENSE", package="MotifDb") for use restrictions.
Warning: replacing previous import 'IRanges::windows' by 'grDevices::windows' when loading 'motifbreakR'
** testing if installed package keeps a record of temporary installation path
* DONE (motifbreakR)

Tests output


Example timings

motifbreakR.Rcheck/motifbreakR-Ex.timings

nameusersystemelapsed
calculatePvalue9.250.009.25
encodemotif0.060.000.06
example.results0.090.020.11
factorbook0.010.010.03
hocomoco0.050.000.04
homer0.020.000.02
motifbreakR11.76 0.4412.22
motifbreakR_motif0.080.020.09
plotMB0.080.000.08
snps.from.file1.140.102.34
snps.from.rsid 41.89 4.83312.64