Back to Multiple platform build/check report for BioC 3.15
ABCDEFGHIJKLMNOPQRS[T]UVWXYZ

This page was generated on 2022-06-24 12:08:17 -0400 (Fri, 24 Jun 2022).

HostnameOSArch (*)R versionInstalled pkgs
nebbiolo1Linux (Ubuntu 20.04.4 LTS)x86_644.2.0 (2022-04-22) -- "Vigorous Calisthenics" 4380
palomino3Windows Server 2022 Datacenterx644.2.0 (2022-04-22 ucrt) -- "Vigorous Calisthenics" 4156
merida1macOS 10.14.6 Mojavex86_644.2.0 (2022-04-22) -- "Vigorous Calisthenics" 4221
Click on any hostname to see more info about the system (e.g. compilers)      (*) as reported by 'uname -p', except on Windows and Mac OS X

CHECK results for TSRchitect on merida1


To the developers/maintainers of the TSRchitect package:
- Please allow up to 24 hours (and sometimes 48 hours) for your latest push to git@git.bioconductor.org:packages/TSRchitect.git to
reflect on this report. See How and When does the builder pull? When will my changes propagate? for more information.
- Make sure to use the following settings in order to reproduce any error or warning you see on this page.

raw results

Package 2067/2140HostnameOS / ArchINSTALLBUILDCHECKBUILD BIN
TSRchitect 1.22.0  (landing page)
R. Taylor Raborn
Snapshot Date: 2022-06-23 13:55:15 -0400 (Thu, 23 Jun 2022)
git_url: https://git.bioconductor.org/packages/TSRchitect
git_branch: RELEASE_3_15
git_last_commit: 5ea3d60
git_last_commit_date: 2022-04-26 11:40:57 -0400 (Tue, 26 Apr 2022)
nebbiolo1Linux (Ubuntu 20.04.4 LTS) / x86_64  OK    OK    ERROR  
palomino3Windows Server 2022 Datacenter / x64  OK    OK    ERROR    OK  
merida1macOS 10.14.6 Mojave / x86_64  OK    OK    ERROR    NA  

Summary

Package: TSRchitect
Version: 1.22.0
Command: /Library/Frameworks/R.framework/Resources/bin/R CMD check --install=check:TSRchitect.install-out.txt --library=/Library/Frameworks/R.framework/Resources/library --no-vignettes --timings TSRchitect_1.22.0.tar.gz
StartedAt: 2022-06-24 10:13:58 -0400 (Fri, 24 Jun 2022)
EndedAt: 2022-06-24 10:14:05 -0400 (Fri, 24 Jun 2022)
EllapsedTime: 7.1 seconds
RetCode: 1
Status:   ERROR  
CheckDir: TSRchitect.Rcheck
Warnings: NA

Command output

##############################################################################
##############################################################################
###
### Running command:
###
###   /Library/Frameworks/R.framework/Resources/bin/R CMD check --install=check:TSRchitect.install-out.txt --library=/Library/Frameworks/R.framework/Resources/library --no-vignettes --timings TSRchitect_1.22.0.tar.gz
###
##############################################################################
##############################################################################


* using log directory ‘/Users/biocbuild/bbs-3.15-bioc/meat/TSRchitect.Rcheck’
* using R version 4.2.0 (2022-04-22)
* using platform: x86_64-apple-darwin17.0 (64-bit)
* using session charset: UTF-8
* using option ‘--no-vignettes’
* checking for file ‘TSRchitect/DESCRIPTION’ ... OK
* this is package ‘TSRchitect’ version ‘1.22.0’
* checking package namespace information ... OK
* checking package dependencies ... ERROR
Package suggested but not available: ‘ENCODExplorer’

The suggested packages are required for a complete check.
Checking can be attempted without them by setting the environment
variable _R_CHECK_FORCE_SUGGESTS_ to a false value.

See section ‘The DESCRIPTION file’ in the ‘Writing R Extensions’
manual.
* DONE

Status: 1 ERROR
See
  ‘/Users/biocbuild/bbs-3.15-bioc/meat/TSRchitect.Rcheck/00check.log’
for details.


Installation output


Tests output


Example timings