Back to Multiple platform build/check report for BioC 3.15
ABCDEFGHIJKLMNOPQ[R]STUVWXYZ

This page was generated on 2022-08-12 13:22:07 -0400 (Fri, 12 Aug 2022).

HostnameOSArch (*)R versionInstalled pkgs
nebbiolo1Linux (Ubuntu 20.04.4 LTS)x86_644.2.1 (2022-06-23) -- "Funny-Looking Kid" 4364
palomino3Windows Server 2022 Datacenterx644.2.1 (2022-06-23 ucrt) -- "Funny-Looking Kid" 4117
merida1macOS 10.14.6 Mojavex86_644.2.1 (2022-06-23) -- "Funny-Looking Kid" 4182
Click on any hostname to see more info about the system (e.g. compilers)      (*) as reported by 'uname -p', except on Windows and Mac OS X

CHECK results for RGMQL on palomino3


To the developers/maintainers of the RGMQL package:
- Please allow up to 24 hours (and sometimes 48 hours) for your latest push to git@git.bioconductor.org:packages/RGMQL.git to
reflect on this report. See How and When does the builder pull? When will my changes propagate? for more information.
- Make sure to use the following settings in order to reproduce any error or warning you see on this page.

raw results

Package 1635/2140HostnameOS / ArchINSTALLBUILDCHECKBUILD BIN
RGMQL 1.16.0  (landing page)
Simone Pallotta
Snapshot Date: 2022-08-11 13:55:06 -0400 (Thu, 11 Aug 2022)
git_url: https://git.bioconductor.org/packages/RGMQL
git_branch: RELEASE_3_15
git_last_commit: 4f9e75c
git_last_commit_date: 2022-04-26 11:46:12 -0400 (Tue, 26 Apr 2022)
nebbiolo1Linux (Ubuntu 20.04.4 LTS) / x86_64  OK    OK    WARNINGS  UNNEEDED, same version is already published
palomino3Windows Server 2022 Datacenter / x64  OK    OK    ERROR    OK  
merida1macOS 10.14.6 Mojave / x86_64... NOT SUPPORTED ...

Summary

Package: RGMQL
Version: 1.16.0
Command: F:\biocbuild\bbs-3.15-bioc\R\bin\R.exe CMD check --no-multiarch --install=check:RGMQL.install-out.txt --library=F:\biocbuild\bbs-3.15-bioc\R\library --no-vignettes --timings RGMQL_1.16.0.tar.gz
StartedAt: 2022-08-12 04:04:30 -0400 (Fri, 12 Aug 2022)
EndedAt: 2022-08-12 04:11:41 -0400 (Fri, 12 Aug 2022)
EllapsedTime: 431.2 seconds
RetCode: 1
Status:   ERROR  
CheckDir: RGMQL.Rcheck
Warnings: NA

Command output

##############################################################################
##############################################################################
###
### Running command:
###
###   F:\biocbuild\bbs-3.15-bioc\R\bin\R.exe CMD check --no-multiarch --install=check:RGMQL.install-out.txt --library=F:\biocbuild\bbs-3.15-bioc\R\library --no-vignettes --timings RGMQL_1.16.0.tar.gz
###
##############################################################################
##############################################################################


* using log directory 'F:/biocbuild/bbs-3.15-bioc/meat/RGMQL.Rcheck'
* using R version 4.2.1 (2022-06-23 ucrt)
* using platform: x86_64-w64-mingw32 (64-bit)
* using session charset: UTF-8
* using option '--no-vignettes'
* checking for file 'RGMQL/DESCRIPTION' ... OK
* checking extension type ... Package
* this is package 'RGMQL' version '1.16.0'
* package encoding: UTF-8
* checking package namespace information ... OK
* checking package dependencies ... OK
* checking if this is a source package ... OK
* checking if there is a namespace ... OK
* checking for hidden files and directories ... NOTE
Found the following hidden files and directories:
  .BBSoptions
These were most likely included in error. See section 'Package
structure' in the 'Writing R Extensions' manual.
* checking for portable file names ... WARNING
Found the following files with non-portable file names:
  Example of workflows/use_case_1 - GITHUB.Rmd
  Example of workflows/use_case_1 - GITHUB.html
  Example of workflows/use_case_3 - GITHUB.Rmd
  Example of workflows/use_case_3 - GITHUB.html
  Example of workflows
These are not fully portable file names.
See section 'Package structure' in the 'Writing R Extensions' manual.
* checking whether package 'RGMQL' can be installed ... OK
* checking installed package size ... NOTE
  installed size is 89.9Mb
  sub-directories of 1Mb or more:
    example  89.3Mb
* checking package directory ... OK
* checking 'build' directory ... OK
* checking DESCRIPTION meta-information ... OK
* checking top-level files ... OK
* checking for left-over files ... OK
* checking index information ... OK
* checking package subdirectories ... OK
* checking R files for non-ASCII characters ... OK
* checking R files for syntax errors ... OK
* checking whether the package can be loaded ... OK
* checking whether the package can be loaded with stated dependencies ... OK
* checking whether the package can be unloaded cleanly ... OK
* checking whether the namespace can be loaded with stated dependencies ... OK
* checking whether the namespace can be unloaded cleanly ... OK
* checking dependencies in R code ... OK
* checking S3 generic/method consistency ... OK
* checking replacement functions ... OK
* checking foreign function calls ... OK
* checking R code for possible problems ... OK
* checking Rd files ... OK
* checking Rd metadata ... OK
* checking Rd cross-references ... OK
* checking for missing documentation entries ... OK
* checking for code/documentation mismatches ... OK
* checking Rd \usage sections ... OK
* checking Rd contents ... OK
* checking for unstated dependencies in examples ... OK
* checking files in 'vignettes' ... OK
* checking examples ... ERROR
Running examples in 'RGMQL-Ex.R' failed
The error most likely occurred in:

> base::assign(".ptime", proc.time(), pos = "CheckExEnv")
> ### Name: take
> ### Title: Method take
> ### Aliases: take take,GMQLDataset-method take-method
> 
> ### ** Examples
> 
> ## This statement initializes and runs the GMQL server for local execution 
> ## and creation of results on disk. Then, with system.file() it defines 
> ## the path to the folder "DATASET" in the subdirectory "example"
> ## of the package "RGMQL" and opens such folder as a GMQL dataset 
> ## named "rd" using CustomParser
> 
> init_gmql()
22/08/12 04:11:10 INFO SparkContext: Running Spark version 2.2.0
22/08/12 04:11:10 INFO SparkContext: Submitted application: GMQL-R
22/08/12 04:11:10 INFO SecurityManager: Changing view acls to: biocbuild
22/08/12 04:11:10 INFO SecurityManager: Changing modify acls to: biocbuild
22/08/12 04:11:10 INFO SecurityManager: Changing view acls groups to: 
22/08/12 04:11:10 INFO SecurityManager: Changing modify acls groups to: 
22/08/12 04:11:10 INFO SecurityManager: SecurityManager: authentication disabled; ui acls disabled; users  with view permissions: Set(biocbuild); groups with view permissions: Set(); users  with modify permissions: Set(biocbuild); groups with modify permissions: Set()
22/08/12 04:11:10 INFO Utils: Successfully started service 'sparkDriver' on port 58215.
22/08/12 04:11:10 INFO SparkEnv: Registering MapOutputTracker
22/08/12 04:11:10 INFO SparkEnv: Registering BlockManagerMaster
22/08/12 04:11:10 INFO BlockManagerMasterEndpoint: Using org.apache.spark.storage.DefaultTopologyMapper for getting topology information
22/08/12 04:11:10 INFO BlockManagerMasterEndpoint: BlockManagerMasterEndpoint up
22/08/12 04:11:10 INFO DiskBlockManager: Created local directory at F:\biocbuild\bbs-3.15-bioc\tmp\blockmgr-f38feb70-cae3-4ed1-9767-886acebb3114
22/08/12 04:11:10 INFO MemoryStore: MemoryStore started with capacity 127.2 MB
22/08/12 04:11:10 INFO SparkEnv: Registering OutputCommitCoordinator
22/08/12 04:11:10 INFO Utils: Successfully started service 'SparkUI' on port 4040.
22/08/12 04:11:10 INFO SparkUI: Bound SparkUI to 0.0.0.0, and started at http://10.0.0.11:4040
22/08/12 04:11:10 INFO Executor: Starting executor ID driver on host localhost
22/08/12 04:11:10 INFO Utils: Successfully started service 'org.apache.spark.network.netty.NettyBlockTransferService' on port 58217.
22/08/12 04:11:10 INFO NettyBlockTransferService: Server created on 10.0.0.11:58217
22/08/12 04:11:10 INFO BlockManager: Using org.apache.spark.storage.RandomBlockReplicationPolicy for block replication policy
22/08/12 04:11:10 INFO BlockManagerMaster: Registering BlockManager BlockManagerId(driver, 10.0.0.11, 58217, None)
22/08/12 04:11:10 INFO BlockManagerMasterEndpoint: Registering block manager 10.0.0.11:58217 with 127.2 MB RAM, BlockManagerId(driver, 10.0.0.11, 58217, None)
22/08/12 04:11:10 INFO BlockManagerMaster: Registered BlockManager BlockManagerId(driver, 10.0.0.11, 58217, None)
22/08/12 04:11:10 INFO BlockManager: Initialized BlockManager: BlockManagerId(driver, 10.0.0.11, 58217, None)
GMQL Server is up
> test_path <- system.file("example", "DATASET", package = "RGMQL")
> rd = read_gmql(test_path)
> 
> ## This statement creates a dataset called 'aggr' which contains one 
> ## sample for each antibody_target and cell value found within the metadata 
> ## of the 'rd' dataset sample; each created sample contains all regions 
> ## from all 'rd' samples with a specific value for their 
> ## antibody_target and cell metadata attributes.
>  
> aggr = aggregate(rd, conds(c("antibody_target", "cell")))
> 
> ## This statement performs the query and returns the resulted dataset as 
> ## GRangesList named 'taken'. It returns only the first 45 regions of 
> ## each sample present into GRangesList and all the medatata associated 
> ## with each sample
> 
> taken <- take(aggr, rows = 45)
[OPTIM] variabili da materializzare: 0
22/08/12 04:11:10 INFO MergeMD$: ----------------MergeMD executing..
22/08/12 04:11:10 INFO ReadMD$: ----------------ReadMD executing..
22/08/12 04:11:10 INFO deprecation: mapred.input.dir is deprecated. Instead, use mapreduce.input.fileinputformat.inputdir
22/08/12 04:11:10 INFO deprecation: mapred.max.split.size is deprecated. Instead, use mapreduce.input.fileinputformat.split.maxsize
22/08/12 04:11:29 WARN BlockManager: Putting block broadcast_0 failed due to an exception
22/08/12 04:11:29 WARN BlockManager: Block broadcast_0 could not be removed as it was not found on disk or in memory
Error in .jcall("RJavaTools", "Ljava/lang/Object;", "invokeMethod", cl,  : 
  java.lang.reflect.InaccessibleObjectException: Unable to make field transient java.lang.Object[] java.util.ArrayList.elementData accessible: module java.base does not "opens java.util" to unnamed module @5136d012
Calls: take ... gmql_take -> <Anonymous> -> .jrcall -> .jcall -> .jcheck
Execution halted
* checking for unstated dependencies in vignettes ... OK
* checking package vignettes in 'inst/doc' ... OK
* checking running R code from vignettes ... SKIPPED
* checking re-building of vignette outputs ... SKIPPED
* checking PDF version of manual ... OK
* DONE

Status: 1 ERROR, 1 WARNING, 2 NOTEs
See
  'F:/biocbuild/bbs-3.15-bioc/meat/RGMQL.Rcheck/00check.log'
for details.


Installation output

RGMQL.Rcheck/00install.out

##############################################################################
##############################################################################
###
### Running command:
###
###   F:\biocbuild\bbs-3.15-bioc\R\bin\R.exe CMD INSTALL RGMQL
###
##############################################################################
##############################################################################


* installing to library 'F:/biocbuild/bbs-3.15-bioc/R/library'
* installing *source* package 'RGMQL' ...
** using staged installation
** R
** inst
** byte-compile and prepare package for lazy loading
** help
*** installing help indices
** building package indices
** installing vignettes
** testing if installed package can be loaded from temporary location
** testing if installed package can be loaded from final location
** testing if installed package keeps a record of temporary installation path
* DONE (RGMQL)

Tests output


Example timings

RGMQL.Rcheck/RGMQL-Ex.timings

nameusersystemelapsed
aggr-class 5.39 0.97164.80
aggregate0.050.000.03
arrange0.050.000.06
collect0.030.000.05
compile_query0.350.011.59
cover-param-class0.070.010.03
cover0.040.021.95
delete_dataset000
distal-class0.090.002.16
download_dataset000
execute0.030.000.01
export_gmql0.500.080.58
extend0.020.010.03
filter0.070.001.06
filter_and_extract3.190.323.50
group_by0.110.010.30
import_gmql0.110.000.11
init_gmql0.030.000.17
log_job0.020.000.32
login_gmql0.000.000.14
logout_gmql0.010.000.36
map0.030.001.82
merge0.050.000.03
operator-class0.170.002.27
ordering-class0.030.000.03
read-function0.070.000.40
register_gmql000
remote_processing0.010.000.02
run_query000
sample_metadata0.000.000.44
sample_region000
save_query0.050.000.91
select0.030.001.81
semijoin0.090.000.05
setdiff0.050.000.03
show_all_metadata0.050.000.47
show_dataset0.030.004.62
show_jobs_list0.010.000.32
show_queries_list0.020.000.31
show_samples_list0.020.000.31
show_schema0.010.000.31
stop_gmql0.060.064.50
stop_job000