Back to Multiple platform build/check report for BioC 3.15
AB[C]DEFGHIJKLMNOPQRSTUVWXYZ

This page was generated on 2022-05-20 12:06:18 -0400 (Fri, 20 May 2022).

HostnameOSArch (*)R versionInstalled pkgs
nebbiolo1Linux (Ubuntu 20.04.4 LTS)x86_644.2.0 (2022-04-22) -- "Vigorous Calisthenics" 4380
palomino3Windows Server 2022 Datacenterx644.2.0 (2022-04-22 ucrt) -- "Vigorous Calisthenics" 4155
merida1macOS 10.14.6 Mojavex86_644.2.0 (2022-04-22) -- "Vigorous Calisthenics" 4221
Click on any hostname to see more info about the system (e.g. compilers)      (*) as reported by 'uname -p', except on Windows and Mac OS X

CHECK results for ChIPQC on palomino3


To the developers/maintainers of the ChIPQC package:
- Please allow up to 24 hours (and sometimes 48 hours) for your latest push to git@git.bioconductor.org:packages/ChIPQC.git to
reflect on this report. See How and When does the builder pull? When will my changes propagate? for more information.
- Make sure to use the following settings in order to reproduce any error or warning you see on this page.

raw results

Package 311/2140HostnameOS / ArchINSTALLBUILDCHECKBUILD BIN
ChIPQC 1.32.0  (landing page)
Tom Carroll , Rory Stark
Snapshot Date: 2022-05-19 13:55:15 -0400 (Thu, 19 May 2022)
git_url: https://git.bioconductor.org/packages/ChIPQC
git_branch: RELEASE_3_15
git_last_commit: 94963db
git_last_commit_date: 2022-04-26 11:18:34 -0400 (Tue, 26 Apr 2022)
nebbiolo1Linux (Ubuntu 20.04.4 LTS) / x86_64  OK    OK    WARNINGS  UNNEEDED, same version is already published
palomino3Windows Server 2022 Datacenter / x64  OK    OK    WARNINGS    OK  UNNEEDED, same version is already published
merida1macOS 10.14.6 Mojave / x86_64  OK    OK    WARNINGS    OK  UNNEEDED, same version is already published

Summary

Package: ChIPQC
Version: 1.32.0
Command: F:\biocbuild\bbs-3.15-bioc\R\bin\R.exe CMD check --no-multiarch --install=check:ChIPQC.install-out.txt --library=F:\biocbuild\bbs-3.15-bioc\R\library --no-vignettes --timings ChIPQC_1.32.0.tar.gz
StartedAt: 2022-05-19 22:48:10 -0400 (Thu, 19 May 2022)
EndedAt: 2022-05-19 22:55:09 -0400 (Thu, 19 May 2022)
EllapsedTime: 418.7 seconds
RetCode: 0
Status:   WARNINGS  
CheckDir: ChIPQC.Rcheck
Warnings: 1

Command output

##############################################################################
##############################################################################
###
### Running command:
###
###   F:\biocbuild\bbs-3.15-bioc\R\bin\R.exe CMD check --no-multiarch --install=check:ChIPQC.install-out.txt --library=F:\biocbuild\bbs-3.15-bioc\R\library --no-vignettes --timings ChIPQC_1.32.0.tar.gz
###
##############################################################################
##############################################################################


* using log directory 'F:/biocbuild/bbs-3.15-bioc/meat/ChIPQC.Rcheck'
* using R version 4.2.0 (2022-04-22 ucrt)
* using platform: x86_64-w64-mingw32 (64-bit)
* using session charset: UTF-8
* using option '--no-vignettes'
* checking for file 'ChIPQC/DESCRIPTION' ... OK
* checking extension type ... Package
* this is package 'ChIPQC' version '1.32.0'
* checking package namespace information ... OK
* checking package dependencies ... OK
* checking if this is a source package ... OK
* checking if there is a namespace ... OK
* checking for hidden files and directories ... OK
* checking for portable file names ... OK
* checking whether package 'ChIPQC' can be installed ... OK
* checking installed package size ... OK
* checking package directory ... OK
* checking 'build' directory ... OK
* checking DESCRIPTION meta-information ... OK
* checking top-level files ... OK
* checking for left-over files ... OK
* checking index information ... OK
* checking package subdirectories ... OK
* checking R files for non-ASCII characters ... OK
* checking R files for syntax errors ... OK
* checking whether the package can be loaded ... OK
* checking whether the package can be loaded with stated dependencies ... OK
* checking whether the package can be unloaded cleanly ... OK
* checking whether the namespace can be loaded with stated dependencies ... OK
* checking whether the namespace can be unloaded cleanly ... OK
* checking dependencies in R code ... NOTE
Unexported object imported by a ':::' call: 'S4Vectors:::tabulate2'
  See the note in ?`:::` about the use of this operator.
* checking S3 generic/method consistency ... OK
* checking replacement functions ... OK
* checking foreign function calls ... NOTE
Foreign function call to a different package:
  .Call("rle_sum_any", ..., PACKAGE = "chipseq")
See chapter 'System and foreign language interfaces' in the 'Writing R
Extensions' manual.
* checking R code for possible problems ... NOTE
GetGRanges: no visible global function definition for 'seqlevels<-'
findCovMaxPos: no visible global function definition for 'seqlengths'
findCovMaxPos: no visible global function definition for 'seqlengths<-'
getAnnotation: no visible binding for global variable
  'TxDb.Hsapiens.UCSC.hg38.knownGene'
getAnnotation: no visible global function definition for 'seqlengths'
makeCCplot: no visible binding for global variable 'Shift_Size'
makeCCplot: no visible binding for global variable 'CC_Score'
makeCoveragePlot: no visible binding for global variable 'Depth'
makeCoveragePlot: no visible binding for global variable 'log10_bp'
makeCoveragePlot: no visible binding for global variable 'Sample'
makeFriblPlot: no visible binding for global variable 'Sample'
makeFriblPlot: no visible binding for global variable 'FRIBL'
makeFriblPlot: no visible binding for global variable 'Reads'
makeFripPlot: no visible binding for global variable 'Sample'
makeFripPlot: no visible binding for global variable 'FRIP'
makeFripPlot: no visible binding for global variable 'Reads'
makePeakProfilePlot: no visible binding for global variable 'Distance'
makePeakProfilePlot: no visible binding for global variable 'Signal'
makeRapPlot: no visible binding for global variable 'Sample'
makeRapPlot: no visible binding for global variable 'CountsInPeaks'
makeRegiPlot: no visible binding for global variable 'Sample'
makeRegiPlot: no visible binding for global variable 'GenomicIntervals'
makeRegiPlot: no visible binding for global variable 'log2_Enrichment'
makeSSDPlot: no visible binding for global variable 'Sample'
makeSSDPlot: no visible binding for global variable 'SSD'
makeSSDPlot: no visible global function definition for 'geom_point'
sampleQC: no visible global function definition for 'seqlevels<-'
plotCC,ChIPQCexperiment: no visible binding for global variable
  'Sample'
plotCC,list: no visible binding for global variable 'Sample'
plotPeakProfile,ChIPQCexperiment: no visible binding for global
  variable 'Sample'
plotPeakProfile,list: no visible binding for global variable 'Sample'
Undefined global functions or variables:
  CC_Score CountsInPeaks Depth Distance FRIBL FRIP GenomicIntervals
  Reads SSD Sample Shift_Size Signal TxDb.Hsapiens.UCSC.hg38.knownGene
  geom_point log10_bp log2_Enrichment seqlengths seqlengths<-
  seqlevels<-
Consider adding
  importFrom("stats", "SSD")
to your NAMESPACE file.
* checking Rd files ... OK
* checking Rd metadata ... OK
* checking Rd cross-references ... OK
* checking for missing documentation entries ... OK
* checking for code/documentation mismatches ... OK
* checking Rd \usage sections ... OK
* checking Rd contents ... OK
* checking for unstated dependencies in examples ... OK
* checking contents of 'data' directory ... OK
* checking data for non-ASCII characters ... WARNING
  Error loading dataset 'exampleExp':
   Error in .requirePackage(package) : 
    unable to find required package 'ChIPQC'
  
  Error loading dataset 'tamoxifen':
   Error in .requirePackage(package) : 
    unable to find required package 'ChIPQC'
  
  The dataset(s) may use package(s) not declared in the DESCRIPTION file.
* checking data for ASCII and uncompressed saves ... OK
* checking sizes of PDF files under 'inst/doc' ... OK
* checking installed files from 'inst/doc' ... OK
* checking files in 'vignettes' ... OK
* checking examples ... OK
Examples with CPU (user + system) or elapsed time > 5s
              user system elapsed
ChIPQCreport 23.92   0.64   24.87
* checking for unstated dependencies in vignettes ... OK
* checking package vignettes in 'inst/doc' ... OK
* checking running R code from vignettes ... SKIPPED
* checking re-building of vignette outputs ... SKIPPED
* checking PDF version of manual ... OK
* DONE

Status: 1 WARNING, 3 NOTEs
See
  'F:/biocbuild/bbs-3.15-bioc/meat/ChIPQC.Rcheck/00check.log'
for details.



Installation output

ChIPQC.Rcheck/00install.out

##############################################################################
##############################################################################
###
### Running command:
###
###   F:\biocbuild\bbs-3.15-bioc\R\bin\R.exe CMD INSTALL ChIPQC
###
##############################################################################
##############################################################################


* installing to library 'F:/biocbuild/bbs-3.15-bioc/R/library'
* installing *source* package 'ChIPQC' ...
** using staged installation
** R
** data
** inst
** byte-compile and prepare package for lazy loading
** help
*** installing help indices
** building package indices
** installing vignettes
** testing if installed package can be loaded from temporary location
** testing if installed package can be loaded from final location
** testing if installed package keeps a record of temporary installation path
* DONE (ChIPQC)

Tests output


Example timings

ChIPQC.Rcheck/ChIPQC-Ex.timings

nameusersystemelapsed
ChIPQC-data1.480.071.57
ChIPQC1.650.021.65
ChIPQCexperiment-class0.520.030.55
ChIPQCreport23.92 0.6424.87
ChIPQCsample-class0.870.030.91
FragmentLengthCrossCoverage-methods0.050.000.05
Normalisedaveragepeaksignal-methods0.030.000.03
QCannotation-methods0.010.000.02
QCcontrol-methods0.210.000.20
QCdba-methods0.090.000.09
QCmetadata-methods0.080.020.10
QCmetrics-methods0.590.010.61
QCsample-methods0.080.000.07
ReadLengthCrossCoverage-methods0.020.000.02
RelativeCrossCoverage-methods0.060.000.06
averagepeaksignal-methods0.030.000.03
coveragehistogram-methods0.050.000.05
crosscoverage-methods0.010.020.03
duplicateRate-methods0.020.010.03
duplicates-methods0.010.000.01
flagtagcounts-methods0.020.000.02
fragmentlength-methods0.050.000.05
frip-methods0.020.000.02
mapped-methods0.010.000.01
peaks-methods0.140.000.14
plotCC-methods1.050.021.07
plotCorHeatmap-methods0.170.000.17
plotCoverageHist-methods0.420.000.43
plotFribl-methods0.450.000.45
plotFrip-methods0.520.010.53
plotPeakProfile-methods1.090.051.14
plotPrincomp-methods0.20.00.2
plotRap-methods0.650.000.64
plotRegi-methods1.100.011.13
plotSSD-methods1.440.041.47
readlength-methods0.030.000.03
reads-methods0.020.000.02
regi-methods0.050.000.04
ribl-methods0.010.000.02
rip-methods0.020.000.01
ssd-methods0.010.000.02