Back to Multiple platform build/check report for BioC 3.15
AB[C]DEFGHIJKLMNOPQRSTUVWXYZ

This page was generated on 2022-07-01 12:05:06 -0400 (Fri, 01 Jul 2022).

HostnameOSArch (*)R versionInstalled pkgs
nebbiolo1Linux (Ubuntu 20.04.4 LTS)x86_644.2.0 (2022-04-22) -- "Vigorous Calisthenics" 4380
palomino3Windows Server 2022 Datacenterx644.2.0 (2022-04-22 ucrt) -- "Vigorous Calisthenics" 4156
merida1macOS 10.14.6 Mojavex86_644.2.0 (2022-04-22) -- "Vigorous Calisthenics" 4221
Click on any hostname to see more info about the system (e.g. compilers)      (*) as reported by 'uname -p', except on Windows and Mac OS X

CHECK results for ChIPQC on nebbiolo1


To the developers/maintainers of the ChIPQC package:
- Please allow up to 24 hours (and sometimes 48 hours) for your latest push to git@git.bioconductor.org:packages/ChIPQC.git to
reflect on this report. See How and When does the builder pull? When will my changes propagate? for more information.
- Make sure to use the following settings in order to reproduce any error or warning you see on this page.

raw results

Package 311/2140HostnameOS / ArchINSTALLBUILDCHECKBUILD BIN
ChIPQC 1.32.0  (landing page)
Tom Carroll , Rory Stark
Snapshot Date: 2022-06-30 13:55:04 -0400 (Thu, 30 Jun 2022)
git_url: https://git.bioconductor.org/packages/ChIPQC
git_branch: RELEASE_3_15
git_last_commit: 94963db
git_last_commit_date: 2022-04-26 11:18:34 -0400 (Tue, 26 Apr 2022)
nebbiolo1Linux (Ubuntu 20.04.4 LTS) / x86_64  OK    OK    WARNINGS  UNNEEDED, same version is already published
palomino3Windows Server 2022 Datacenter / x64  OK    OK    WARNINGS    OK  UNNEEDED, same version is already published
merida1macOS 10.14.6 Mojave / x86_64  OK    OK    WARNINGS    OK  UNNEEDED, same version is already published

Summary

Package: ChIPQC
Version: 1.32.0
Command: /home/biocbuild/bbs-3.15-bioc/R/bin/R CMD check --install=check:ChIPQC.install-out.txt --library=/home/biocbuild/bbs-3.15-bioc/R/library --no-vignettes --timings ChIPQC_1.32.0.tar.gz
StartedAt: 2022-06-30 19:10:09 -0400 (Thu, 30 Jun 2022)
EndedAt: 2022-06-30 19:16:18 -0400 (Thu, 30 Jun 2022)
EllapsedTime: 368.9 seconds
RetCode: 0
Status:   WARNINGS  
CheckDir: ChIPQC.Rcheck
Warnings: 1

Command output

##############################################################################
##############################################################################
###
### Running command:
###
###   /home/biocbuild/bbs-3.15-bioc/R/bin/R CMD check --install=check:ChIPQC.install-out.txt --library=/home/biocbuild/bbs-3.15-bioc/R/library --no-vignettes --timings ChIPQC_1.32.0.tar.gz
###
##############################################################################
##############################################################################


* using log directory ‘/home/biocbuild/bbs-3.15-bioc/meat/ChIPQC.Rcheck’
* using R version 4.2.0 (2022-04-22)
* using platform: x86_64-pc-linux-gnu (64-bit)
* using session charset: UTF-8
* using option ‘--no-vignettes’
* checking for file ‘ChIPQC/DESCRIPTION’ ... OK
* checking extension type ... Package
* this is package ‘ChIPQC’ version ‘1.32.0’
* checking package namespace information ... OK
* checking package dependencies ... OK
* checking if this is a source package ... OK
* checking if there is a namespace ... OK
* checking for hidden files and directories ... OK
* checking for portable file names ... OK
* checking for sufficient/correct file permissions ... OK
* checking whether package ‘ChIPQC’ can be installed ... OK
* checking installed package size ... OK
* checking package directory ... OK
* checking ‘build’ directory ... OK
* checking DESCRIPTION meta-information ... OK
* checking top-level files ... OK
* checking for left-over files ... OK
* checking index information ... OK
* checking package subdirectories ... OK
* checking R files for non-ASCII characters ... OK
* checking R files for syntax errors ... OK
* checking whether the package can be loaded ... OK
* checking whether the package can be loaded with stated dependencies ... OK
* checking whether the package can be unloaded cleanly ... OK
* checking whether the namespace can be loaded with stated dependencies ... OK
* checking whether the namespace can be unloaded cleanly ... OK
* checking dependencies in R code ... NOTE
Unexported object imported by a ':::' call: ‘S4Vectors:::tabulate2’
  See the note in ?`:::` about the use of this operator.
* checking S3 generic/method consistency ... OK
* checking replacement functions ... OK
* checking foreign function calls ... NOTE
Foreign function call to a different package:
  .Call("rle_sum_any", ..., PACKAGE = "chipseq")
See chapter ‘System and foreign language interfaces’ in the ‘Writing R
Extensions’ manual.
* checking R code for possible problems ... NOTE
GetGRanges: no visible global function definition for ‘seqlevels<-’
findCovMaxPos: no visible global function definition for ‘seqlengths’
findCovMaxPos: no visible global function definition for ‘seqlengths<-’
getAnnotation: no visible binding for global variable
  ‘TxDb.Hsapiens.UCSC.hg38.knownGene’
getAnnotation: no visible global function definition for ‘seqlengths’
makeCCplot: no visible binding for global variable ‘Shift_Size’
makeCCplot: no visible binding for global variable ‘CC_Score’
makeCoveragePlot: no visible binding for global variable ‘Depth’
makeCoveragePlot: no visible binding for global variable ‘log10_bp’
makeCoveragePlot: no visible binding for global variable ‘Sample’
makeFriblPlot: no visible binding for global variable ‘Sample’
makeFriblPlot: no visible binding for global variable ‘FRIBL’
makeFriblPlot: no visible binding for global variable ‘Reads’
makeFripPlot: no visible binding for global variable ‘Sample’
makeFripPlot: no visible binding for global variable ‘FRIP’
makeFripPlot: no visible binding for global variable ‘Reads’
makePeakProfilePlot: no visible binding for global variable ‘Distance’
makePeakProfilePlot: no visible binding for global variable ‘Signal’
makeRapPlot: no visible binding for global variable ‘Sample’
makeRapPlot: no visible binding for global variable ‘CountsInPeaks’
makeRegiPlot: no visible binding for global variable ‘Sample’
makeRegiPlot: no visible binding for global variable ‘GenomicIntervals’
makeRegiPlot: no visible binding for global variable ‘log2_Enrichment’
makeSSDPlot: no visible binding for global variable ‘Sample’
makeSSDPlot: no visible binding for global variable ‘SSD’
makeSSDPlot: no visible global function definition for ‘geom_point’
sampleQC: no visible global function definition for ‘seqlevels<-’
plotCC,ChIPQCexperiment: no visible binding for global variable
  ‘Sample’
plotCC,list: no visible binding for global variable ‘Sample’
plotPeakProfile,ChIPQCexperiment: no visible binding for global
  variable ‘Sample’
plotPeakProfile,list: no visible binding for global variable ‘Sample’
Undefined global functions or variables:
  CC_Score CountsInPeaks Depth Distance FRIBL FRIP GenomicIntervals
  Reads SSD Sample Shift_Size Signal TxDb.Hsapiens.UCSC.hg38.knownGene
  geom_point log10_bp log2_Enrichment seqlengths seqlengths<-
  seqlevels<-
Consider adding
  importFrom("stats", "SSD")
to your NAMESPACE file.
* checking Rd files ... OK
* checking Rd metadata ... OK
* checking Rd cross-references ... OK
* checking for missing documentation entries ... OK
* checking for code/documentation mismatches ... OK
* checking Rd \usage sections ... OK
* checking Rd contents ... OK
* checking for unstated dependencies in examples ... OK
* checking contents of ‘data’ directory ... OK
* checking data for non-ASCII characters ... WARNING
  Error loading dataset 'exampleExp':
   Error in .requirePackage(package) : 
    unable to find required package 'ChIPQC'
  
  Error loading dataset 'tamoxifen':
   Error in .requirePackage(package) : 
    unable to find required package 'ChIPQC'
  
  The dataset(s) may use package(s) not declared in the DESCRIPTION file.
* checking data for ASCII and uncompressed saves ... OK
* checking installed files from ‘inst/doc’ ... OK
* checking files in ‘vignettes’ ... OK
* checking examples ... OK
Examples with CPU (user + system) or elapsed time > 5s
               user system elapsed
ChIPQCreport 18.945  0.619  19.564
* checking for unstated dependencies in vignettes ... OK
* checking package vignettes in ‘inst/doc’ ... OK
* checking running R code from vignettes ... SKIPPED
* checking re-building of vignette outputs ... SKIPPED
* checking PDF version of manual ... OK
* DONE

Status: 1 WARNING, 3 NOTEs
See
  ‘/home/biocbuild/bbs-3.15-bioc/meat/ChIPQC.Rcheck/00check.log’
for details.



Installation output

ChIPQC.Rcheck/00install.out

##############################################################################
##############################################################################
###
### Running command:
###
###   /home/biocbuild/bbs-3.15-bioc/R/bin/R CMD INSTALL ChIPQC
###
##############################################################################
##############################################################################


* installing to library ‘/home/biocbuild/bbs-3.15-bioc/R/library’
* installing *source* package ‘ChIPQC’ ...
** using staged installation
** R
** data
** inst
** byte-compile and prepare package for lazy loading
** help
*** installing help indices
** building package indices
** installing vignettes
** testing if installed package can be loaded from temporary location
** testing if installed package can be loaded from final location
** testing if installed package keeps a record of temporary installation path
* DONE (ChIPQC)

Tests output


Example timings

ChIPQC.Rcheck/ChIPQC-Ex.timings

nameusersystemelapsed
ChIPQC-data1.0680.0121.081
ChIPQC0.3370.0160.353
ChIPQCexperiment-class1.4430.0841.527
ChIPQCreport18.945 0.61919.564
ChIPQCsample-class0.9300.0520.983
FragmentLengthCrossCoverage-methods0.0490.0000.050
Normalisedaveragepeaksignal-methods0.0260.0000.025
QCannotation-methods0.0160.0040.020
QCcontrol-methods0.1880.0080.195
QCdba-methods0.1120.0000.111
QCmetadata-methods0.1080.0040.112
QCmetrics-methods0.4120.0280.440
QCsample-methods0.0830.0040.086
ReadLengthCrossCoverage-methods0.0240.0000.024
RelativeCrossCoverage-methods0.0650.0000.066
averagepeaksignal-methods0.0290.0000.028
coveragehistogram-methods0.0200.0080.029
crosscoverage-methods0.0250.0000.024
duplicateRate-methods0.0160.0000.016
duplicates-methods0.0160.0000.016
flagtagcounts-methods0.0160.0000.016
fragmentlength-methods0.0510.0000.051
frip-methods0.0160.0000.016
mapped-methods0.0150.0000.016
peaks-methods0.1430.0000.143
plotCC-methods1.0190.0041.023
plotCorHeatmap-methods0.1820.0080.190
plotCoverageHist-methods0.4330.0080.442
plotFribl-methods0.4730.0000.472
plotFrip-methods0.5060.0000.506
plotPeakProfile-methods1.2490.0041.252
plotPrincomp-methods0.1930.0080.201
plotRap-methods0.7310.0000.731
plotRegi-methods0.8330.0160.849
plotSSD-methods1.1060.0281.134
readlength-methods0.0110.0050.016
reads-methods0.0090.0060.015
regi-methods0.0440.0000.045
ribl-methods0.0160.0000.016
rip-methods0.0110.0040.016
ssd-methods0.0160.0000.016