Back to Multiple platform build/check report for BioC 3.14
ABCD[E]FGHIJKLMNOPQRSTUVWXYZ

This page was generated on 2022-01-19 13:05:20 -0500 (Wed, 19 Jan 2022).

HostnameOSArch (*)R versionInstalled pkgs
nebbiolo2Linux (Ubuntu 20.04.4 LTS)x86_644.1.2 (2021-11-01) -- "Bird Hippie" 4328
tokay2Windows Server 2012 R2 Standardx644.1.2 (2021-11-01) -- "Bird Hippie" 4077
machv2macOS 10.14.6 Mojavex86_644.1.2 (2021-11-01) -- "Bird Hippie" 4138
Click on any hostname to see more info about the system (e.g. compilers)      (*) as reported by 'uname -p', except on Windows and Mac OS X

CHECK results for EBcoexpress on nebbiolo2


To the developers/maintainers of the EBcoexpress package:
- Please allow up to 24 hours (and sometimes 48 hours) for your latest push to git@git.bioconductor.org:packages/EBcoexpress.git to
reflect on this report. See How and When does the builder pull? When will my changes propagate? here for more information.
- Make sure to use the following settings in order to reproduce any error or warning you see on this page.

raw results

Package 558/2083HostnameOS / ArchINSTALLBUILDCHECKBUILD BIN
EBcoexpress 1.38.0  (landing page)
John A. Dawson
Snapshot Date: 2022-01-18 01:55:07 -0500 (Tue, 18 Jan 2022)
git_url: https://git.bioconductor.org/packages/EBcoexpress
git_branch: RELEASE_3_14
git_last_commit: b5bb5f1
git_last_commit_date: 2021-10-26 12:02:56 -0500 (Tue, 26 Oct 2021)
nebbiolo2Linux (Ubuntu 20.04.4 LTS) / x86_64  OK    OK    WARNINGS  UNNEEDED, same version is already published
tokay2Windows Server 2012 R2 Standard / x64  OK    OK    WARNINGS    OK  UNNEEDED, same version is already published
machv2macOS 10.14.6 Mojave / x86_64  OK    OK    OK    OK  UNNEEDED, same version is already published

Summary

Package: EBcoexpress
Version: 1.38.0
Command: /home/biocbuild/bbs-3.14-bioc/R/bin/R CMD check --install=check:EBcoexpress.install-out.txt --library=/home/biocbuild/bbs-3.14-bioc/R/library --no-vignettes --timings EBcoexpress_1.38.0.tar.gz
StartedAt: 2022-01-18 07:16:59 -0500 (Tue, 18 Jan 2022)
EndedAt: 2022-01-18 07:17:37 -0500 (Tue, 18 Jan 2022)
EllapsedTime: 38.0 seconds
RetCode: 0
Status:   WARNINGS  
CheckDir: EBcoexpress.Rcheck
Warnings: 1

Command output

##############################################################################
##############################################################################
###
### Running command:
###
###   /home/biocbuild/bbs-3.14-bioc/R/bin/R CMD check --install=check:EBcoexpress.install-out.txt --library=/home/biocbuild/bbs-3.14-bioc/R/library --no-vignettes --timings EBcoexpress_1.38.0.tar.gz
###
##############################################################################
##############################################################################


* using log directory ‘/home/biocbuild/bbs-3.14-bioc/meat/EBcoexpress.Rcheck’
* using R version 4.1.2 (2021-11-01)
* using platform: x86_64-pc-linux-gnu (64-bit)
* using session charset: UTF-8
* using option ‘--no-vignettes’
* checking for file ‘EBcoexpress/DESCRIPTION’ ... OK
* checking extension type ... Package
* this is package ‘EBcoexpress’ version ‘1.38.0’
* checking package namespace information ... OK
* checking package dependencies ... OK
* checking if this is a source package ... OK
* checking if there is a namespace ... OK
* checking for hidden files and directories ... OK
* checking for portable file names ... OK
* checking for sufficient/correct file permissions ... OK
* checking whether package ‘EBcoexpress’ can be installed ... WARNING
Found the following significant warnings:
  EBcoexpress.c:74:15: warning: suggest parentheses around comparison in operand of ‘|’ [-Wparentheses]
See ‘/home/biocbuild/bbs-3.14-bioc/meat/EBcoexpress.Rcheck/00install.out’ for details.
* checking installed package size ... OK
* checking package directory ... OK
* checking ‘build’ directory ... OK
* checking DESCRIPTION meta-information ... NOTE
Malformed Description field: should contain one or more complete sentences.
* checking top-level files ... OK
* checking for left-over files ... OK
* checking index information ... OK
* checking package subdirectories ... OK
* checking R files for non-ASCII characters ... OK
* checking R files for syntax errors ... OK
* checking whether the package can be loaded ... OK
* checking whether the package can be loaded with stated dependencies ... OK
* checking whether the package can be unloaded cleanly ... OK
* checking whether the namespace can be loaded with stated dependencies ... OK
* checking whether the namespace can be unloaded cleanly ... OK
* checking dependencies in R code ... NOTE
'library' or 'require' calls in package code:
  ‘colorspace’ ‘graph’ ‘igraph’
  Please use :: or requireNamespace() instead.
  See section 'Suggested packages' in the 'Writing R Extensions' manual.
Packages in Depends field not imported from:
  ‘EBarrays’ ‘mclust’ ‘minqa’
  These packages need to be imported from (in the NAMESPACE file)
  for when this namespace is loaded but not attached.
* checking S3 generic/method consistency ... OK
* checking replacement functions ... OK
* checking foreign function calls ... OK
* checking R code for possible problems ... NOTE
rankMyGenes: warning in sort(table(allNames), decr = TRUE): partial
  argument match of 'decr' to 'decreasing'
bwmc: no visible binding for global variable ‘median’
bwmc: no visible binding for global variable ‘mad’
ebCoexpressFullTCAECM: no visible global function definition for
  ‘bobyqa’
ebCoexpressOneStep: no visible global function definition for ‘bobyqa’
initializeHP : getMclustHPests : devHelper: no visible global function
  definition for ‘density’
initializeHP : getMclustHPests : devHelper : fundDev: no visible global
  function definition for ‘dnorm’
initializeHP : getMclustHPests: no visible global function definition
  for ‘Mclust’
initializeHP : getMclustHPests : checkMyData : funa: no visible global
  function definition for ‘dnorm’
initializeHP : getMclustHPests : checkMyData: no visible global
  function definition for ‘density’
initializeHP : getMclustHPests : checkMyData: no visible global
  function definition for ‘lines’
initializeHP: no visible global function definition for ‘par’
makeMyD: no visible global function definition for ‘cor’
priorDiagnostic : funa: no visible global function definition for
  ‘dnorm’
priorDiagnostic: no visible global function definition for ‘density’
priorDiagnostic: no visible global function definition for ‘lines’
showNetwork: no visible global function definition for ‘graph.full’
showNetwork: no visible global function definition for ‘hex’
showNetwork: no visible global function definition for ‘RGB’
showNetwork: no visible global function definition for ‘layout.circle’
showPair: no visible global function definition for ‘palette’
showPair : getUsed: no visible global function definition for ‘median’
showPair : getUsed: no visible global function definition for ‘mad’
showPair: no visible global function definition for ‘box’
showPair: no visible global function definition for ‘lm’
showPair: no visible binding for global variable ‘segments’
Undefined global functions or variables:
  Mclust RGB bobyqa box cor density dnorm graph.full hex layout.circle
  lines lm mad median palette par segments
Consider adding
  importFrom("grDevices", "palette")
  importFrom("graphics", "box", "lines", "par", "segments")
  importFrom("stats", "cor", "density", "dnorm", "lm", "mad", "median")
to your NAMESPACE file.
* checking Rd files ... OK
* checking Rd metadata ... OK
* checking Rd cross-references ... OK
* checking for missing documentation entries ... OK
* checking for code/documentation mismatches ... OK
* checking Rd \usage sections ... OK
* checking Rd contents ... OK
* checking for unstated dependencies in examples ... OK
* checking contents of ‘data’ directory ... OK
* checking data for non-ASCII characters ... OK
* checking data for ASCII and uncompressed saves ... OK
* checking line endings in C/C++/Fortran sources/headers ... OK
* checking compiled code ... NOTE
Note: information on .o files is not available
* checking files in ‘vignettes’ ... OK
* checking examples ... OK
* checking for unstated dependencies in vignettes ... OK
* checking package vignettes in ‘inst/doc’ ... OK
* checking running R code from vignettes ... SKIPPED
* checking re-building of vignette outputs ... SKIPPED
* checking PDF version of manual ... OK
* DONE

Status: 1 WARNING, 4 NOTEs
See
  ‘/home/biocbuild/bbs-3.14-bioc/meat/EBcoexpress.Rcheck/00check.log’
for details.



Installation output

EBcoexpress.Rcheck/00install.out

##############################################################################
##############################################################################
###
### Running command:
###
###   /home/biocbuild/bbs-3.14-bioc/R/bin/R CMD INSTALL EBcoexpress
###
##############################################################################
##############################################################################


* installing to library ‘/home/biocbuild/bbs-3.14-bioc/R/library’
* installing *source* package ‘EBcoexpress’ ...
** using staged installation
** libs
gcc -I"/home/biocbuild/bbs-3.14-bioc/R/include" -DNDEBUG   -I/usr/local/include   -fpic  -g -O2  -Wall -c EBcoexpress.c -o EBcoexpress.o
EBcoexpress.c: In function ‘bwmcCworker’:
EBcoexpress.c:74:15: warning: suggest parentheses around comparison in operand of ‘|’ [-Wparentheses]
   74 |       if(temp < -1 | temp > 1)
      |          ~~~~~^~~~
gcc -shared -L/home/biocbuild/bbs-3.14-bioc/R/lib -L/usr/local/lib -o EBcoexpress.so EBcoexpress.o -L/home/biocbuild/bbs-3.14-bioc/R/lib -lR
installing to /home/biocbuild/bbs-3.14-bioc/R/library/00LOCK-EBcoexpress/00new/EBcoexpress/libs
** R
** data
** demo
** byte-compile and prepare package for lazy loading
** help
*** installing help indices
** building package indices
** installing vignettes
** testing if installed package can be loaded from temporary location
** checking absolute paths in shared objects and dynamic libraries
** testing if installed package can be loaded from final location
** testing if installed package keeps a record of temporary installation path
* DONE (EBcoexpress)

Tests output


Example timings

EBcoexpress.Rcheck/EBcoexpress-Ex.timings

nameusersystemelapsed
ebCoexpressMeta0.7100.0050.714
ebCoexpressSeries0.6220.0000.623
fiftyGenes0.0020.0000.002
initializeHP0.3450.0000.345
makeMyD0.0240.0040.028
priorDiagnostic0.5370.0000.536
rankMyGenes0.390.000.39
showNetwork0.6010.0000.602
showPair0.0310.0000.031
utilities0.0040.0000.004