Back to Multiple platform build/check report for BioC 3.14
A[B]CDEFGHIJKLMNOPQRSTUVWXYZ

This page was generated on 2022-04-13 12:06:16 -0400 (Wed, 13 Apr 2022).

HostnameOSArch (*)R versionInstalled pkgs
nebbiolo2Linux (Ubuntu 20.04.4 LTS)x86_644.1.3 (2022-03-10) -- "One Push-Up" 4324
tokay2Windows Server 2012 R2 Standardx644.1.3 (2022-03-10) -- "One Push-Up" 4077
machv2macOS 10.14.6 Mojavex86_644.1.3 (2022-03-10) -- "One Push-Up" 4137
Click on any hostname to see more info about the system (e.g. compilers)      (*) as reported by 'uname -p', except on Windows and Mac OS X

CHECK results for BSgenome on tokay2


To the developers/maintainers of the BSgenome package:
- Please allow up to 24 hours (and sometimes 48 hours) for your latest push to git@git.bioconductor.org:packages/BSgenome.git to
reflect on this report. See How and When does the builder pull? When will my changes propagate? for more information.
- Make sure to use the following settings in order to reproduce any error or warning you see on this page.

raw results

Package 220/2083HostnameOS / ArchINSTALLBUILDCHECKBUILD BIN
BSgenome 1.62.0  (landing page)
H. Pag├Ęs
Snapshot Date: 2022-04-12 01:55:07 -0400 (Tue, 12 Apr 2022)
git_url: https://git.bioconductor.org/packages/BSgenome
git_branch: RELEASE_3_14
git_last_commit: 9b1859e
git_last_commit_date: 2021-10-26 11:49:47 -0400 (Tue, 26 Oct 2021)
nebbiolo2Linux (Ubuntu 20.04.4 LTS) / x86_64  OK    OK    WARNINGS  UNNEEDED, same version is already published
tokay2Windows Server 2012 R2 Standard / x64  OK    OK    WARNINGS    OK  UNNEEDED, same version is already published
machv2macOS 10.14.6 Mojave / x86_64  OK    OK    WARNINGS    OK  UNNEEDED, same version is already published

Summary

Package: BSgenome
Version: 1.62.0
Command: C:\Users\biocbuild\bbs-3.14-bioc\R\bin\R.exe CMD check --force-multiarch --install=check:BSgenome.install-out.txt --library=C:\Users\biocbuild\bbs-3.14-bioc\R\library --no-vignettes --timings BSgenome_1.62.0.tar.gz
StartedAt: 2022-04-12 16:39:22 -0400 (Tue, 12 Apr 2022)
EndedAt: 2022-04-12 16:51:10 -0400 (Tue, 12 Apr 2022)
EllapsedTime: 708.0 seconds
RetCode: 0
Status:   WARNINGS  
CheckDir: BSgenome.Rcheck
Warnings: 2

Command output

##############################################################################
##############################################################################
###
### Running command:
###
###   C:\Users\biocbuild\bbs-3.14-bioc\R\bin\R.exe CMD check --force-multiarch --install=check:BSgenome.install-out.txt --library=C:\Users\biocbuild\bbs-3.14-bioc\R\library --no-vignettes --timings BSgenome_1.62.0.tar.gz
###
##############################################################################
##############################################################################


* using log directory 'C:/Users/biocbuild/bbs-3.14-bioc/meat/BSgenome.Rcheck'
* using R version 4.1.3 (2022-03-10)
* using platform: x86_64-w64-mingw32 (64-bit)
* using session charset: ISO8859-1
* using option '--no-vignettes'
* checking for file 'BSgenome/DESCRIPTION' ... OK
* this is package 'BSgenome' version '1.62.0'
* package encoding: UTF-8
* checking package namespace information ... OK
* checking package dependencies ... NOTE
Depends: includes the non-default packages:
  'BiocGenerics', 'S4Vectors', 'IRanges', 'GenomeInfoDb',
  'GenomicRanges', 'Biostrings', 'rtracklayer'
Adding so many packages to the search path is excessive and importing
selectively is preferable.
* checking if this is a source package ... OK
* checking if there is a namespace ... OK
* checking for hidden files and directories ... OK
* checking for portable file names ... NOTE
Found the following non-portable file path:
  BSgenome/inst/extdata/GentlemanLab/BSgenome.Gmellonella.NCBI.ASM364042v2-tools/fasta_to_sorted_2bit.R

Tarballs are only required to store paths of up to 100 bytes and cannot
store those of more than 256 bytes, with restrictions including to 100
bytes for the final component.
See section 'Package structure' in the 'Writing R Extensions' manual.
* checking whether package 'BSgenome' can be installed ... OK
* checking installed package size ... NOTE
  installed size is  8.2Mb
  sub-directories of 1Mb or more:
    R         1.7Mb
    extdata   5.9Mb
* checking package directory ... OK
* checking 'build' directory ... OK
* checking DESCRIPTION meta-information ... NOTE
Packages listed in more than one of Depends, Imports, Suggests, Enhances:
  'methods' 'BiocGenerics' 'S4Vectors' 'IRanges' 'GenomeInfoDb' 'GenomicRanges' 'Biostrings' 'rtracklayer'
A package should be listed in only one of these fields.
* checking top-level files ... OK
* checking for left-over files ... OK
* checking index information ... OK
* checking package subdirectories ... NOTE
Found the following CITATION file in a non-standard place:
  inst/extdata/GentlemanLab/BSgenome.Creinhardtii.JGI.v5.6-tools/CITATION
Most likely 'inst/CITATION' should be used instead.
* checking R files for non-ASCII characters ... OK
* checking R files for syntax errors ... OK
* loading checks for arch 'i386'
** checking whether the package can be loaded ... OK
** checking whether the package can be loaded with stated dependencies ... OK
** checking whether the package can be unloaded cleanly ... OK
** checking whether the namespace can be loaded with stated dependencies ... OK
** checking whether the namespace can be unloaded cleanly ... OK
* loading checks for arch 'x64'
** checking whether the package can be loaded ... OK
** checking whether the package can be loaded with stated dependencies ... OK
** checking whether the package can be unloaded cleanly ... OK
** checking whether the namespace can be loaded with stated dependencies ... OK
** checking whether the namespace can be unloaded cleanly ... OK
* checking dependencies in R code ... NOTE
':::' calls which should be '::':
  'S4Vectors:::makeClassinfoRowForCompactPrinting'
  'S4Vectors:::makePrettyMatrixForCompactPrinting'
  See the note in ?`:::` about the use of this operator.
Unexported objects imported by ':::' calls:
  'GenomeInfoDb:::compactPrintNamedAtomicVector'
  'GenomicRanges:::get_out_of_bound_index' 'IRanges:::.normargSEW'
  'IRanges:::unlist_as_integer' 'S4Vectors:::anyMissing'
  'S4Vectors:::anyMissingOrOutside' 'S4Vectors:::decodeRle'
  'S4Vectors:::diffWithInitialZero'
  'S4Vectors:::make_zero_col_DataFrame' 'S4Vectors:::quick_unlist'
  'S4Vectors:::quick_unsplit' 'S4Vectors:::recycleVector'
  'rtracklayer:::.DNAString_to_twoBit' 'rtracklayer:::.TwoBits_export'
  'rtracklayer:::checkArgFormat' 'rtracklayer:::twoBitPath'
  See the note in ?`:::` about the use of this operator.
* checking S3 generic/method consistency ... OK
* checking replacement functions ... OK
* checking foreign function calls ... OK
* checking R code for possible problems ... OK
* checking Rd files ... OK
* checking Rd metadata ... OK
* checking Rd cross-references ... WARNING
Missing link or links in documentation object 'export-methods.Rd':
  '[rtracklayer]{export}'

See section 'Cross-references' in the 'Writing R Extensions' manual.
* checking for missing documentation entries ... WARNING
Undocumented code objects:
  'MaskedBSgenome' 'OnDiskLongTable' 'OnDiskLongTable_old'
  'as.data.frame.BSgenomeViews' 'batchsizes' 'blocksizes' 'breakpoints'
  'forgeMaskedBSgenomeDataPkg'
  'getBatchesByOverlapsFromOnDiskLongTable'
  'getBatchesBySeqnameFromOnDiskLongTable'
  'getBatchesFromOnDiskLongTable' 'getBatchesFromOnDiskLongTable_old'
  'getRowsByIdFromOnDiskLongTable' 'getRowsByIdFromOnDiskLongTable_old'
  'getRowsByIndexFromOnDiskLongTable_old' 'getRowsFromOnDiskLongTable'
  'rowids' 'saveAsOnDiskLongTable_old'
  'saveRowidsForOnDiskLongTable_old' 'spatialIndex'
  'writeOnDiskLongTable' 'writeOnDiskLongTableRowids'
Undocumented S4 classes:
  'OnDiskLongTable_old' 'OnDiskLongTable' 'MaskedBSgenome'
  'GRanges_OR_NULL'
Undocumented S4 methods:
  generic '[' and siglist 'XStringSet,GRangesList,ANY,ANY'
  generic '[' and siglist 'XStringSet,GenomicRanges,ANY,ANY'
  generic '[[' and siglist 'BSgenome,ANY,ANY'
  generic 'batchsizes' and siglist 'OnDiskLongTable'
  generic 'blocksizes' and siglist 'OnDiskLongTable_old'
  generic 'breakpoints' and siglist 'OnDiskLongTable'
  generic 'breakpoints' and siglist 'OnDiskLongTable_old'
  generic 'coerce' and siglist 'RdsCollection,RdsNamedSequences'
  generic 'dim' and siglist 'OnDiskLongTable'
  generic 'dim' and siglist 'OnDiskLongTable_old'
  generic 'dimnames' and siglist 'OnDiskLongTable'
  generic 'dimnames' and siglist 'OnDiskLongTable_old'
  generic 'dimnames' and siglist 'XtraSNPlocs'
  generic 'extractAt' and siglist 'BSgenome'
  generic 'forgeMaskedBSgenomeDataPkg' and siglist
    'MaskedBSgenomeDataPkgSeed'
  generic 'forgeMaskedBSgenomeDataPkg' and siglist 'character'
  generic 'forgeMaskedBSgenomeDataPkg' and siglist 'list'
  generic 'length' and siglist 'OnDiskNamedSequences'
  generic 'names' and siglist 'FastaNamedSequences'
  generic 'names' and siglist 'TwobitNamedSequences'
  generic 'rowids' and siglist 'OnDiskLongTable'
  generic 'rowids' and siglist 'OnDiskLongTable_old'
  generic 'seqinfo' and siglist 'FastaNamedSequences'
  generic 'seqinfo' and siglist 'RdaNamedSequences'
  generic 'seqinfo' and siglist 'RdsNamedSequences'
  generic 'seqinfo' and siglist 'TwobitNamedSequences'
  generic 'seqnames' and siglist 'OnDiskNamedSequences'
  generic 'show' and siglist 'OnDiskLongTable'
  generic 'show' and siglist 'OnDiskLongTable_old'
  generic 'show' and siglist 'OnDiskNamedSequences'
  generic 'spatialIndex' and siglist 'OnDiskLongTable'
All user-level objects in a package (including S4 classes and methods)
should have documentation entries.
See chapter 'Writing R documentation files' in the 'Writing R
Extensions' manual.
* checking for code/documentation mismatches ... OK
* checking Rd \usage sections ... OK
* checking Rd contents ... OK
* checking for unstated dependencies in examples ... OK
* checking files in 'vignettes' ... OK
* checking examples ...
** running examples for arch 'i386' ... OK
Examples with CPU (user + system) or elapsed time > 5s
                     user system elapsed
SNPlocs-class       37.67   3.50   80.61
BSgenome-utils      27.72   0.77   28.48
BSgenomeViews-class 19.86   2.98   22.85
BSgenome-class      21.47   0.85   36.79
injectSNPs          14.01   0.69   21.48
bsapply             13.45   0.25   13.92
XtraSNPlocs-class    8.75   0.45   19.59
getSeq-methods       7.49   0.47    7.95
export-methods       6.87   0.74    7.61
BSgenomeForge        6.95   0.08    8.20
** running examples for arch 'x64' ... OK
Examples with CPU (user + system) or elapsed time > 5s
                     user system elapsed
SNPlocs-class       46.75   2.28   51.25
BSgenome-utils      27.26   0.47   27.74
BSgenomeViews-class 21.11   2.62   23.75
BSgenome-class      20.04   0.64   20.67
injectSNPs          15.92   1.89   17.81
bsapply             12.06   0.46   12.51
export-methods       9.97   0.92   11.32
getSeq-methods       7.69   0.45    8.14
BSgenomeForge        6.53   0.11    6.64
XtraSNPlocs-class    5.86   0.42    6.29
* checking for unstated dependencies in vignettes ... OK
* checking package vignettes in 'inst/doc' ... OK
* checking running R code from vignettes ... SKIPPED
* checking re-building of vignette outputs ... SKIPPED
* checking PDF version of manual ... OK
* DONE

Status: 2 WARNINGs, 6 NOTEs
See
  'C:/Users/biocbuild/bbs-3.14-bioc/meat/BSgenome.Rcheck/00check.log'
for details.



Installation output

BSgenome.Rcheck/00install.out

##############################################################################
##############################################################################
###
### Running command:
###
###   C:\cygwin\bin\curl.exe -O http://155.52.207.166/BBS/3.14/bioc/src/contrib/BSgenome_1.62.0.tar.gz && rm -rf BSgenome.buildbin-libdir && mkdir BSgenome.buildbin-libdir && C:\Users\biocbuild\bbs-3.14-bioc\R\bin\R.exe CMD INSTALL --merge-multiarch --build --library=BSgenome.buildbin-libdir BSgenome_1.62.0.tar.gz && C:\Users\biocbuild\bbs-3.14-bioc\R\bin\R.exe CMD INSTALL BSgenome_1.62.0.zip && rm BSgenome_1.62.0.tar.gz BSgenome_1.62.0.zip
###
##############################################################################
##############################################################################


  % Total    % Received % Xferd  Average Speed   Time    Time     Time  Current
                                 Dload  Upload   Total   Spent    Left  Speed

  0     0    0     0    0     0      0      0 --:--:-- --:--:-- --:--:--     0
  0 5489k    0  7887    0     0  95709      0  0:00:58 --:--:--  0:00:58 96182
 24 5489k   24 1356k    0     0  1255k      0  0:00:04  0:00:01  0:00:03 1254k
 65 5489k   65 3622k    0     0  1740k      0  0:00:03  0:00:02  0:00:01 1740k
100 5489k  100 5489k    0     0  1849k      0  0:00:02  0:00:02 --:--:-- 1849k

install for i386

* installing *source* package 'BSgenome' ...
** using staged installation
** R
** inst
** byte-compile and prepare package for lazy loading
** help
*** installing help indices
  converting help for package 'BSgenome'
    finding HTML links ... done
    BSParams-class                          html  
    finding level-2 HTML links ... done

    BSgenome-class                          html  
    BSgenome-utils                          html  
    BSgenomeForge                           html  
    BSgenomeViews-class                     html  
    SNPlocs-class                           html  
REDIRECT:topic	 Previous alias or file overwritten by alias: C:/Users/biocbuild/bbs-3.14-bioc/meat/BSgenome.buildbin-libdir/00LOCK-BSgenome/00new/BSgenome/help/snplocs.html
    XtraSNPlocs-class                       html  
    available.genomes                       html  
    bsapply                                 html  
    export-methods                          html  
    getSeq-methods                          html  
    injectSNPs                              html  
** building package indices
** installing vignettes
** testing if installed package can be loaded from temporary location
** testing if installed package can be loaded from final location
** testing if installed package keeps a record of temporary installation path

install for x64

* installing *source* package 'BSgenome' ...
** testing if installed package can be loaded
* MD5 sums
packaged installation of 'BSgenome' as BSgenome_1.62.0.zip
* DONE (BSgenome)
* installing to library 'C:/Users/biocbuild/bbs-3.14-bioc/R/library'
package 'BSgenome' successfully unpacked and MD5 sums checked

Tests output


Example timings

BSgenome.Rcheck/examples_i386/BSgenome-Ex.timings

nameusersystemelapsed
BSgenome-class21.47 0.8536.79
BSgenome-utils27.72 0.7728.48
BSgenomeForge6.950.088.20
BSgenomeViews-class19.86 2.9822.85
SNPlocs-class37.67 3.5080.61
XtraSNPlocs-class 8.75 0.4519.59
available.genomes2.170.173.08
bsapply13.45 0.2513.92
export-methods6.870.747.61
getSeq-methods7.490.477.95
injectSNPs14.01 0.6921.48

BSgenome.Rcheck/examples_x64/BSgenome-Ex.timings

nameusersystemelapsed
BSgenome-class20.04 0.6420.67
BSgenome-utils27.26 0.4727.74
BSgenomeForge6.530.116.64
BSgenomeViews-class21.11 2.6223.75
SNPlocs-class46.75 2.2851.25
XtraSNPlocs-class5.860.426.29
available.genomes1.860.142.20
bsapply12.06 0.4612.51
export-methods 9.97 0.9211.32
getSeq-methods7.690.458.14
injectSNPs15.92 1.8917.81