Back to Multiple platform build/check report for BioC 3.13 experimental data |
|
This page was generated on 2021-01-21 16:01:23 -0500 (Thu, 21 Jan 2021).
TO THE DEVELOPERS/MAINTAINERS OF THE yri1kgv PACKAGE: Please make sure to use the following settings in order to reproduce any error or warning you see on this page. |
Package 385/386 | Hostname | OS / Arch | INSTALL | BUILD | CHECK | ||||||
VJ Carey
| malbec2 | Linux (Ubuntu 20.04.1 LTS) / x86_64 | ERROR | OK | [ ERROR ] | ||||||
riesling1 | Windows Server 2019 Standard / x64 | ERROR | OK | ERROR |
Package: yri1kgv |
Version: 0.33.1 |
Command: /home/biocbuild/bbs-3.13-bioc/R/bin/R CMD check --install=check:yri1kgv.install-out.txt --library=/home/biocbuild/bbs-3.13-bioc/R/library --no-vignettes --timings yri1kgv_0.33.1.tar.gz |
StartedAt: 2021-01-21 13:00:22 -0500 (Thu, 21 Jan 2021) |
EndedAt: 2021-01-21 13:00:39 -0500 (Thu, 21 Jan 2021) |
EllapsedTime: 17.6 seconds |
RetCode: 1 |
Status: ERROR |
CheckDir: yri1kgv.Rcheck |
Warnings: NA |
############################################################################## ############################################################################## ### ### Running command: ### ### /home/biocbuild/bbs-3.13-bioc/R/bin/R CMD check --install=check:yri1kgv.install-out.txt --library=/home/biocbuild/bbs-3.13-bioc/R/library --no-vignettes --timings yri1kgv_0.33.1.tar.gz ### ############################################################################## ############################################################################## * using log directory ‘/home/biocbuild/bbs-3.13-data-experiment/meat/yri1kgv.Rcheck’ * using R Under development (unstable) (2021-01-05 r79797) * using platform: x86_64-pc-linux-gnu (64-bit) * using session charset: UTF-8 * using option ‘--no-vignettes’ * checking for file ‘yri1kgv/DESCRIPTION’ ... OK * this is package ‘yri1kgv’ version ‘0.33.1’ * checking package namespace information ... OK * checking package dependencies ... ERROR Package required but not available: ‘GGBase’ See section ‘The DESCRIPTION file’ in the ‘Writing R Extensions’ manual. * DONE Status: 1 ERROR See ‘/home/biocbuild/bbs-3.13-data-experiment/meat/yri1kgv.Rcheck/00check.log’ for details.