Back to Multiple platform build/check report for BioC 3.13 experimental data
ABCDEFGHIJKLMNO[P]QRSTUVWXYZ

CHECK report for plasFIA on malbec2

This page was generated on 2021-01-14 15:59:04 -0500 (Thu, 14 Jan 2021).

TO THE DEVELOPERS/MAINTAINERS OF THE plasFIA PACKAGE: Please make sure to use the following settings in order to reproduce any error or warning you see on this page.
Package 266/385HostnameOS / ArchINSTALLBUILDCHECK
plasFIA 1.19.1
Alexis Delabriere
Snapshot Date: 2021-01-14 09:00:13 -0500 (Thu, 14 Jan 2021)
URL: https://git.bioconductor.org/packages/plasFIA
Branch: master
Last Commit: eab8deb
Last Changed Date: 2020-12-07 08:50:10 -0500 (Mon, 07 Dec 2020)
malbec2 Linux (Ubuntu 20.04.1 LTS) / x86_64  OK  OK [ WARNINGS ]UNNEEDED, same version exists in internal repository
riesling1 Windows Server 2019 Standard / x64  OK  OK  WARNINGS 

Summary

Package: plasFIA
Version: 1.19.1
Command: /home/biocbuild/bbs-3.13-bioc/R/bin/R CMD check --install=check:plasFIA.install-out.txt --library=/home/biocbuild/bbs-3.13-bioc/R/library --no-vignettes --timings plasFIA_1.19.1.tar.gz
StartedAt: 2021-01-14 12:34:19 -0500 (Thu, 14 Jan 2021)
EndedAt: 2021-01-14 12:37:36 -0500 (Thu, 14 Jan 2021)
EllapsedTime: 197.1 seconds
RetCode: 0
Status:  WARNINGS 
CheckDir: plasFIA.Rcheck
Warnings: 1

Command output

##############################################################################
##############################################################################
###
### Running command:
###
###   /home/biocbuild/bbs-3.13-bioc/R/bin/R CMD check --install=check:plasFIA.install-out.txt --library=/home/biocbuild/bbs-3.13-bioc/R/library --no-vignettes --timings plasFIA_1.19.1.tar.gz
###
##############################################################################
##############################################################################


* using log directory ‘/home/biocbuild/bbs-3.13-data-experiment/meat/plasFIA.Rcheck’
* using R Under development (unstable) (2021-01-05 r79797)
* using platform: x86_64-pc-linux-gnu (64-bit)
* using session charset: UTF-8
* using option ‘--no-vignettes’
* checking for file ‘plasFIA/DESCRIPTION’ ... OK
* this is package ‘plasFIA’ version ‘1.19.1’
* checking package namespace information ... OK
* checking package dependencies ... OK
* checking if this is a source package ... OK
* checking if there is a namespace ... OK
* checking for hidden files and directories ... NOTE
Found the following hidden files and directories:
  .git_fetch_output.txt
  .git_merge_output.txt
These were most likely included in error. See section ‘Package
structure’ in the ‘Writing R Extensions’ manual.
* checking for portable file names ... OK
* checking for sufficient/correct file permissions ... OK
* checking whether package ‘plasFIA’ can be installed ... WARNING
Found the following significant warnings:
  Warning: Package 'proFIA' is deprecated and will be removed from Bioconductor
  Warning: Package 'plasFIA' is deprecated and will be removed from Bioconductor
See ‘/home/biocbuild/bbs-3.13-data-experiment/meat/plasFIA.Rcheck/00install.out’ for details.
* checking installed package size ... NOTE
  installed size is 16.9Mb
  sub-directories of 1Mb or more:
    mzML  16.6Mb
* checking package directory ... OK
* checking DESCRIPTION meta-information ... OK
* checking top-level files ... OK
* checking for left-over files ... OK
* checking index information ... OK
* checking package subdirectories ... OK
* checking R files for non-ASCII characters ... OK
* checking R files for syntax errors ... OK
* checking whether the package can be loaded ... OK
* checking whether the package can be loaded with stated dependencies ... OK
* checking whether the package can be unloaded cleanly ... OK
* checking whether the namespace can be loaded with stated dependencies ... OK
* checking whether the namespace can be unloaded cleanly ... OK
* checking dependencies in R code ... NOTE
Package in Depends field not imported from: ‘proFIA’
  These packages need to be imported from (in the NAMESPACE file)
  for when this namespace is loaded but not attached.
* checking S3 generic/method consistency ... OK
* checking replacement functions ... OK
* checking foreign function calls ... OK
* checking R code for possible problems ... OK
* checking Rd files ... OK
* checking Rd metadata ... OK
* checking Rd cross-references ... OK
* checking for missing documentation entries ... OK
* checking for code/documentation mismatches ... OK
* checking Rd \usage sections ... OK
* checking Rd contents ... OK
* checking for unstated dependencies in examples ... OK
* checking contents of ‘data’ directory ... OK
* checking data for non-ASCII characters ... OK
* checking data for ASCII and uncompressed saves ... OK
* checking examples ... NONE
* checking PDF version of manual ... OK
* DONE

Status: 1 WARNING, 3 NOTEs
See
  ‘/home/biocbuild/bbs-3.13-data-experiment/meat/plasFIA.Rcheck/00check.log’
for details.



Installation output

plasFIA.Rcheck/00install.out

##############################################################################
##############################################################################
###
### Running command:
###
###   /home/biocbuild/bbs-3.13-bioc/R/bin/R CMD INSTALL plasFIA
###
##############################################################################
##############################################################################


* installing to library ‘/home/biocbuild/bbs-3.13-bioc/R/library’
* installing *source* package ‘plasFIA’ ...
** using staged installation
** R
** data
** inst
** byte-compile and prepare package for lazy loading
Warning message:
Package 'proFIA' is deprecated and will be removed from Bioconductor
  version 3.14 
** help
*** installing help indices
** building package indices
** testing if installed package can be loaded from temporary location
Warning: Package 'proFIA' is deprecated and will be removed from Bioconductor
  version 3.14
Warning: Package 'plasFIA' is deprecated and will be removed from Bioconductor
  version 3.14
** testing if installed package can be loaded from final location
Warning: Package 'proFIA' is deprecated and will be removed from Bioconductor
  version 3.14
Warning: Package 'plasFIA' is deprecated and will be removed from Bioconductor
  version 3.14
** testing if installed package keeps a record of temporary installation path
* DONE (plasFIA)

Tests output


Example timings